000
CXUS56 KLOX 011155
CF6WJF
PRELIMINARY LOCAL CLIMATOLOGICAL DATA (WS FORM: F-6)
STATION: LANCASTER FOX FIELD CA
MONTH: JUNE
YEAR: 2021
LATITUDE: 34 43 N
LONGITUDE: 118 13 W
TEMPERATURE IN F: :PCPN: SNOW: WIND :SUNSHINE: SKY :PK WND
================================================================================
1 2 3 4 5 6A 6B 7 8 9 10 11 12 13 14 15 16 17 18
12Z AVG MX 2MIN
DY MAX MIN AVG DEP HDD CDD WTR SNW DPTH SPD SPD DIR MIN PSBL S-S WX SPD DR
================================================================================
1 101 64 83 11 0 18 0.00 M M 11.9 28 220 M M 0 36 220
2 104 76 90 17 0 25 0.00 M M 14.1 22 260 M M 0 33 220
3 102 74 88 15 0 23 0.00 M M 15.7 23 240 M M 0 35 240
4 99 68 84 11 0 19 0.00 M M 15.2 25 230 M M 0 35 230
5 93 68 81 8 0 16 0.00 M M 18.8 30 240 M M 0 39 240
6 85 64 75 1 0 10 0.00 M M 21.9 33 220 M M 0 43 220
7 76 55 66 -8 0 1 0.00 M M 22.4 35 260 M M 0 41 220
8 78 54 66 -8 0 1 0.00 M M 19.3 26 250 M M 0 36 230
9 79 55 67 -8 0 2 0.00 M M 17.7 28 260 M M 0 37 230
10 80 50 65 -10 0 0 0.00 M M 18.3 32 280 M M 0 38 290
11 91 55 73 -2 0 8 0.00 M M 12.0 23 280 M M 0 31 280
12 99 62 81 5 0 16 0.00 M M 11.1 20 250 M M 0 M M
13 96 66 81 5 0 16 0.00 M M 13.8 22 240 M M 0 30 230
14 101 65 83 7 0 18 0.00 M M 13.8 21 270 M M 0 28 240
15 107 67 87 11 0 22 0.00 M M 11.8 22 300 M M 0 26 300
16 113 64 89 12 0 24 0.00 M M 7.6 23 270 M M 0 29 270
17 111 68 90 13 0 25 T M M 9.2 25 240 M M 0 8 31 240
18 110 80 95 18 0 30 0.00 M M 9.7 22 250 M M 0 3 25 240
19 109 73 91 14 0 26 0.00 M M 11.0 26 240 M M 0 33 240
20 106 77 92 14 0 27 0.00 M M 18.6 33 240 M M 0 40 240
21 97 66 82 4 0 17 0.00 M M 17.0 28 210 M M 0 34 240
22 96 68 82 4 0 17 0.00 M M 14.2 29 220 M M 0 36 250
23 94 68 81 3 0 16 0.00 M M 12.6 26 250 M M 2 34 250
24 93 59 76 -3 0 11 0.00 M M 13.8 28 220 M M 0 35 230
25 98 68 83 4 0 18 0.00 M M 13.8 29 270 M M 0 33 260
26 106 67 87 8 0 22 0.00 M M 11.6 28 270 M M 0 33 260
27 110 77 94 14 0 29 0.00 M M 10.9 24 270 M M 0 28 270
28 109 74 92 12 0 27 0.00 M M 9.8 25 260 M M 0 29 250
29 105 71 88 8 0 23 0.00 M M 9.2 23 240 M M 0 29 240
30 102 71 87 7 0 22 0.00 M M 11.1 21 220 M M 0 27 220
================================================================================
SM 2950 1994 0 529 T M 417.9 M 2
================================================================================
AV 98.3 66.5 13.9 FASTST M M 0 MAX(MPH)
MISC ----> 35 260 43 220
================================================================================
NOTES:
# LAST OF SEVERAL OCCURRENCES
COLUMN 17 PEAK WIND IN M.P.H.
PRELIMINARY LOCAL CLIMATOLOGICAL DATA (WS FORM: F-6) , PAGE 2
STATION: LANCASTER FOX FIELD CA
MONTH: JUNE
YEAR: 2021
LATITUDE: 34 43 N
LONGITUDE: 118 13 W
[TEMPERATURE DATA] [PRECIPITATION DATA] SYMBOLS USED IN COLUMN 16
AVERAGE MONTHLY: 82.4 TOTAL FOR MONTH: T 1 = FOG OR MIST
DPTR FM NORMAL: 6.0 DPTR FM NORMAL: -0.05 2 = FOG REDUCING VISIBILITY
HIGHEST: 113 ON 16 GRTST 24HR T ON 17-17 TO 1/4 MILE OR LESS
LOWEST: 50 ON 10 3 = THUNDER
SNOW, ICE PELLETS, HAIL 4 = ICE PELLETS
TOTAL MONTH: M 5 = HAIL
GRTST 24HR M ON M 6 = FREEZING RAIN OR DRIZZLE
GRTST DEPTH: M ON M 7 = DUSTSTORM OR SANDSTORM:
VSBY 1/2 MILE OR LESS
8 = SMOKE OR HAZE
[NO. OF DAYS WITH] [WEATHER - DAYS WITH] 9 = BLOWING SNOW
X = TORNADO
MAX 32 OR BELOW: 0 0.01 INCH OR MORE: 0
MAX 90 OR ABOVE: 25 0.10 INCH OR MORE: 0
MIN 32 OR BELOW: 0 0.50 INCH OR MORE: 0
MIN 0 OR BELOW: 0 1.00 INCH OR MORE: 0
[HDD (BASE 65) ]
TOTAL THIS MO. 0 CLEAR (SCALE 0-3) 30
DPTR FM NORMAL -8 PTCLDY (SCALE 4-7) 0
TOTAL FM JUL 1 2756 CLOUDY (SCALE 8-10) 0
DPTR FM NORMAL -189
[CDD (BASE 65) ]
TOTAL THIS MO. 529
DPTR FM NORMAL 179 [PRESSURE DATA]
TOTAL FM JAN 1 806 HIGHEST SLP 30.15 ON 10
DPTR FM NORMAL 284 LOWEST SLP 29.60 ON 28
[REMARKS]
#FINAL-06-21#