000
CXUS56 KLKN 132000
CF6WMC
PRELIMINARY LOCAL CLIMATOLOGICAL DATA (WS FORM: F-6)
STATION: WINNEMUCCA AIRPORT NV
MONTH: JANUARY
YEAR: 2023
LATITUDE: 40 54 N
LONGITUDE: 117 48 W
TEMPERATURE IN F: :PCPN: SNOW: WIND :SUNSHINE: SKY :PK WND
================================================================================
1 2 3 4 5 6A 6B 7 8 9 10 11 12 13 14 15 16 17 18
12Z AVG MX 2MIN
DY MAX MIN AVG DEP HDD CDD WTR SNW DPTH SPD SPD DIR MIN PSBL S-S WX SPD DR
================================================================================
1 39 25 32 2 33 0 0.00 0.0 0 12.4 25 350 M M 5 35 350
2 35 19 27 -3 38 0 0.00 0.0 0 6.7 17 240 M M 1 24 160
3 39 29 34 4 31 0 0.01 0.2 T 7.6 16 200 M M 9 1 22 190
4 37 30 34 3 31 0 0.01 T 0 7.9 16 60 M M 5 22 60
5 43 35 39 8 26 0 0.25 T 0 8.7 24 190 M M 7 1 36 180
6 46 31 39 8 26 0 0.01 0.0 0 7.4 15 190 M M 3 22 230
7 45 30 38 7 27 0 0.00 0.0 0 8.1 15 150 M M 4 22 120
8 49 30 40 9 25 0 T 0.0 0 11.0 29 220 M M 3 40 240
9 45 34 40 9 25 0 0.18 0.0 0 9.4 23 160 M M 8 1 33 150
10 44 33 39 8 26 0 0.09 0.5 0 9.1 18 150 M M 8 1 25 150
11 44 32 38 6 27 0 0.00 0.0 0 8.8 15 230 M M 7 22 240
12 49 34 42 10 23 0 0.01 0.0 0 9.1 18 40 M M 2 25 30
13 49 34 42 10 23 0 T 0.0 0 7.5 21 250 M M 3 30 250
14 46 34 40 8 25 0 0.06 0.0 0 8.5 23 170 M M 9 1 33 180
15 44 33 39 7 26 0 T 0.0 0 8.0 18 230 M M 9 24 240
16 41 31 36 4 29 0 T T 0 11.4 21 40 M M 8 30 50
17 40 21 31 -1 34 0 T T 0 8.1 17 350 M M 5 24 350
18 41 20 31 -2 34 0 0.05 T 0 9.0 17 170 M M 4 1 25 170
19 33 11 22 -11 43 0 0.13 1.6 1 10.4 22 320 M M 8 1 29 330
20 28 2 15 -18 50 0 T T 1 4.2 9 170 M M 0 12 280
21 32 1 17 -16 48 0 0.00 0.0 1 3.5 14 180 M M M 20 180
22 32 11 22 -11 43 0 0.00 0.0 1 6.0 14 10 M M M 19 360
23 33 14 24 -9 41 0 0.00 0.0 1 4.9 15 10 M M M 20 10
24 37 7 22 -11 43 0 0.00 0.0 1 4.3 9 160 M M M 12 160
25 42 13 28 -6 37 0 0.00 0.0 T 1.2 8 210 M M 7 12 210
26 44 20 32 -2 33 0 0.00 0.0 T 4.5 14 180 M M 2 1 18 190
27 49 28 39 5 26 0 0.00 0.0 T 9.9 21 180 M M 4 26 170
28 45 22 34 0 31 0 0.00 0.0 0 3.7 14 180 M M M 19 180
29 32 14 23 -11 42 0 0.03 0.5 T 15.1 25 30 M M M 36 30
30 25 6 16 -18 49 0 0.00 0.0 1 7.1 17 30 M M M 23 30
31 34 4 19 -15 46 0 0.01 0.1 1 4.6 14 40 M M M 16 40
================================================================================
SM 1242 688 1041 0 0.84 2.9 238.1 M 121
================================================================================
AV 40.1 22.2 7.7 FASTST M M 5 MAX(MPH)
MISC ----> 29 220 40 240
================================================================================
NOTES:
# LAST OF SEVERAL OCCURRENCES
COLUMN 17 PEAK WIND IN M.P.H.
PRELIMINARY LOCAL CLIMATOLOGICAL DATA (WS FORM: F-6) , PAGE 2
STATION: WINNEMUCCA AIRPORT NV
MONTH: JANUARY
YEAR: 2023
LATITUDE: 40 54 N
LONGITUDE: 117 48 W
[TEMPERATURE DATA] [PRECIPITATION DATA] SYMBOLS USED IN COLUMN 16
AVERAGE MONTHLY: 31.1 TOTAL FOR MONTH: 0.84 1 = FOG OR MIST
DPTR FM NORMAL: -1.1 DPTR FM NORMAL: -0.12 2 = FOG REDUCING VISIBILITY
HIGHEST: 49 ON 27,13 GRTST 24HR 0.25 ON 5- 5 TO 1/4 MILE OR LESS
LOWEST: 1 ON 21 3 = THUNDER
SNOW, ICE PELLETS, HAIL 4 = ICE PELLETS
TOTAL MONTH: 2.9 INCHES 5 = HAIL
GRTST 24HR 1.6 ON 19-19 6 = FREEZING RAIN OR DRIZZLE
GRTST DEPTH: 1 ON 31,30 7 = DUSTSTORM OR SANDSTORM:
VSBY 1/2 MILE OR LESS
8 = SMOKE OR HAZE
[NO. OF DAYS WITH] [WEATHER - DAYS WITH] 9 = BLOWING SNOW
X = TORNADO
MAX 32 OR BELOW: 5 0.01 INCH OR MORE: 12
MAX 90 OR ABOVE: 0 0.10 INCH OR MORE: 3
MIN 32 OR BELOW: 24 0.50 INCH OR MORE: 0
MIN 0 OR BELOW: 0 1.00 INCH OR MORE: 0
[HDD (BASE 65) ]
TOTAL THIS MO. 1041 CLEAR (SCALE 0-3) 5
DPTR FM NORMAL 26 PTCLDY (SCALE 4-7) 13
TOTAL FM JUL 1 3574 CLOUDY (SCALE 8-10) 13
DPTR FM NORMAL 67
[CDD (BASE 65) ]
TOTAL THIS MO. 0
DPTR FM NORMAL 0 [PRESSURE DATA]
TOTAL FM JAN 1 0 HIGHEST SLP M ON M
DPTR FM NORMAL 0 LOWEST SLP 29.48 ON 16
[REMARKS]
#FINAL-01-23#