000
CXUS55 KRIW 011010
CF6WRL
PRELIMINARY LOCAL CLIMATOLOGICAL DATA (WS FORM: F-6)
STATION: WORLAND WY
MONTH: APRIL
YEAR: 2023
LATITUDE: 43 58 N
LONGITUDE: 107 57 W
TEMPERATURE IN F: :PCPN: SNOW: WIND :SUNSHINE: SKY :PK WND
================================================================================
1 2 3 4 5 6A 6B 7 8 9 10 11 12 13 14 15 16 17 18
12Z AVG MX 2MIN
DY MAX MIN AVG DEP HDD CDD WTR SNW DPTH SPD SPD DIR MIN PSBL S-S WX SPD DR
================================================================================
1 52 17 35 -7 30 0 0.00 M M 9.7 29 210 M M 0 38 190
2 48 26 37 -5 28 0 0.00 M M 6.4 23 360 M M 4 32 360
3 37 27 32 -10 33 0 T M M 3.7 10 320 M M 9 1 17 110
4 33 21 27 -15 38 0 T M M 14.3 35 320 M M 9 1 46 320
5 37 19 28 -15 37 0 T M M 6.3 18 190 M M 4 25 180
6 47 17 32 -11 33 0 0.00 M M 9.4 18 160 M M 0 26 170
7 57 23 40 -3 25 0 0.00 M M 9.2 20 150 M M 0 25 200
8 60 29 45 2 20 0 0.00 M M 5.8 13 110 M M 0 19 330
9 63 31 47 4 18 0 0.00 M M 5.7 13 160 M M 0 20 170
10 73 31 52 8 13 0 0.00 M M 8.9 22 170 M M 0 31 170
11 78 41 60 16 5 0 0.00 M M 15.5 30 190 M M 0 39 200
12 71 35 53 9 12 0 0.00 M M 6.4 16 350 M M 0 22 20
13 49 33 41 -3 24 0 0.00 M M 10.8 23 340 M M 6 28 350
14 47 21 34 -10 31 0 0.00 M M 6.1 15 330 M M 7 21 340
15 52 28 40 -4 25 0 0.00 M M 5.5 14 320 M M 3 20 320
16 64 21 43 -2 22 0 0.00 M M 6.8 14 130 M M 0 20 200
17 72 38 55 10 10 0 0.00 M M 9.2 29 220 M M 1 44 220
18 56 33 45 0 20 0 0.04 M M 8.6 31 260 M M 6 13 40 260
19 48 23 36 -9 29 0 T M M 9.5 24 340 M M 4 35 330
20 46 23 35 -11 30 0 T M M 10.9 29 350 M M 6 1 40 360
21 47 24 36 -10 29 0 T M M 8.1 22 330 M M 7 28 320
22 48 27 38 -8 27 0 0.00 M M 5.5 15 350 M M 6 22 350
23 58 20 39 -7 26 0 0.00 M M 4.6 15 60 M M 1 25 310
24 67 29 48 1 17 0 0.00 M M 4.0 16 310 M M 0 24 300
25 64 36 50 3 15 0 T M M 8.0 20 310 M M 7 3 29 80
26 66 32 49 2 16 0 0.00 M M 5.7 15 200 M M 1 24 310
27 61 35 48 0 17 0 0.01 M M 17.0 41 330 M M 4 3 61 350
28 64 23 44 -4 21 0 0.00 M M 4.7 13 170 M M 0 17 300
29 73 32 53 5 12 0 0.00 M M 3.7 12 20 M M 0 17 50
30 74 36 55 6 10 0 0.00 M M 4.2 13 120 M M 0 16 110
================================================================================
SM 1712 831 673 0 0.05 M 234.2 M 85
================================================================================
AV 57.1 27.7 7.8 FASTST M M 3 MAX(MPH)
MISC ----> 41 330 61 350
================================================================================
NOTES:
# LAST OF SEVERAL OCCURRENCES
COLUMN 17 PEAK WIND IN M.P.H.
PRELIMINARY LOCAL CLIMATOLOGICAL DATA (WS FORM: F-6) , PAGE 2
STATION: WORLAND WY
MONTH: APRIL
YEAR: 2023
LATITUDE: 43 58 N
LONGITUDE: 107 57 W
[TEMPERATURE DATA] [PRECIPITATION DATA] SYMBOLS USED IN COLUMN 16
AVERAGE MONTHLY: 42.4 TOTAL FOR MONTH: 0.05 1 = FOG OR MIST
DPTR FM NORMAL: -2.5 DPTR FM NORMAL: -0.93 2 = FOG REDUCING VISIBILITY
HIGHEST: 78 ON 11 GRTST 24HR 0.19 ON 31- 1 TO 1/4 MILE OR LESS
LOWEST: 17 ON 6, 1 3 = THUNDER
SNOW, ICE PELLETS, HAIL 4 = ICE PELLETS
TOTAL MONTH: M 5 = HAIL
GRTST 24HR M ON M 6 = FREEZING RAIN OR DRIZZLE
GRTST DEPTH: M ON M 7 = DUSTSTORM OR SANDSTORM:
VSBY 1/2 MILE OR LESS
8 = SMOKE OR HAZE
[NO. OF DAYS WITH] [WEATHER - DAYS WITH] 9 = BLOWING SNOW
X = TORNADO
MAX 32 OR BELOW: 0 0.01 INCH OR MORE: 2
MAX 90 OR ABOVE: 0 0.10 INCH OR MORE: 0
MIN 32 OR BELOW: 22 0.50 INCH OR MORE: 0
MIN 0 OR BELOW: 0 1.00 INCH OR MORE: 0
[HDD (BASE 65) ]
TOTAL THIS MO. 673 CLEAR (SCALE 0-3) 17
DPTR FM NORMAL 70 PTCLDY (SCALE 4-7) 11
TOTAL FM JUL 1 8416 CLOUDY (SCALE 8-10) 2
DPTR FM NORMAL 888
[CDD (BASE 65) ]
TOTAL THIS MO. 0
DPTR FM NORMAL 0 [PRESSURE DATA]
TOTAL FM JAN 1 0 HIGHEST SLP 30.33 ON 28
DPTR FM NORMAL 0 LOWEST SLP 29.42 ON 18
[REMARKS]
#FINAL-04-23#