000
CXUS55 KRIW 011110
CF6WRL
PRELIMINARY LOCAL CLIMATOLOGICAL DATA (WS FORM: F-6)
STATION: WORLAND WY
MONTH: DECEMBER
YEAR: 2021
LATITUDE: 43 58 N
LONGITUDE: 107 57 W
TEMPERATURE IN F: :PCPN: SNOW: WIND :SUNSHINE: SKY :PK WND
================================================================================
1 2 3 4 5 6A 6B 7 8 9 10 11 12 13 14 15 16 17 18
12Z AVG MX 2MIN
DY MAX MIN AVG DEP HDD CDD WTR SNW DPTH SPD SPD DIR MIN PSBL S-S WX SPD DR
================================================================================
1 53 21 37 15 28 0 0.00 M M 3.6 13 190 M M 0 14 170
2 52 27 40 18 25 0 0.00 M M 5.4 13 190 M M 0 16 260
3 50 22 36 14 29 0 0.00 M M 4.1 12 200 M M 0 14 200
4 44 22 33 12 32 0 0.00 M M 4.1 14 190 M M 5 12 17 210
5 41 15 28 7 37 0 T M M 8.9 32 330 M M 7 1 41 340
6 31 5 18 -2 47 0 0.00 M M 3.3 10 190 M M 3 12 180
7 38 13 26 6 39 0 0.00 M M 3.6 13 160 M M 2 15 160
8 43 12 28 8 37 0 0.00 M M 4.6 16 170 M M 0 21 170
9 33 17 25 6 40 0 T M M 3.3 12 170 M M 6 1 14 350
10 30 2 16 -3 49 0 0.05 M M 5.0 14 140 M M 4 1 15 140
11 22 -1 11 -8 54 0 0.00 M M 3.7 12 180 M M 0 14 280
12 41 8 25 7 40 0 0.00 M M 7.1 22 160 M M 0 29 150
13 53 29 41 23 24 0 0.00 M M 12.5 23 150 M M 0 32 170
14 58 34 46 28 19 0 0.00 M M 14.2 31 200 M M 0 43 200
15 51 9 30 12 35 0 T M M 11.6 36 330 M M 6 47 320
16 34 6 20 2 45 0 0.00 M M 4.1 13 210 M M 0 16 200
17 23 4 14 -3 51 0 T M M 7.8 24 320 M M 4 8 32 320
18 28 -3 13 -4 52 0 0.00 M M 3.9 10 160 M M 0 12 160
19 46 13 30 13 35 0 0.00 M M 3.6 13 10 M M 0 18 10
20 27 9 18 1 47 0 0.00 M M 5.2 20 340 M M 4 25 10
21 51 9 30 13 35 0 0.00 M M 4.8 14 170 M M 0 17 170
22 52 11 32 15 33 0 0.00 M M 6.1 17 230 M M 0 22 250
23 54 16 35 19 30 0 0.00 M M 9.9 26 200 M M 0 33 190
24 41 18 30 14 35 0 0.10 M M 8.1 18 220 M M 3 12 24 220
25 42 7 25 9 40 0 0.00 M M 7.2 18 230 M M 0 12 22 230
26 39 7 23 7 42 0 T M M 8.3 25 320 M M 2 33 310
27 37 10 24 8 41 0 0.02 M M 8.7 24 210 M M 4 1 33 220
28 15 -6 5 -11 60 0 0.02 M M 5.2 12 170 M M 1 1 15 160
29 15 -9 3 -13 62 0 0.00 M M 3.7 9 190 M M 1 12 30
30 21 -11 5 -11 60 0 0.00 M M 4.0 10 210 M M 1 13 170
31 9 -12 -1 -17 66 0 T M M 7.2 16 350 M M 9 18 20 340
================================================================================
SM 1174 304 1269 0 0.19 M 192.8 M 62
================================================================================
AV 37.9 9.8 6.2 FASTST M M 2 MAX(MPH)
MISC ----> 36 330 47 320
================================================================================
NOTES:
# LAST OF SEVERAL OCCURRENCES
COLUMN 17 PEAK WIND IN M.P.H.
PRELIMINARY LOCAL CLIMATOLOGICAL DATA (WS FORM: F-6) , PAGE 2
STATION: WORLAND WY
MONTH: DECEMBER
YEAR: 2021
LATITUDE: 43 58 N
LONGITUDE: 107 57 W
[TEMPERATURE DATA] [PRECIPITATION DATA] SYMBOLS USED IN COLUMN 16
AVERAGE MONTHLY: 23.8 TOTAL FOR MONTH: 0.19 1 = FOG OR MIST
DPTR FM NORMAL: 5.6 DPTR FM NORMAL: 0.01 2 = FOG REDUCING VISIBILITY
HIGHEST: 58 ON 14 GRTST 24HR 0.10 ON 24-24 TO 1/4 MILE OR LESS
LOWEST: -12 ON 31 3 = THUNDER
SNOW, ICE PELLETS, HAIL 4 = ICE PELLETS
TOTAL MONTH: M 5 = HAIL
GRTST 24HR M ON M 6 = FREEZING RAIN OR DRIZZLE
GRTST DEPTH: M ON M 7 = DUSTSTORM OR SANDSTORM:
VSBY 1/2 MILE OR LESS
8 = SMOKE OR HAZE
[NO. OF DAYS WITH] [WEATHER - DAYS WITH] 9 = BLOWING SNOW
X = TORNADO
MAX 32 OR BELOW: 10 0.01 INCH OR MORE: 4
MAX 90 OR ABOVE: 0 0.10 INCH OR MORE: 1
MIN 32 OR BELOW: 30 0.50 INCH OR MORE: 0
MIN 0 OR BELOW: 6 1.00 INCH OR MORE: 0
[HDD (BASE 65) ]
TOTAL THIS MO. 1269 CLEAR (SCALE 0-3) 22
DPTR FM NORMAL -183 PTCLDY (SCALE 4-7) 8
TOTAL FM JUL 1 2825 CLOUDY (SCALE 8-10) 1
DPTR FM NORMAL -535
[CDD (BASE 65) ]
TOTAL THIS MO. 0
DPTR FM NORMAL 0 [PRESSURE DATA]
TOTAL FM JAN 1 787 HIGHEST SLP 30.53 ON 18
DPTR FM NORMAL 259 LOWEST SLP 29.22 ON 23
[REMARKS]
#FINAL-12-21#