000
CXUS56 KMTR 010900
CF6WVI
PRELIMINARY LOCAL CLIMATOLOGICAL DATA (WS FORM: F-6)
STATION: WATSONVILLE AIRPORT
MONTH: JUNE
YEAR: 2022
LATITUDE: 36 55 N
LONGITUDE: 121 47 W
TEMPERATURE IN F: :PCPN: SNOW: WIND :SUNSHINE: SKY :PK WND
================================================================================
1 2 3 4 5 6A 6B 7 8 9 10 11 12 13 14 15 16 17 18
12Z AVG MX 2MIN
DY MAX MIN AVG DEP HDD CDD WTR SNW DPTH SPD SPD DIR MIN PSBL S-S WX SPD DR
================================================================================
1 75 42 59 -1 6 0 0.00 M M 4.1 12 190 M M 0 17 240
2 71 47 59 -1 6 0 0.00 M M 4.1 10 180 M M 0 16 220
3 70 47 59 -1 6 0 0.00 M M 4.8 14 210 M M 4 1 20 230
4 69 52 61 1 4 0 0.00 M M 3.8 13 250 M M 7 1 17 280
5 75 55 65 5 0 0 0.03 M M 3.4 12 230 M M 9 1 14 270
6 78 50 64 4 1 0 0.01 M M 4.4 12 170 M M 4 1 17 210
7 71 44 58 -2 7 0 0.00 M M 4.4 12 180 M M 1 12 22 220
8 78 47 63 2 2 0 0.00 M M 4.6 12 140 M M 0 17 170
9 81 49 65 4 0 0 0.00 M M 4.1 12 180 M M 2 1 16 220
10 91 53 72 11 0 7 0.00 M M 3.5 13 280 M M 0 17 270
11 84 55 70 9 0 5 0.00 M M 4.1 10 210 M M 0 15 200
12 75 53 64 3 1 0 0.00 M M 4.3 13 220 M M 4 1 18 220
13 77 49 63 2 2 0 0.00 M M 5.0 12 160 M M 1 20 190
14 82 44 63 2 2 0 0.00 M M 3.9 12 140 M M 0 17 220
15 75 47 61 0 4 0 0.00 M M 4.6 12 170 M M 0 17 210
16 78 45 62 1 3 0 0.00 M M 5.1 13 110 M M 0 17 120
17 66 50 58 -3 7 0 0.00 M M 7.7 21 250 M M 2 32 250
18 72 49 61 0 4 0 0.00 M M 5.9 17 250 M M 3 24 230
19 73 47 60 -2 5 0 0.00 M M 4.7 13 190 M M 0 17 240
20 82 44 63 1 2 0 0.00 M M 3.5 12 230 M M 0 17 260
21 99 52 76 14 0 11 0.00 M M 4.7 16 260 M M 0 22 270
22 82 54 68 6 0 3 0.00 M M 6.0 14 140 M M 0 20 280
23 76 50 63 1 2 0 0.00 M M 4.6 14 220 M M 3 1 17 220
24 71 50 61 -1 4 0 0.00 M M 4.5 12 210 M M 5 12 18 210
25 68 49 59 -3 6 0 0.00 M M 3.6 13 210 M M 6 12 19 250
26 70 52 61 -1 4 0 0.00 M M 4.8 12 210 M M 7 1 18 230
27 74 51 63 1 2 0 0.00 M M 4.2 13 160 M M 4 12 17 180
28 79 46 63 1 2 0 0.00 M M 3.6 12 170 M M 2 12 16 170
29 71 47 59 -3 6 0 0.00 M M 5.6 12 110 M M 2 12 17 200
30 67 52 60 -2 5 0 0.00 M M 4.4 10 140 M M 5 16 180
================================================================================
SM 2280 1472 93 26 0.04 M 136.0 M 71
================================================================================
AV 76.0 49.1 4.5 FASTST M M 2 MAX(MPH)
MISC ----> 21 250 32 250
================================================================================
NOTES:
# LAST OF SEVERAL OCCURRENCES
COLUMN 17 PEAK WIND IN M.P.H.
PRELIMINARY LOCAL CLIMATOLOGICAL DATA (WS FORM: F-6) , PAGE 2
STATION: WATSONVILLE AIRPORT
MONTH: JUNE
YEAR: 2022
LATITUDE: 36 55 N
LONGITUDE: 121 47 W
[TEMPERATURE DATA] [PRECIPITATION DATA] SYMBOLS USED IN COLUMN 16
AVERAGE MONTHLY: 62.5 TOTAL FOR MONTH: 0.04 1 = FOG OR MIST
DPTR FM NORMAL: 1.4 DPTR FM NORMAL: -0.14 2 = FOG REDUCING VISIBILITY
HIGHEST: 99 ON 21 GRTST 24HR 0.04 ON 5- 6 TO 1/4 MILE OR LESS
LOWEST: 42 ON 1 3 = THUNDER
SNOW, ICE PELLETS, HAIL 4 = ICE PELLETS
TOTAL MONTH: M 5 = HAIL
GRTST 24HR M ON M 6 = FREEZING RAIN OR DRIZZLE
GRTST DEPTH: M ON M 7 = DUSTSTORM OR SANDSTORM:
VSBY 1/2 MILE OR LESS
8 = SMOKE OR HAZE
[NO. OF DAYS WITH] [WEATHER - DAYS WITH] 9 = BLOWING SNOW
X = TORNADO
MAX 32 OR BELOW: 0 0.01 INCH OR MORE: 2
MAX 90 OR ABOVE: 2 0.10 INCH OR MORE: 0
MIN 32 OR BELOW: 0 0.50 INCH OR MORE: 0
MIN 0 OR BELOW: 0 1.00 INCH OR MORE: 0
[HDD (BASE 65) ]
TOTAL THIS MO. 93 CLEAR (SCALE 0-3) 20
DPTR FM NORMAL -34 PTCLDY (SCALE 4-7) 9
TOTAL FM JUL 1 2707 CLOUDY (SCALE 8-10) 1
DPTR FM NORMAL -254
[CDD (BASE 65) ]
TOTAL THIS MO. 26
DPTR FM NORMAL 15 [PRESSURE DATA]
TOTAL FM JAN 1 34 HIGHEST SLP M ON M
DPTR FM NORMAL 12 LOWEST SLP 29.79 ON 16
[REMARKS]
#FINAL-06-22#