000
CXUS56 KMTR 010900
CF6WVI
PRELIMINARY LOCAL CLIMATOLOGICAL DATA (WS FORM: F-6)
STATION: WATSONVILLE AIRPORT
MONTH: SEPTEMBER
YEAR: 2023
LATITUDE: 36 55 N
LONGITUDE: 121 47 W
TEMPERATURE IN F: :PCPN: SNOW: WIND :SUNSHINE: SKY :PK WND
================================================================================
1 2 3 4 5 6A 6B 7 8 9 10 11 12 13 14 15 16 17 18
12Z AVG MX 2MIN
DY MAX MIN AVG DEP HDD CDD WTR SNW DPTH SPD SPD DIR MIN PSBL S-S WX SPD DR
================================================================================
1 70 57 64 0 1 0 0.02 M M 5.6 15 260 M M 10 1 20 280
2 74 59 67 3 0 2 0.01 M M 3.0 12 270 M M 10 1 16 280
3 71 59 65 1 0 0 T M M 4.8 15 260 M M 7 22 270
4 73 56 65 1 0 0 0.00 M M 4.3 12 130 M M 4 17 260
5 71 49 60 -4 5 0 0.00 M M 4.1 12 230 M M 5 12 19 200
6 70 55 63 -1 2 0 0.00 M M 4.6 13 250 M M 5 19 270
7 70 54 62 -2 3 0 0.00 M M 3.8 12 270 M M 6 8 22 200
8 77 53 65 1 0 0 0.00 M M 2.9 12 210 M M 6 12 15 220
9 79 51 65 1 0 0 0.01 M M 3.1 12 200 M M 4 123 17 200
10 74 53 64 0 1 0 0.00 M M 3.8 10 150 M M 4 12 16 200
11 73 45 59 -5 6 0 0.00 M M 3.8 13 150 M M 3 12 17 170
12 67 56 62 -2 3 0 0.00 M M 4.0 12 210 M M 10 1 16 250
13 66 54 60 -4 5 0 0.00 M M 2.7 10 210 M M 9 1 14 220
14 67 55 61 -3 4 0 T M M 3.6 13 270 M M 10 1 17 260
15 69 58 64 0 1 0 0.00 M M 4.1 13 250 M M 10 1 17 230
16 67 59 63 -1 2 0 0.00 M M 3.5 12 260 M M 10 1 16 240
17 72 57 65 1 0 0 0.00 M M 4.6 15 240 M M 7 12 19 260
18 73 55 64 0 1 0 0.00 M M 4.3 14 260 M M 6 20 250
19 73 53 63 -1 2 0 0.00 M M 4.0 13 250 M M 3 18 17 250
20 64 58 61 -3 4 0 0.00 M M 4.8 12 230 M M 10 18 16 250
21 70 57 64 1 1 0 0.00 M M 3.9 15 250 M M 6 8 23 250
22 71 51 61 -2 4 0 0.00 M M 4.1 14 250 M M 5 18 20 270
23 69 50 60 -3 5 0 0.00 M M 4.7 14 230 M M 4 20 220
24 67 48 58 -5 7 0 0.00 M M 3.8 13 260 M M 4 1 19 270
25 73 50 62 -1 3 0 0.00 M M 5.0 15 260 M M 1 21 260
26 78 53 66 3 0 1 0.00 M M 3.8 15 260 M M 4 19 260
27 80 50 65 2 0 0 0.00 M M 4.2 10 130 M M 1 15 200
28 77 55 66 3 0 1 0.00 M M 4.2 13 210 M M 3 16 210
29 69 52 61 -2 4 0 0.00 M M 4.1 13 240 M M 7 12 19 230
30 66 56 61 -2 4 0 0.05 M M 6.9 18 250 M M 9 1 24 230
================================================================================
SM 2140 1618 68 4 0.09 M 124.1 M 183
================================================================================
AV 71.3 53.9 4.1 FASTST M M 6 MAX(MPH)
MISC ----> 18 250 24 230
================================================================================
NOTES:
# LAST OF SEVERAL OCCURRENCES
COLUMN 17 PEAK WIND IN M.P.H.
PRELIMINARY LOCAL CLIMATOLOGICAL DATA (WS FORM: F-6) , PAGE 2
STATION: WATSONVILLE AIRPORT
MONTH: SEPTEMBER
YEAR: 2023
LATITUDE: 36 55 N
LONGITUDE: 121 47 W
[TEMPERATURE DATA] [PRECIPITATION DATA] SYMBOLS USED IN COLUMN 16
AVERAGE MONTHLY: 62.6 TOTAL FOR MONTH: 0.09 1 = FOG OR MIST
DPTR FM NORMAL: -1.0 DPTR FM NORMAL: 0.02 2 = FOG REDUCING VISIBILITY
HIGHEST: 80 ON 27 GRTST 24HR 0.05 ON 30-30 TO 1/4 MILE OR LESS
LOWEST: 45 ON 11 3 = THUNDER
SNOW, ICE PELLETS, HAIL 4 = ICE PELLETS
TOTAL MONTH: M 5 = HAIL
GRTST 24HR M ON M 6 = FREEZING RAIN OR DRIZZLE
GRTST DEPTH: M ON M 7 = DUSTSTORM OR SANDSTORM:
VSBY 1/2 MILE OR LESS
8 = SMOKE OR HAZE
[NO. OF DAYS WITH] [WEATHER - DAYS WITH] 9 = BLOWING SNOW
X = TORNADO
MAX 32 OR BELOW: 0 0.01 INCH OR MORE: 4
MAX 90 OR ABOVE: 0 0.10 INCH OR MORE: 0
MIN 32 OR BELOW: 0 0.50 INCH OR MORE: 0
MIN 0 OR BELOW: 0 1.00 INCH OR MORE: 0
[HDD (BASE 65) ]
TOTAL THIS MO. 68 CLEAR (SCALE 0-3) 5
DPTR FM NORMAL -16 PTCLDY (SCALE 4-7) 16
TOTAL FM JUL 1 192 CLOUDY (SCALE 8-10) 9
DPTR FM NORMAL -64
[CDD (BASE 65) ]
TOTAL THIS MO. 4
DPTR FM NORMAL -36 [PRESSURE DATA]
TOTAL FM JAN 1 41 HIGHEST SLP M ON M
DPTR FM NORMAL -58 LOWEST SLP 29.78 ON 30
[REMARKS]
#FINAL-09-23#