000
CXUS51 KCLE 041050
CLSYNG
CLIMATE REPORT
NATIONAL WEATHER SERVICE CLEVELAND, OH
650 AM EDT THU JUN 04 2020
...................................
...THE YOUNGSTOWN OH CLIMATE SUMMARY FOR THE SEASON, FROM
3/1/2020 TO 5/31/2020...
CLIMATE NORMAL PERIOD 1981 TO 2010
CLIMATE RECORD PERIOD 1897 TO 2020
WEATHER OBSERVED NORMAL DEPART
VALUE DATE(S) VALUE FROM
NORMAL
................................................
TEMPERATURE (F)
RECORD
HIGH 92 05/28/2018
05/18/1962
05/18/1962
LOW -10 03/02/1980
HIGHEST 90 05/26
LOWEST 15 03/01
AVG. MAXIMUM 58.9 57.9 1.0
AVG. MINIMUM 38.8 37.4 1.4
MEAN 48.8 47.7 1.1
DAYS MAX >= 90 1 0.0
DAYS MAX <= 32 1 4.8
DAYS MIN <= 32 33 31.0
DAYS MIN <= 0 0 0.1
PRECIPITATION (INCHES)
RECORD
MAXIMUM 20.33 2011
MINIMUM 3.83 1915
TOTALS 11.28 10.09 1.19
DAYS >= .01 50 42.2
DAYS >= .10 26 23.9
DAYS >= .50 6 6.2
DAYS >= 1.00 1 1.5
SNOWFALL (INCHES)
RECORDS
TOTAL 33.0 1987
TOTALS 6.4 13.9
DAYS >= TRACE 14
DAYS >= 1.0 1 3.3
DEGREE DAYS
HEATING TOTAL 1522 1632 -110
COOLING TOTAL 61 38 23
................................................
WIND (MPH)
HIGHEST GUST SPEED/DIRECTION 56/230 DATE 03/29
SKY COVER
POSSIBLE SUNSHINE (PERCENT) MM
NUMBER OF DAYS FAIR 4
NUMBER OF DAYS PC 34
NUMBER OF DAYS CLOUDY 54
WEATHER CONDITIONS. NUMBER OF DAYS WITH
THUNDERSTORM 5 MIXED PRECIP 0
HEAVY RAIN 9 RAIN 13
LIGHT RAIN 57 FREEZING RAIN 0
LT FREEZING RAIN 0 HAIL 2
HEAVY SNOW 2 SNOW 2
LIGHT SNOW 15 SLEET 3
FOG 52 FOG W/VIS <= 1/4 MILE 10
HAZE 6
- INDICATES NEGATIVE NUMBERS.
R INDICATES RECORD WAS SET OR TIED.
MM INDICATES DATA IS MISSING.
T INDICATES TRACE AMOUNT.
$$