000
CXUS55 KCYS 281610
CF6AIA
PRELIMINARY LOCAL CLIMATOLOGICAL DATA (WS FORM: F-6)
STATION: ALLIANCE NEBRASKA AIRPORT
MONTH: MARCH
YEAR: 2024
LATITUDE: 42 2 N
LONGITUDE: 102 48 W
TEMPERATURE IN F: :PCPN: SNOW: WIND :SUNSHINE: SKY :PK WND
================================================================================
1 2 3 4 5 6A 6B 7 8 9 10 11 12 13 14 15 16 17 18
12Z AVG MX 2MIN
DY MAX MIN AVG DEP HDD CDD WTR SNW DPTH SPD SPD DIR MIN PSBL S-S WX SPD DR
================================================================================
1 67 23 45 15 20 0 0.00 M M 11.2 30 260 M M 0 39 270
2 69 22 46 15 19 0 0.00 M M 8.3 32 310 M M 1 42 320
3 51 32 42 11 23 0 0.00 M M 17.7 35 290 M M 4 43 270
4 45 21 33 1 32 0 M M M 9.7 29 200 M M 6 1 37 200
5 47 15 31 -1 34 0 0.00 M M 13.5 21 170 M M 2 28 170
6 61 26 44 12 21 0 T M M 12.4 26 320 M M 3 40 280
7 31 22 27 -6 38 0 M M M 12.7 18 60 M M 10 1 23 60
8 41 19 30 -3 35 0 T M M 7.0 14 330 M M 6 1 22 310
9 54 13 34 0 31 0 0.00 M M 8.1 18 250 M M 0 24 240
10 65 19 42 8 23 0 0.00 M M 12.3 32 270 M M 0 40 270
11 63 21 42 7 23 0 0.00 M M 8.6 24 280 M M 0 30 290
12 62 28 45 10 20 0 0.00 M M 11.0 23 270 M M 1 31 270
13 47 33 40 4 25 0 0.05 M M 8.1 16 280 M M 9 1 19 80
14 47 25 36 0 29 0 0.00 M M 17.6 32 30 M M 6 43 10
15 52 16 34 -2 31 0 0.00 M M 9.0 22 220 M M 1 29 210
16 54 19 37 0 28 0 0.00 M M 8.1 18 330 M M 0 27 340
17 47 13 30 -7 35 0 0.00 M M 10.2 23 350 M M 2 32 350
18 63 11 37 -1 28 0 0.00 M M 7.2 14 280 M M 0 20 320
19 66 22 44 6 21 0 0.00 M M 7.5 20 10 M M 1 29 330
20 55 22 39 1 26 0 0.00 M M 13.7 28 170 M M 1 36 170
21 71 26 49 10 16 0 0.00 M M 10.5 35 350 M M 2 49 350
22 47 20 34 -5 31 0 0.00 M M 10.7 22 70 M M 5 27 70
23 40 23 32 -7 33 0 0.09 M M 18.2 28 130 M M 9 1 37 110
24 35 19 27 -13 38 0 0.01 M M 15.6 29 350 M M 9 12 40 360
25 26 13 20 -20 45 0 T M M 21.9 32 350 M M 8 1 43 350
26 44 5 25 -15 40 0 0.00 M M 7.8 15 350 M M 3 8 23 330
27 55 9 32 -8 33 0 0.00 M M 8.8 24 310 M M 4 37 310
================================================================================
SM 1405 537 778 0 0.15 M 307.4 M 93
================================================================================
AV 52.0 19.9 11.4 FASTST M M 3 MAX(MPH)
MISC ----> # 35 290 49 350
================================================================================
NOTES:
# LAST OF SEVERAL OCCURRENCES
COLUMN 17 PEAK WIND IN M.P.H.
PRELIMINARY LOCAL CLIMATOLOGICAL DATA (WS FORM: F-6) , PAGE 2
STATION: ALLIANCE NEBRASKA AIRPORT
MONTH: MARCH
YEAR: 2024
LATITUDE: 42 2 N
LONGITUDE: 102 48 W
[TEMPERATURE DATA] [PRECIPITATION DATA] SYMBOLS USED IN COLUMN 16
AVERAGE MONTHLY: 36.0 TOTAL FOR MONTH: 0.15 1 = FOG OR MIST
DPTR FM NORMAL: 0.2 DPTR FM NORMAL: -0.33 2 = FOG REDUCING VISIBILITY
HIGHEST: 71 ON 21 GRTST 24HR 0.10 ON 23-24 TO 1/4 MILE OR LESS
LOWEST: 5 ON 26 3 = THUNDER
SNOW, ICE PELLETS, HAIL 4 = ICE PELLETS
TOTAL MONTH: M 5 = HAIL
GRTST 24HR M ON M 6 = FREEZING RAIN OR DRIZZLE
GRTST DEPTH: M ON M 7 = DUSTSTORM OR SANDSTORM:
VSBY 1/2 MILE OR LESS
8 = SMOKE OR HAZE
[NO. OF DAYS WITH] [WEATHER - DAYS WITH] 9 = BLOWING SNOW
X = TORNADO
MAX 32 OR BELOW: 2 0.01 INCH OR MORE: 3
MAX 90 OR ABOVE: 0 0.10 INCH OR MORE: 0
MIN 32 OR BELOW: 26 0.50 INCH OR MORE: 0
MIN 0 OR BELOW: 0 1.00 INCH OR MORE: 0
[HDD (BASE 65) ]
TOTAL THIS MO. 778 CLEAR (SCALE 0-3) 14
DPTR FM NORMAL -12 PTCLDY (SCALE 4-7) 9
TOTAL FM JUL 1 5383 CLOUDY (SCALE 8-10) 4
DPTR FM NORMAL -820
[CDD (BASE 65) ]
TOTAL THIS MO. 0
DPTR FM NORMAL 0 [PRESSURE DATA]
TOTAL FM JAN 1 0 HIGHEST SLP M ON M
DPTR FM NORMAL 0 LOWEST SLP 29.23 ON 2
[REMARKS]