790
CXUS56 KPQR 211200
CF6AST
PRELIMINARY LOCAL CLIMATOLOGICAL DATA (WS FORM: F-6)

                                          STATION:   ASTORIA OR
                                          MONTH:     MAY
                                          YEAR:      2018
                                          LATITUDE:   46  9 N
                                          LONGITUDE: 123 53 W

  TEMPERATURE IN F:       :PCPN:    SNOW:  WIND      :SUNSHINE: SKY     :PK WND
================================================================================
1   2   3   4   5  6A  6B    7    8   9   10  11  12  13   14  15   16   17  18
                                     12Z  AVG MX 2MIN
DY MAX MIN AVG DEP HDD CDD  WTR  SNW DPTH SPD SPD DIR MIN PSBL S-S WX    SPD DR
================================================================================

 1  55  44  50  -1  15   0 0.01    M    0  7.8 15 310   M    M   9 18     20 310
 2  62  43  53   2  12   0 0.00  0.0    0  5.4 17 310   M    M   2 1      21 310
 3  54  43  49  -2  16   0 0.01    M    0  5.5 14 250   M    M   8 1      17 250
 4  59  48  54   3  11   0    T  0.0    0  4.5 13 270   M    M   9 1      16 270
 5  66  47  57   6   8   0 0.00    M    M  4.2 14 300   M    M   2        18 310
 6  61  48  55   4  10   0 0.00    M    M  9.9 21 220   M    M   7 1      29 230
 7  62  48  55   3  10   0 0.00    M    M  5.2 13 280   M    M   5        15 300
 8  65  47  56   4   9   0 0.10    M    0  5.5 20 250   M    M   7 1      26 180
 9  60  52  56   4   9   0 0.06  0.0    0 10.4 22 220   M    M   8 18     29 230
10  57  50  54   2  11   0 0.17  0.0    0 10.3 21 320   M    M  10 1      26 310
11  59  50  55   3  10   0    T  0.0    0 10.1 18 320   M    M  10        21 310
12  70  50  60   8   5   0 0.00  0.0    0  5.8 16 290   M    M   5 12     21 300
13  73  47  60   7   5   0 0.00  0.0    0  5.7 14 250   M    M   4 12     19 250
14  62  53  58   5   7   0 0.00  0.0    0  6.8 14 250   M    M   9        16 270
15  59  53  56   3   9   0 0.04  0.0    0  7.8 17 240   M    M  10 1      22 240
16  60  52  56   3   9   0 0.03  0.0    0  5.3 15 250   M    M  10 1      18 250
17  58  52  55   2  10   0    T  0.0    0  4.0 10 290   M    M  10 8      15 290
18  59  53  56   3   9   0 0.00  0.0    0  3.2 10 270   M    M  10 1      13 250
19  60  53  57   3   8   0 0.00  0.0    0  4.6 14 280   M    M  10 18     17 280
20  61  51  56   2   9   0    T  0.0    0  9.0 17 320   M    M   9 18     20 310
================================================================================
SM 1222  984       192   0  0.42     0.0 131.0          M      154
================================================================================
AV 61.1 49.2                               6.6 FASTST   M    M   8    MAX(MPH)
                                 MISC ---->  # 22 220               # 29  230
================================================================================
NOTES:
# LAST OF SEVERAL OCCURRENCES

COLUMN 17 PEAK WIND IN M.P.H.

PRELIMINARY LOCAL CLIMATOLOGICAL DATA (WS FORM: F-6) , PAGE 2

                                          STATION:  ASTORIA OR
                                          MONTH:    MAY
                                          YEAR:     2018
                                          LATITUDE:   46  9 N
                                          LONGITUDE: 123 53 W

[TEMPERATURE DATA]      [PRECIPITATION DATA]       SYMBOLS USED IN COLUMN 16

AVERAGE MONTHLY: 55.2   TOTAL FOR MONTH:   0.42    1 = FOG OR MIST
DPTR FM NORMAL:   3.0   DPTR FM NORMAL:   -1.81    2 = FOG REDUCING VISIBILITY
HIGHEST:    73 ON 13    GRTST 24HR  0.17 ON 10-10      TO 1/4 MILE OR LESS
LOWEST:     43 ON  3, 2                            3 = THUNDER
                        SNOW, ICE PELLETS, HAIL    4 = ICE PELLETS
                        TOTAL MONTH:   0.0 INCH    5 = HAIL
                        GRTST 24HR     0.0         6 = FREEZING RAIN OR DRIZZLE
                        GRTST DEPTH:   0           7 = DUSTSTORM OR SANDSTORM:
                                                       VSBY 1/2 MILE OR LESS
                                                   8 = SMOKE OR HAZE
[NO. OF DAYS WITH]      [WEATHER - DAYS WITH]      9 = BLOWING SNOW
                                                   X = TORNADO
MAX 32 OR BELOW:   0    0.01 INCH OR MORE:   7
MAX 90 OR ABOVE:   0    0.10 INCH OR MORE:   2
MIN 32 OR BELOW:   0    0.50 INCH OR MORE:   0
MIN  0 OR BELOW:   0    1.00 INCH OR MORE:   0

[HDD (BASE 65) ]
TOTAL THIS MO.   192    CLEAR  (SCALE 0-3)   2
DPTR FM NORMAL   -64    PTCLDY (SCALE 4-7)   7
TOTAL FM JUL 1  4419    CLOUDY (SCALE 8-10) 11
DPTR FM NORMAL  -246

[CDD (BASE 65) ]
TOTAL THIS MO.     0
DPTR FM NORMAL     0    [PRESSURE DATA]
TOTAL FM JAN 1     1    HIGHEST SLP M ON M
DPTR FM NORMAL     1    LOWEST  SLP 29.78 ON 14

[REMARKS]
