716
CXUS55 KABR 241400
CF6ATY
PRELIMINARY LOCAL CLIMATOLOGICAL DATA (WS FORM: F-6)

                                          STATION:   WATERTOWN SD
                                          MONTH:     APRIL
                                          YEAR:      2018
                                          LATITUDE:   44 55 N
                                          LONGITUDE:  97  9 W

  TEMPERATURE IN F:       :PCPN:    SNOW:  WIND      :SUNSHINE: SKY     :PK WND
================================================================================
1   2   3   4   5  6A  6B    7    8   9   10  11  12  13   14  15   16   17  18
                                     12Z  AVG MX 2MIN
DY MAX MIN AVG DEP HDD CDD  WTR  SNW DPTH SPD SPD DIR MIN PSBL S-S WX    SPD DR
================================================================================

 1  32  11  22 -15  43   0 0.00  0.0    0 11.2 20 260   M    M   0        26 270
 2  29  23  26 -11  39   0 0.13  1.6    0 11.4 18  60   M    M   7 12     25  60
 3  26   6  16 -22  49   0 0.13  3.4    2 18.3 31 350   M    M   9 18     37 350
 4  27  -3  12 -26  53   0    T    T    5  5.8 16 200   M    M   2 12     19 190
 5  39   3  21 -18  44   0    T    T    4 10.4 28 340   M    M   5 12     35 330
 6  19   6  13 -26  52   0    T    T    1 18.7 36 340   M    M   1        43 330
 7  33   6  20 -20  45   0 0.00  0.0    1  6.2 12 110   M    M   0        18 100
 8  28  22  25 -15  40   0 0.19  7.0    0 11.5 18 100   M    M   8 12     28  90
 9  31  22  27 -14  38   0    T    T    7  5.3 13 100   M    M   9 1      16 110
10  45  28  37  -4  28   0 0.00  0.0    4  6.8 15 200   M    M   6        16 200
11  39  26  33  -9  32   0 0.02  0.0    1  6.9 17 110   M    M   6 1      25 110
12  41  28  35  -7  30   0 0.00  0.0    0  7.4 17  60   M    M  10 12     23  70
13  34  27  31 -12  34   0 0.23  3.5    0 24.0 37  20   M    M   8 128    49  40
14  28  21  25 -18  40   0 0.12  2.0    5 22.9 35  20   M    M  10 128    43  20
15  28  20  24 -20  41   0    T    T    5 16.8 26 360   M    M  10 18     30  50
16  38  17  28 -16  37   0 0.00  0.0    5  7.9 18 340   M    M   2        22 330
17  39  22  31 -14  34   0 0.00  0.0    2  8.7 18  80   M    M   1 1      24  80
18  44  30  37  -8  28   0 0.00  0.0    1  9.9 23  10   M    M   5        30 340
19  50  25  38  -8  27   0 0.00  0.0    0  4.9 12 210   M    M   0        15 240
20  50  29  40  -6  25   0 0.00  0.0    0  8.4 14 150   M    M   0        17 160
21  55  35  45  -2  20   0 0.00  0.0    0  7.1 15 170   M    M   5        19 170
22  60  31  46  -1  19   0 0.00  0.0    0  8.4 18 170   M    M   1        23 180
23  67  35  51   3  14   0 0.00  0.0    0  5.8 10 130   M    M   3        14 110
================================================================================
SM  882  470       812   0  0.82    17.5 244.7          M      108
================================================================================
AV 38.4 20.4                              10.6 FASTST   M    M   5    MAX(MPH)
                                 MISC ---->  # 37  20               # 49   40
================================================================================
NOTES:
# LAST OF SEVERAL OCCURRENCES

COLUMN 17 PEAK WIND IN M.P.H.

PRELIMINARY LOCAL CLIMATOLOGICAL DATA (WS FORM: F-6) , PAGE 2

                                          STATION:  WATERTOWN SD
                                          MONTH:    APRIL
                                          YEAR:     2018
                                          LATITUDE:   44 55 N
                                          LONGITUDE:  97  9 W

[TEMPERATURE DATA]      [PRECIPITATION DATA]       SYMBOLS USED IN COLUMN 16

AVERAGE MONTHLY: 29.4   TOTAL FOR MONTH:   0.82    1 = FOG OR MIST
DPTR FM NORMAL: -12.9   DPTR FM NORMAL:   -0.62    2 = FOG REDUCING VISIBILITY
HIGHEST:    67 ON 23    GRTST 24HR  0.23 ON 13-13      TO 1/4 MILE OR LESS
LOWEST:     -3 ON  4                               3 = THUNDER
                        SNOW, ICE PELLETS, HAIL    4 = ICE PELLETS
                        TOTAL MONTH:  17.5 INCHES  5 = HAIL
                        GRTST 24HR   7.0 ON  8- 8  6 = FREEZING RAIN OR DRIZZLE
                        GRTST DEPTH:   7 ON  9     7 = DUSTSTORM OR SANDSTORM:
                                                       VSBY 1/2 MILE OR LESS
                                                   8 = SMOKE OR HAZE
[NO. OF DAYS WITH]      [WEATHER - DAYS WITH]      9 = BLOWING SNOW
                                                   X = TORNADO
MAX 32 OR BELOW:   9    0.01 INCH OR MORE:   6
MAX 90 OR ABOVE:   0    0.10 INCH OR MORE:   5
MIN 32 OR BELOW:  21    0.50 INCH OR MORE:   0
MIN  0 OR BELOW:   1    1.00 INCH OR MORE:   0

[HDD (BASE 65) ]
TOTAL THIS MO.   812    CLEAR  (SCALE 0-3)  10
DPTR FM NORMAL   288    PTCLDY (SCALE 4-7)   7
TOTAL FM JUL 1  8333    CLOUDY (SCALE 8-10)  6
DPTR FM NORMAL   294

[CDD (BASE 65) ]
TOTAL THIS MO.     0
DPTR FM NORMAL     0    [PRESSURE DATA]
TOTAL FM JAN 1     0    HIGHEST SLP M ON M
DPTR FM NORMAL     0    LOWEST  SLP 29.68 ON 12

[REMARKS]
