000
CXUS55 KLBF 251200
CF6BBW
PRELIMINARY LOCAL CLIMATOLOGICAL DATA (WS FORM: F-6)

                                          STATION:   BROKEN BOW
                                          MONTH:     APRIL
                                          YEAR:      2018
                                          LATITUDE:   41 26 N
                                          LONGITUDE:  99 39 W

  TEMPERATURE IN F:       :PCPN:    SNOW:  WIND      :SUNSHINE: SKY     :PK WND
================================================================================
1   2   3   4   5  6A  6B    7    8   9   10  11  12  13   14  15   16   17  18
                                     12Z  AVG MX 2MIN
DY MAX MIN AVG DEP HDD CDD  WTR  SNW DPTH SPD SPD DIR MIN PSBL S-S WX    SPD DR
================================================================================

 1  28  21  25 -18  40   0 0.21    M    M  6.4 16 160   M    M   8 1      21 160
 2  48  22  35  -8  30   0 0.00    M    M 13.8 28 170   M    M   1        35 170
 3  33  14  24 -20  41   0 0.04    M    M 17.4 38 320   M    M   5 16     53 310
 4  59  13  36  -8  29   0 0.00    M    M  9.6 28 180   M    M   1        36 190
 5  59  24  42  -2  23   0 0.00    M    M  9.6 18  20   M    M   2        25  30
 6  35  10  23 -21  42   0 0.09    M    M 13.8 28 350   M    M   6 1      39  10
 7  37   7  22 -23  43   0 0.00    M    M  8.1 20 150   M    M   3        27 150
 8  62  30  46   1  19   0 0.00    M    M 17.8 37 330   M    M   4        50 320
 9  43  26  35 -11  30   0 0.01    M    M  7.8 22 340   M    M   6 1      27 340
10  69  26  48   2  17   0 0.00    M    M  5.9 20 310   M    M   2        26 310
11  84  35  60  14   5   0 0.00    M    M 10.5 31 230   M    M   1        39 230
12  65  37  51   5  14   0 0.00    M    M 12.5 25  30   M    M   0        36 100
13  50  24  37 -10  28   0    M    M    M 27.8 43 340   M    M  10 1      60 360
14  26  21  24 -23  41   0    M    M    M 29.6 46 340   M    M  10 128    66 360
15  31  15  23 -25  42   0 0.00    M    M 14.6 24 340   M    M   0        30 350
16  49  13  31 -17  34   0 0.00  0.0    0  7.1 15 110   M    M   0        25 130
17  57  31  44  -4  21   0 0.02    M    M 15.2 26 110   M    M   2        37 100
18  47  29  38 -10  27   0 0.02    M    M 16.1 33 320   M    M   7        45 310
19  56  23  40  -9  25   0 0.00    M    M  7.3 18 110   M    M   0        25 130
20  52  34  43  -6  22   0 0.18    M    M 10.8 22 130   M    M   6        30 150
21  47  40  44  -6  21   0 0.15    M    M  7.1 20 130   M    M  10        30 130
22  61  32  47  -3  18   0 0.00    M    M  3.9 12 140   M    M   4        16 140
23  69  32  51   1  14   0 0.00    M    M  4.8 16 140   M    M   2        24 150
24  54  37  46  -5  19   0 0.23    M    M 18.4 30 330   M    M  10        42 320
================================================================================
SM 1221  596       645   0  0.95     0.0 295.9          M      100
================================================================================
AV 50.9 24.8                              12.3 FASTST   M    M   4    MAX(MPH)
                                 MISC ---->  # 46 340               # 66  360
================================================================================
NOTES:
# LAST OF SEVERAL OCCURRENCES

COLUMN 17 PEAK WIND IN M.P.H.

PRELIMINARY LOCAL CLIMATOLOGICAL DATA (WS FORM: F-6) , PAGE 2

                                          STATION:  BROKEN BOW
                                          MONTH:    APRIL
                                          YEAR:     2018
                                          LATITUDE:   41 26 N
                                          LONGITUDE:  99 39 W

[TEMPERATURE DATA]      [PRECIPITATION DATA]       SYMBOLS USED IN COLUMN 16

AVERAGE MONTHLY: 37.9   TOTAL FOR MONTH:   0.95    1 = FOG OR MIST
DPTR FM NORMAL:  -8.9   DPTR FM NORMAL:   -1.03    2 = FOG REDUCING VISIBILITY
HIGHEST:    84 ON 11    GRTST 24HR  0.23 ON 24-24      TO 1/4 MILE OR LESS
LOWEST:      7 ON  7                               3 = THUNDER
                        SNOW, ICE PELLETS, HAIL    4 = ICE PELLETS
                        TOTAL MONTH:   0.0 INCH    5 = HAIL
                        GRTST 24HR     0.0         6 = FREEZING RAIN OR DRIZZLE
                        GRTST DEPTH:   0           7 = DUSTSTORM OR SANDSTORM:
                                                       VSBY 1/2 MILE OR LESS
                                                   8 = SMOKE OR HAZE
[NO. OF DAYS WITH]      [WEATHER - DAYS WITH]      9 = BLOWING SNOW
                                                   X = TORNADO
MAX 32 OR BELOW:   3    0.01 INCH OR MORE:   9
MAX 90 OR ABOVE:   0    0.10 INCH OR MORE:   4
MIN 32 OR BELOW:  19    0.50 INCH OR MORE:   0
MIN  0 OR BELOW:   0    1.00 INCH OR MORE:   0

[HDD (BASE 65) ]
TOTAL THIS MO.   645    CLEAR  (SCALE 0-3)  11
DPTR FM NORMAL   206    PTCLDY (SCALE 4-7)   8
TOTAL FM JUL 1  6416    CLOUDY (SCALE 8-10)  5
DPTR FM NORMAL   114

[CDD (BASE 65) ]
TOTAL THIS MO.     0
DPTR FM NORMAL     0    [PRESSURE DATA]
TOTAL FM JAN 1     0    HIGHEST SLP M ON M
DPTR FM NORMAL     0    LOWEST  SLP 29.34 ON 13

[REMARKS]
