000
CXUS54 KBMX 251110
CF6BHM
PRELIMINARY LOCAL CLIMATOLOGICAL DATA (WS FORM: F-6)

                                          STATION:   BIRMINGHAM
                                          MONTH:     MAY
                                          YEAR:      2018
                                          LATITUDE:   33 34 N
                                          LONGITUDE:  86 45 W

  TEMPERATURE IN F:       :PCPN:    SNOW:  WIND      :SUNSHINE: SKY     :PK WND
================================================================================
1   2   3   4   5  6A  6B    7    8   9   10  11  12  13   14  15   16   17  18
                                     12Z  AVG MX 2MIN
DY MAX MIN AVG DEP HDD CDD  WTR  SNW DPTH SPD SPD DIR MIN PSBL S-S WX    SPD DR
================================================================================

 1  83  55  69   2   0   4 0.00  0.0    0  5.9 16 190   M    M   2        21 190
 2  84  60  72   5   0   7 0.00  0.0    0  4.7 18 190   M    M   2        23 190
 3  84  64  74   7   0   9 0.00  0.0    0  6.6 18 180   M    M   5        23 180
 4  86  66  76   9   0  11 0.00  0.0    0  6.2 16 250   M    M   6 8      20 250
 5  80  61  71   3   0   6    T  0.0    0  5.1 24 260   M    M   7 3      30 240
 6  82  59  71   3   0   6 0.00  0.0    0  5.8 16 310   M    M   3 1      21 330
 7  87  55  71   3   0   6 0.00  0.0    0  3.4 16 340   M    M   3        27 360
 8  86  57  72   4   0   7 0.00  0.0    0  2.5 14 320   M    M   1        17 320
 9  88  59  74   5   0   9 0.00  0.0    0  3.0 14 220   M    M   4        16 270
10  90  62  76   7   0  11 0.00  0.0    0  6.4 18 280   M    M   4        26 280
11  90  64  77   8   0  12 0.00  0.0    0  3.7 15 190   M    M   0        23 200
12  91  61  76   6   0  11 0.00  0.0    0  3.1 14 200   M    M   1        18 230
13  92  63  78   8   0  13 0.00  0.0    0  2.2 13 310   M    M   1        19 320
14  93  65  79   9   0  14 0.00  0.0    0  4.1 13  10   M    M   2        17  10
15  90  68  79   9   0  14    T  0.0    0  3.9 12 360   M    M   6 3      15 100
16  88  66  77   6   0  12 1.39  0.0    0  4.2 20  60   M    M   7 13     24  70
17  81  66  74   3   0   9 0.91  0.0    0  2.1 21 220   M    M   7 138    24 220
18  83  66  75   4   0  10 0.00  0.0    0  4.9 15 190   M    M   6        20 190
19  89  68  79   8   0  14 0.00  0.0    0  4.6 13 280   M    M   4 3      16 200
20  91  70  81   9   0  16 0.00  0.0    0  3.8 15 240   M    M   6 138    20 110
21  81  70  76   4   0  11 0.00  0.0    0  6.4 15 130   M    M   7        20 140
22  83  71  77   5   0  12 1.00  0.0    0  3.5 16  10   M    M   7 13     23 330
23  85  70  78   6   0  13 0.00  0.0    0  2.3 12 110   M    M   6 3      15 110
24  86  69  78   5   0  13    T  0.0    0  2.3 13 190   M    M   6 123    19 210
================================================================================
SM 2073 1535         0 250  3.30     0.0 100.7          M      103
================================================================================
AV 86.4 64.0                               4.2 FASTST   M    M   4    MAX(MPH)
                                 MISC ---->  # 24 260               # 30  240
================================================================================
NOTES:
# LAST OF SEVERAL OCCURRENCES

COLUMN 17 PEAK WIND IN M.P.H.

PRELIMINARY LOCAL CLIMATOLOGICAL DATA (WS FORM: F-6) , PAGE 2

                                          STATION:  BIRMINGHAM
                                          MONTH:    MAY
                                          YEAR:     2018
                                          LATITUDE:   33 34 N
                                          LONGITUDE:  86 45 W

[TEMPERATURE DATA]      [PRECIPITATION DATA]       SYMBOLS USED IN COLUMN 16

AVERAGE MONTHLY: 75.2   TOTAL FOR MONTH:   3.30    1 = FOG OR MIST
DPTR FM NORMAL:   5.5   DPTR FM NORMAL:   -0.61    2 = FOG REDUCING VISIBILITY
HIGHEST:    93 ON 14    GRTST 24HR  1.39 ON 16-16      TO 1/4 MILE OR LESS
LOWEST:     55 ON  7, 1                            3 = THUNDER
                        SNOW, ICE PELLETS, HAIL    4 = ICE PELLETS
                        TOTAL MONTH:   0.0 INCH    5 = HAIL
                        GRTST 24HR     0.0         6 = FREEZING RAIN OR DRIZZLE
                        GRTST DEPTH:   0           7 = DUSTSTORM OR SANDSTORM:
                                                       VSBY 1/2 MILE OR LESS
                                                   8 = SMOKE OR HAZE
[NO. OF DAYS WITH]      [WEATHER - DAYS WITH]      9 = BLOWING SNOW
                                                   X = TORNADO
MAX 32 OR BELOW:   0    0.01 INCH OR MORE:   3
MAX 90 OR ABOVE:   7    0.10 INCH OR MORE:   3
MIN 32 OR BELOW:   0    0.50 INCH OR MORE:   3
MIN  0 OR BELOW:   0    1.00 INCH OR MORE:   2

[HDD (BASE 65) ]
TOTAL THIS MO.     0    CLEAR  (SCALE 0-3)   9
DPTR FM NORMAL   -23    PTCLDY (SCALE 4-7)  15
TOTAL FM JUL 1  2475    CLOUDY (SCALE 8-10)  0
DPTR FM NORMAL  -199

[CDD (BASE 65) ]
TOTAL THIS MO.   250
DPTR FM NORMAL   113    [PRESSURE DATA]
TOTAL FM JAN 1   340    HIGHEST SLP M ON M
DPTR FM NORMAL   119    LOWEST  SLP 29.80 ON 17

[REMARKS]
