000
CXUS53 KGRR 260910
CF6BIV
PRELIMINARY LOCAL CLIMATOLOGICAL DATA (WS FORM: F-6)
STATION: HOLLAND
MONTH: APRIL
YEAR: 2024
LATITUDE: 42 49 N
LONGITUDE: 86 10 W
TEMPERATURE IN F: :PCPN: SNOW: WIND :SUNSHINE: SKY :PK WND
================================================================================
1 2 3 4 5 6A 6B 7 8 9 10 11 12 13 14 15 16 17 18
12Z AVG MX 2MIN
DY MAX MIN AVG DEP HDD CDD WTR SNW DPTH SPD SPD DIR MIN PSBL S-S WX SPD DR
================================================================================
1 55 38 47 5 18 0 0.32 M M 10.4 21 80 M M 5 1 32 80
2 51 37 44 2 21 0 0.15 M M 14.7 30 220 M M 10 1 41 220
3 42 34 38 -4 27 0 0.26 M M 10.4 22 160 M M 10 1 33 220
4 45 37 41 -2 24 0 0.07 M M 7.9 15 320 M M 10 1 25 360
5 48 38 43 0 22 0 0.00 M M 8.5 18 310 M M 5 28 340
6 53 29 41 -3 24 0 0.00 M M 4.3 16 310 M M 0 21 310
7 60 30 45 1 20 0 0.13 M M 11.2 26 110 M M 4 39 110
8 69 45 57 13 8 0 0.00 M M 12.8 23 230 M M 1 33 200
9 60 42 51 6 14 0 0.00 M M 9.5 23 230 M M 1 31 230
10 66 38 52 7 13 0 0.00 M M 3.9 10 210 M M 0 14 220
11 56 45 51 6 14 0 0.32 M M 8.4 16 20 M M 9 1 26 20
12 58 44 51 5 14 0 0.06 M M 13.5 28 320 M M 7 42 330
13 61 42 52 6 13 0 0.00 M M 9.2 17 330 M M 0 28 320
14 71 50 61 15 4 0 0.00 M M 11.5 32 230 M M 0 45 210
15 69 45 57 10 8 0 0.00 M M 5.6 12 280 M M 0 22 50
16 75 47 61 14 4 0 0.04 M M 13.8 26 100 M M 2 42 100
17 72 51 62 14 3 0 0.03 M M 15.7 35 240 M M 9 3 46 240
18 54 45 50 2 15 0 0.06 M M 5.8 17 300 M M 7 1 28 290
19 51 42 47 -1 18 0 0.02 M M 11.5 21 290 M M 3 1 38 290
20 45 37 41 -8 24 0 0.00 M M 12.0 20 310 M M 6 34 320
21 50 36 43 -6 22 0 0.00 M M 9.2 17 280 M M 3 24 270
22 64 38 51 1 14 0 0.00 M M 12.2 24 230 M M 0 35 230
23 63 44 54 4 11 0 0.07 M M 18.3 31 220 M M 5 3 42 200
24 47 33 40 -10 25 0 0.00 M M 6.9 15 340 M M 5 24 20
25 56 30 43 -8 22 0 0.00 M M 4.5 15 270 M M 0 22 300
================================================================================
SM 1441 997 402 0 1.53 M 251.7 M 102
================================================================================
AV 57.6 39.9 10.1 FASTST M M 4 MAX(MPH)
MISC ----> 35 240 46 240
================================================================================
NOTES:
# LAST OF SEVERAL OCCURRENCES
COLUMN 17 PEAK WIND IN M.P.H.
PRELIMINARY LOCAL CLIMATOLOGICAL DATA (WS FORM: F-6) , PAGE 2
STATION: HOLLAND
MONTH: APRIL
YEAR: 2024
LATITUDE: 42 49 N
LONGITUDE: 86 10 W
[TEMPERATURE DATA] [PRECIPITATION DATA] SYMBOLS USED IN COLUMN 16
AVERAGE MONTHLY: 48.8 TOTAL FOR MONTH: 1.53 1 = FOG OR MIST
DPTR FM NORMAL: 2.6 DPTR FM NORMAL: -1.33 2 = FOG REDUCING VISIBILITY
HIGHEST: 75 ON 16 GRTST 24HR 0.44 ON 1- 2 TO 1/4 MILE OR LESS
LOWEST: 29 ON 6 3 = THUNDER
SNOW, ICE PELLETS, HAIL 4 = ICE PELLETS
TOTAL MONTH: M 5 = HAIL
GRTST 24HR M ON M 6 = FREEZING RAIN OR DRIZZLE
GRTST DEPTH: M ON M 7 = DUSTSTORM OR SANDSTORM:
VSBY 1/2 MILE OR LESS
8 = SMOKE OR HAZE
[NO. OF DAYS WITH] [WEATHER - DAYS WITH] 9 = BLOWING SNOW
X = TORNADO
MAX 32 OR BELOW: 0 0.01 INCH OR MORE: 12
MAX 90 OR ABOVE: 0 0.10 INCH OR MORE: 5
MIN 32 OR BELOW: 3 0.50 INCH OR MORE: 0
MIN 0 OR BELOW: 0 1.00 INCH OR MORE: 0
[HDD (BASE 65) ]
TOTAL THIS MO. 402 CLEAR (SCALE 0-3) 12
DPTR FM NORMAL -70 PTCLDY (SCALE 4-7) 8
TOTAL FM JUL 1 5029 CLOUDY (SCALE 8-10) 5
DPTR FM NORMAL -943
[CDD (BASE 65) ]
TOTAL THIS MO. 0
DPTR FM NORMAL 0 [PRESSURE DATA]
TOTAL FM JAN 1 0 HIGHEST SLP M ON M
DPTR FM NORMAL -1 LOWEST SLP 29.17 ON 3
[REMARKS]