000
CXUS55 KRIW 180945
CF6BPI
PRELIMINARY LOCAL CLIMATOLOGICAL DATA (WS FORM: F-6)

                                          STATION:   BIG PINEY  WY
                                          MONTH:     APRIL
                                          YEAR:      2018
                                          LATITUDE:   42 34 N
                                          LONGITUDE: 110  6 W

  TEMPERATURE IN F:       :PCPN:    SNOW:  WIND      :SUNSHINE: SKY     :PK WND
================================================================================
1   2   3   4   5  6A  6B    7    8   9   10  11  12  13   14  15   16   17  18
                                     12Z  AVG MX 2MIN
DY MAX MIN AVG DEP HDD CDD  WTR  SNW DPTH SPD SPD DIR MIN PSBL S-S WX    SPD DR
================================================================================

 1  52  27  40   7  25   0    T    M    M  7.7 23 270   M    M   7 1      32 280
 2  50   8  29  -5  36   0    T    M    M 19.4 48 270   M    M   4 18     56 270
 3  40   1  21 -13  44   0 0.00  0.0    M  6.5 16 300   M    M   0        21 280
 4  49  13  31  -3  34   0 0.00    M    M  8.7 28 320   M    M   4        34 310
 5  53  25  39   5  26   0    T    M    M  6.3 24 270   M    M   8        30 270
 6  49  23  36   1  29   0 0.01    M    M  5.4 18 140   M    M   9        22 140
 7  52  22  37   2  28   0 0.12    M    M  9.1 32 320   M    M   8 18     43 330
 8  46  27  37   2  28   0    T    M    M 10.5 26 300   M    M   6        34 300
 9  48  19  34  -2  31   0    T    M    M  7.9 20 330   M    M   2 1      24 330
10  59  15  37   1  28   0 0.00    M    M  6.1 21 290   M    M   1        25 280
11  58  34  46  10  19   0 0.01    M    M 11.0 33 270   M    M   3        39 280
12  43  14  29  -7  36   0    T    M    M 12.3 30 310   M    M   6        38 300
13  39  14  27  -9  38   0 0.00  0.0    M 19.4 32 340   M    M   3        41 330
14  51  11  31  -6  34   0 0.00  0.0    M  8.8 24 350   M    M   4        30 320
15  53  18  36  -1  29   0    T    M    M  5.6 20 190   M    M   4        25 190
16  66  17  42   5  23   0 0.00  0.0    M 18.4 47 230   M    M   3 8      56 230
17  40  13  27 -11  38   0    T    M    M 17.6 35 320   M    M   6 1      43 310
================================================================================
SM  848  301       526   0  0.14     0.0 180.7          M       78
================================================================================
AV 49.9 17.7                              10.6 FASTST   M    M   5    MAX(MPH)
                                 MISC ---->  # 48 270               # 56  270
================================================================================
NOTES:
# LAST OF SEVERAL OCCURRENCES

COLUMN 17 PEAK WIND IN M.P.H.

PRELIMINARY LOCAL CLIMATOLOGICAL DATA (WS FORM: F-6) , PAGE 2

                                          STATION:  BIG PINEY  WY
                                          MONTH:    APRIL
                                          YEAR:     2018
                                          LATITUDE:   42 34 N
                                          LONGITUDE: 110  6 W

[TEMPERATURE DATA]      [PRECIPITATION DATA]       SYMBOLS USED IN COLUMN 16

AVERAGE MONTHLY: 33.8   TOTAL FOR MONTH:   0.14    1 = FOG OR MIST
DPTR FM NORMAL:  -1.7   DPTR FM NORMAL:   -0.13    2 = FOG REDUCING VISIBILITY
HIGHEST:    66 ON 16    GRTST 24HR  0.12 ON  7- 7      TO 1/4 MILE OR LESS
LOWEST:      1 ON  3                               3 = THUNDER
                        SNOW, ICE PELLETS, HAIL    4 = ICE PELLETS
                        TOTAL MONTH:   0.0 INCH    5 = HAIL
                        GRTST 24HR     0.0         6 = FREEZING RAIN OR DRIZZLE
                        GRTST DEPTH:  M  ON   M    7 = DUSTSTORM OR SANDSTORM:
                                                       VSBY 1/2 MILE OR LESS
                                                   8 = SMOKE OR HAZE
[NO. OF DAYS WITH]      [WEATHER - DAYS WITH]      9 = BLOWING SNOW
                                                   X = TORNADO
MAX 32 OR BELOW:   0    0.01 INCH OR MORE:   3
MAX 90 OR ABOVE:   0    0.10 INCH OR MORE:   1
MIN 32 OR BELOW:  16    0.50 INCH OR MORE:   0
MIN  0 OR BELOW:   0    1.00 INCH OR MORE:   0

[HDD (BASE 65) ]
TOTAL THIS MO.   526    CLEAR  (SCALE 0-3)   3
DPTR FM NORMAL    23    PTCLDY (SCALE 4-7)  13
TOTAL FM JUL 1  8148    CLOUDY (SCALE 8-10)  1
DPTR FM NORMAL -1050

[CDD (BASE 65) ]
TOTAL THIS MO.     0
DPTR FM NORMAL     0    [PRESSURE DATA]
TOTAL FM JAN 1     0    HIGHEST SLP M ON M
DPTR FM NORMAL     0    LOWEST  SLP 29.35 ON M

[REMARKS]
