000
CXUS53 KGRR 261017
CF6BTL
PRELIMINARY LOCAL CLIMATOLOGICAL DATA (WS FORM: F-6)

                                          STATION:   BATTLE CREEK
                                          MONTH:     APRIL
                                          YEAR:      2018
                                          LATITUDE:   42 17 N
                                          LONGITUDE:  85 14 W

  TEMPERATURE IN F:       :PCPN:    SNOW:  WIND      :SUNSHINE: SKY     :PK WND
================================================================================
1   2   3   4   5  6A  6B    7    8   9   10  11  12  13   14  15   16   17  18
                                     12Z  AVG MX 2MIN
DY MAX MIN AVG DEP HDD CDD  WTR  SNW DPTH SPD SPD DIR MIN PSBL S-S WX    SPD DR
================================================================================

 1  37  22  30 -12  35   0 0.00    M    M  9.9 20 300   M    M   3        26 280
 2  43  19  31 -12  34   0 0.00    M    M  5.3 14 210   M    M   2        20 190
 3  39  34  37  -6  28   0 0.46    M    M  9.5 21  60   M    M  10 138    25  50
 4  34  28  31 -13  34   0 0.02    M    M 16.1 30 300   M    M  10 18     42 310
 5  43  22  33 -11  32   0    T    M    M 10.3 21 290   M    M   5 1      25 280
 6  38  21  30 -14  35   0 0.11    M    M 13.0 28 310   M    M   8 18     35 300
 7  35  17  26 -19  39   0 0.00    M    M  8.6 21 280   M    M   3        25 290
 8  41  15  28 -17  37   0 0.00    M    M  3.8 13 290   M    M   1        17 290
 9  38  26  32 -14  33   0 0.05    M    M  4.9 13 300   M    M   9 18     15 290
10  45  23  34 -12  31   0 0.00    M    M  7.1 18 280   M    M   4 1      29 250
11  58  34  46   0  19   0    T    M    M 11.6 25 230   M    M   8        32 240
12  73  46  60  13   5   0 0.15    M    M 14.0 30 260   M    M   5 1      39 260
13  62  41  52   5  13   0    T    M    M 10.5 18  50   M    M   8 1      24  40
14  41  31  36 -12  29   0 0.91    M    M 18.5 29  50   M    M  10 1      39  50
15  37  31  34 -14  31   0 0.61    M    M  9.9 23  80   M    M  10 16     30  90
16  37  30  34 -14  31   0 0.02    M    M 14.2 24 300   M    M  10 18     33 280
17  33  28  31 -18  34   0 0.01    M    M 13.9 24 300   M    M   8 18     34 290
18  45  25  35 -14  30   0 0.07    M    M  6.6 15  50   M    M   7 18     19  70
19  55  32  44  -6  21   0    T    M    M 10.9 21 300   M    M   2 1      28 310
20  60  28  44  -6  21   0 0.00    M    M  2.9 12 320   M    M   0        16  40
21  58  31  45  -5  20   0 0.00    M    M  4.1 13 200   M    M   0        15 200
22  64  33  49  -2  16   0 0.00    M    M  6.8 17 110   M    M   0        23 110
23  74  41  58   7   7   0 0.00    M    M  8.9 20 200   M    M   2        26 190
24  59  52  56   5   9   0 0.08    M    M  5.5 13 140   M    M  10 1      16 100
25  61  40  51  -1  14   0    T    M    0  9.7 18 290   M    M   3 1      25 300
================================================================================
SM 1210  750       638   0  2.49    M    236.5          M      138
================================================================================
AV 48.4 30.0                               9.5 FASTST   M    M   6    MAX(MPH)
                                 MISC ---->  # 30 300               # 42  310
================================================================================
NOTES:
# LAST OF SEVERAL OCCURRENCES

COLUMN 17 PEAK WIND IN M.P.H.

PRELIMINARY LOCAL CLIMATOLOGICAL DATA (WS FORM: F-6) , PAGE 2

                                          STATION:  BATTLE CREEK
                                          MONTH:    APRIL
                                          YEAR:     2018
                                          LATITUDE:   42 17 N
                                          LONGITUDE:  85 14 W

[TEMPERATURE DATA]      [PRECIPITATION DATA]       SYMBOLS USED IN COLUMN 16

AVERAGE MONTHLY: 39.2   TOTAL FOR MONTH:   2.49    1 = FOG OR MIST
DPTR FM NORMAL:  -8.0   DPTR FM NORMAL:    0.17    2 = FOG REDUCING VISIBILITY
HIGHEST:    74 ON 23    GRTST 24HR  0.91 ON 14-14      TO 1/4 MILE OR LESS
LOWEST:     15 ON  8                               3 = THUNDER
                        SNOW, ICE PELLETS, HAIL    4 = ICE PELLETS
                        TOTAL MONTH:    M          5 = HAIL
                        GRTST 24HR    M  ON   M    6 = FREEZING RAIN OR DRIZZLE
                        GRTST DEPTH:   0           7 = DUSTSTORM OR SANDSTORM:
                                                       VSBY 1/2 MILE OR LESS
                                                   8 = SMOKE OR HAZE
[NO. OF DAYS WITH]      [WEATHER - DAYS WITH]      9 = BLOWING SNOW
                                                   X = TORNADO
MAX 32 OR BELOW:   0    0.01 INCH OR MORE:  11
MAX 90 OR ABOVE:   0    0.10 INCH OR MORE:   5
MIN 32 OR BELOW:  17    0.50 INCH OR MORE:   2
MIN  0 OR BELOW:   0    1.00 INCH OR MORE:   0

[HDD (BASE 65) ]
TOTAL THIS MO.   638    CLEAR  (SCALE 0-3)   9
DPTR FM NORMAL   188    PTCLDY (SCALE 4-7)   8
TOTAL FM JUL 1  6244    CLOUDY (SCALE 8-10)  8
DPTR FM NORMAL   -81

[CDD (BASE 65) ]
TOTAL THIS MO.     0
DPTR FM NORMAL     0    [PRESSURE DATA]
TOTAL FM JAN 1     0    HIGHEST SLP M ON M
DPTR FM NORMAL     0    LOWEST  SLP 29.49 ON  3

[REMARKS]
