000
CXUS54 KMAF 211100
CF6CNM
PRELIMINARY LOCAL CLIMATOLOGICAL DATA (WS FORM: F-6)

                                          STATION:   Carlsbad
                                          MONTH:     MAY
                                          YEAR:      2018
                                          LATITUDE:   32 20 N
                                          LONGITUDE: 104 15 W

  TEMPERATURE IN F:       :PCPN:    SNOW:  WIND      :SUNSHINE: SKY     :PK WND
================================================================================
1   2   3   4   5  6A  6B    7    8   9   10  11  12  13   14  15   16   17  18
                                     12Z  AVG MX 2MIN
DY MAX MIN AVG DEP HDD CDD  WTR  SNW DPTH SPD SPD DIR MIN PSBL S-S WX    SPD DR
================================================================================

 1  87  55  71   3   0   6 0.00  0.0    0  9.9 28 200   M    M   0 1      39 200
 2  87  55  71   3   0   6 0.00  0.0    0 12.9 33 220   M    M   2 8      41 250
 3  82  55  69   1   0   4 0.00  0.0    0 12.1 26 270   M    M   0        34 240
 4  81  53  67  -2   0   2 0.00  0.0    0  9.8 20 330   M    M   0        25 330
 5  86  48  67  -2   0   2 0.00  0.0    0  6.2 14 170   M    M   0        17  40
 6  90  53  72   3   0   7 0.00  0.0    0  9.9 21 170   M    M   0        26 140
 7  96  53  75   5   0  10 0.00  0.0    0 10.9 20 130   M    M   0        26 130
 8  98  62  80  10   0  15 0.00  0.0    0  8.9 15  50   M    M   0        21  80
 9 100  56  78   8   0  13 0.00  0.0    0 11.4 24 340   M    M   1        29 330
10 103  59  81  10   0  16 0.00  0.0    0  9.0 21 230   M    M   1        37 200
11 100  60  80   9   0  15 0.00  0.0    0 13.9 31 250   M    M   0        39 260
12  99  59  79   8   0  14 0.00  0.0    0  9.1 23 230   M    M   0        36 210
13  96  65  81   9   0  16 0.00  0.0    0 10.2 24 240   M    M   0        30 270
14  95  57  76   4   0  11 0.00  0.0    0  8.1 20 240   M    M   0        24 180
15  98  57  78   6   0  13 0.00  0.0    0  7.8 23 270   M    M   0        27 250
16  96  59  78   5   0  13 0.00  0.0    0  7.5 18 340   M    M   1        24 320
17 102  65  84  11   0  19 0.00  0.0    0 11.5 26 150   M    M   1 38     34 150
18  97  53  75   2   0  10 0.00  0.0    0 11.4 28 260   M    M   1        36 250
19  94  58  76   2   0  11 0.00  0.0    0 10.0 18 360   M    M   1        27  10
20  83  64  74   0   0   9 0.00  0.0    0 12.1 25  70   M    M   3 8      31  70
================================================================================
SM 1870 1146         0 212  0.00     0.0 202.6          M       11
================================================================================
AV 93.5 57.3                              10.1 FASTST   M    M   1    MAX(MPH)
                                 MISC ---->  # 33 220               # 41  250
================================================================================
NOTES:
# LAST OF SEVERAL OCCURRENCES

COLUMN 17 PEAK WIND IN M.P.H.

PRELIMINARY LOCAL CLIMATOLOGICAL DATA (WS FORM: F-6) , PAGE 2

                                          STATION:  Carlsbad
                                          MONTH:    MAY
                                          YEAR:     2018
                                          LATITUDE:   32 20 N
                                          LONGITUDE: 104 15 W

[TEMPERATURE DATA]      [PRECIPITATION DATA]       SYMBOLS USED IN COLUMN 16

AVERAGE MONTHLY: 75.4   TOTAL FOR MONTH:   0.00    1 = FOG OR MIST
DPTR FM NORMAL:   4.6   DPTR FM NORMAL:   -0.82    2 = FOG REDUCING VISIBILITY
HIGHEST:   103 ON 10    GRTST 24HR  0.00 ON 20-20      TO 1/4 MILE OR LESS
LOWEST:     48 ON  5                               3 = THUNDER
                        SNOW, ICE PELLETS, HAIL    4 = ICE PELLETS
                        TOTAL MONTH:   0.0 INCH    5 = HAIL
                        GRTST 24HR     0.0         6 = FREEZING RAIN OR DRIZZLE
                        GRTST DEPTH:   0           7 = DUSTSTORM OR SANDSTORM:
                                                       VSBY 1/2 MILE OR LESS
                                                   8 = SMOKE OR HAZE
[NO. OF DAYS WITH]      [WEATHER - DAYS WITH]      9 = BLOWING SNOW
                                                   X = TORNADO
MAX 32 OR BELOW:   0    0.01 INCH OR MORE:   0
MAX 90 OR ABOVE:  14    0.10 INCH OR MORE:   0
MIN 32 OR BELOW:   0    0.50 INCH OR MORE:   0
MIN  0 OR BELOW:   0    1.00 INCH OR MORE:   0

[HDD (BASE 65) ]
TOTAL THIS MO.     0    CLEAR  (SCALE 0-3)  20
DPTR FM NORMAL   -13    PTCLDY (SCALE 4-7)   0
TOTAL FM JUL 1  2612    CLOUDY (SCALE 8-10)  0
DPTR FM NORMAL  -206

[CDD (BASE 65) ]
TOTAL THIS MO.   212
DPTR FM NORMAL    80    [PRESSURE DATA]
TOTAL FM JAN 1   292    HIGHEST SLP M ON M
DPTR FM NORMAL    83    LOWEST  SLP 29.56 ON 18

[REMARKS]
