000
CXUS55 KRIW 250945
CF6CPR
PRELIMINARY LOCAL CLIMATOLOGICAL DATA (WS FORM: F-6)

                                          STATION:   CASPER WY
                                          MONTH:     APRIL
                                          YEAR:      2018
                                          LATITUDE:   42 55 N
                                          LONGITUDE: 106 28 W

  TEMPERATURE IN F:       :PCPN:    SNOW:  WIND      :SUNSHINE: SKY     :PK WND
================================================================================
1   2   3   4   5  6A  6B    7    8   9   10  11  12  13   14  15   16   17  18
                                     12Z  AVG MX 2MIN
DY MAX MIN AVG DEP HDD CDD  WTR  SNW DPTH SPD SPD DIR MIN PSBL S-S WX    SPD DR
================================================================================

 1  59  15  37  -2  28   0    T    T    T 11.8 32 240   M    M   5 1      43 240
 2  56  18  37  -2  28   0 0.11  1.3    0 16.0 44 240   M    M   5 1      54 230
 3  42   5  24 -16  41   0    T    T    1 11.5 26 280   M    M   2 1      32 270
 4  57  21  39  -1  26   0 0.00  0.0    0 13.3 26 310   M    M   3        33 310
 5  50  22  36  -4  29   0 0.00  0.0    0 13.8 23 230   M    M   4        28 230
 6  27  15  21 -19  44   0 0.07  1.0    0 12.8 23  50   M    M   9 18     26  50
 7  58  14  36  -4  29   0    T  0.0    0 12.3 41 300   M    M   4        50 300
 8  57  30  44   3  21   0 0.11  0.2    0 12.6 40 300   M    M   6 1      46 290
 9  53  19  36  -5  29   0    T  0.7    1  7.6 20 210   M    M   3 1      23 300
10  68  24  46   5  19   0 0.00  0.0    0 15.7 32 250   M    M   1        41 240
11  69  46  58  17   7   0 0.00  0.0    0 18.3 36 280   M    M   2        45 290
12  64  35  50   8  15   0    T  0.0    0 12.1 37 250   M    M   5        44 250
13  37  26  32 -10  33   0    T    T    T 14.5 30  20   M    M   9 1      35  10
14  55  19  37  -5  28   0 0.00  0.0    0  9.5 23 330   M    M   3        28 290
15  63  18  41  -1  24   0 0.00  0.0    0  7.5 23 210   M    M   2        50 300
16  75  24  50   7  15   0 0.00  0.0    0 18.9 40 220   M    M   0        50 210
17  59  21  40  -3  25   0 0.15  2.5    1 15.3 35  10   M    M   4 12     44 200
18  49  18  34  -9  31   0 0.00  0.0    0  9.5 17 240   M    M   1        20 230
19  65  29  47   3  18   0 0.00  0.0    0 11.3 24  90   M    M   0        29  90
20  49  33  41  -3  24   0 0.16    T    T 11.5 26  30   M    M   6 18     31  30
21  63  35  49   5  16   0 0.00  0.0    0  6.0 15 100   M    M   4 18     21  90
22  69  28  49   5  16   0 0.00  0.0    0  5.5 18 110   M    M   0 1      22 100
23  56  32  44  -1  21   0 0.02  0.0    0 12.7 29  20   M    M   6        34  20
24  43  24  34 -11  31   0 0.01    T    0  8.8 17 350   M    M   8 1      21  30
================================================================================
SM 1343  571       598   0  0.63     5.7 288.8          M       92
================================================================================
AV 56.0 23.8                              12.0 FASTST   M    M   4    MAX(MPH)
                                 MISC ---->  # 44 240               # 54  230
================================================================================
NOTES:
# LAST OF SEVERAL OCCURRENCES

COLUMN 17 PEAK WIND IN M.P.H.

PRELIMINARY LOCAL CLIMATOLOGICAL DATA (WS FORM: F-6) , PAGE 2

                                          STATION:  CASPER WY
                                          MONTH:    APRIL
                                          YEAR:     2018
                                          LATITUDE:   42 55 N
                                          LONGITUDE: 106 28 W

[TEMPERATURE DATA]      [PRECIPITATION DATA]       SYMBOLS USED IN COLUMN 16

AVERAGE MONTHLY: 39.9   TOTAL FOR MONTH:   0.63    1 = FOG OR MIST
DPTR FM NORMAL:  -2.0   DPTR FM NORMAL:   -0.34    2 = FOG REDUCING VISIBILITY
HIGHEST:    75 ON 16    GRTST 24HR  0.16 ON 20-20      TO 1/4 MILE OR LESS
LOWEST:      5 ON  3                               3 = THUNDER
                        SNOW, ICE PELLETS, HAIL    4 = ICE PELLETS
                        TOTAL MONTH:   5.7 INCHES  5 = HAIL
                        GRTST 24HR   2.5 ON 17-17  6 = FREEZING RAIN OR DRIZZLE
                        GRTST DEPTH:   1 ON 17, 9  7 = DUSTSTORM OR SANDSTORM:
                                                       VSBY 1/2 MILE OR LESS
                                                   8 = SMOKE OR HAZE
[NO. OF DAYS WITH]      [WEATHER - DAYS WITH]      9 = BLOWING SNOW
                                                   X = TORNADO
MAX 32 OR BELOW:   1    0.01 INCH OR MORE:   7
MAX 90 OR ABOVE:   0    0.10 INCH OR MORE:   4
MIN 32 OR BELOW:  20    0.50 INCH OR MORE:   0
MIN  0 OR BELOW:   0    1.00 INCH OR MORE:   0

[HDD (BASE 65) ]
TOTAL THIS MO.   598    CLEAR  (SCALE 0-3)  10
DPTR FM NORMAL    42    PTCLDY (SCALE 4-7)  12
TOTAL FM JUL 1  6969    CLOUDY (SCALE 8-10)  2
DPTR FM NORMAL    40

[CDD (BASE 65) ]
TOTAL THIS MO.     0
DPTR FM NORMAL     0    [PRESSURE DATA]
TOTAL FM JAN 1     0    HIGHEST SLP M ON M
DPTR FM NORMAL     0    LOWEST  SLP 29.35 ON M

[REMARKS]
