000
CXUS56 KTFX 191110
CF6CTB
PRELIMINARY LOCAL CLIMATOLOGICAL DATA (WS FORM: F-6)
STATION: CUT BANK MT
MONTH: APRIL
YEAR: 2024
LATITUDE: 48 37 N
LONGITUDE: 112 23 W
TEMPERATURE IN F: :PCPN: SNOW: WIND :SUNSHINE: SKY :PK WND
================================================================================
1 2 3 4 5 6A 6B 7 8 9 10 11 12 13 14 15 16 17 18
12Z AVG MX 2MIN
DY MAX MIN AVG DEP HDD CDD WTR SNW DPTH SPD SPD DIR MIN PSBL S-S WX SPD DR
================================================================================
1 58 24 41 4 24 0 0.00 M M 11.5 20 250 M M 2 26 260
2 69 34 52 15 13 0 0.00 M M 18.2 32 250 M M 0 43 240
3 61 39 50 13 15 0 T M M 19.9 45 250 M M 2 56 240
4 39 31 35 -2 30 0 0.15 M M 17.2 29 340 M M 10 168 35 340
5 37 30 34 -4 31 0 0.04 M M 14.2 28 350 M M 10 1 34 350
6 41 30 36 -2 29 0 0.04 M M 10.4 24 320 M M 10 1 31 320
7 48 33 41 3 24 0 0.02 M M 15.7 26 300 M M 10 1 33 310
8 52 26 39 1 26 0 0.00 M M 23.1 45 260 M M 0 58 260
9 57 31 44 5 21 0 T M M 24.5 41 250 M M 3 52 250
10 53 26 40 1 25 0 T M M 8.1 20 330 M M 3 26 340
11 61 25 43 4 22 0 0.00 M M 6.9 17 190 M M 1 28 170
12 65 36 51 12 14 0 0.00 M M 11.2 26 250 M M 2 36 240
13 70 42 56 16 9 0 0.00 M M 11.9 25 270 M M 1 32 260
14 71 34 53 13 12 0 0.00 M M 7.3 18 40 M M 0 24 60
15 68 36 52 12 13 0 0.00 M M 17.2 31 260 M M 0 40 250
16 52 26 39 -1 26 0 T M M 16.4 30 330 M M 4 9 40 290
17 36 19 28 -12 37 0 T M M 22.2 37 340 M M 8 1 46 330
18 37 15 26 -15 39 0 0.00 M M 14.5 25 360 M M 5 32 350
================================================================================
SM 975 537 410 0 0.25 M 270.4 M 71
================================================================================
AV 54.2 29.8 15.0 FASTST M M 4 MAX(MPH)
MISC ----> # 45 250 58 260
================================================================================
NOTES:
# LAST OF SEVERAL OCCURRENCES
COLUMN 17 PEAK WIND IN M.P.H.
PRELIMINARY LOCAL CLIMATOLOGICAL DATA (WS FORM: F-6) , PAGE 2
STATION: CUT BANK MT
MONTH: APRIL
YEAR: 2024
LATITUDE: 48 37 N
LONGITUDE: 112 23 W
[TEMPERATURE DATA] [PRECIPITATION DATA] SYMBOLS USED IN COLUMN 16
AVERAGE MONTHLY: 42.0 TOTAL FOR MONTH: 0.25 1 = FOG OR MIST
DPTR FM NORMAL: 3.3 DPTR FM NORMAL: -0.27 2 = FOG REDUCING VISIBILITY
HIGHEST: 71 ON 14 GRTST 24HR 0.15 ON 3- 4 TO 1/4 MILE OR LESS
LOWEST: 15 ON 18 3 = THUNDER
SNOW, ICE PELLETS, HAIL 4 = ICE PELLETS
TOTAL MONTH: M 5 = HAIL
GRTST 24HR M ON M 6 = FREEZING RAIN OR DRIZZLE
GRTST DEPTH: M ON M 7 = DUSTSTORM OR SANDSTORM:
VSBY 1/2 MILE OR LESS
8 = SMOKE OR HAZE
[NO. OF DAYS WITH] [WEATHER - DAYS WITH] 9 = BLOWING SNOW
X = TORNADO
MAX 32 OR BELOW: 0 0.01 INCH OR MORE: 4
MAX 90 OR ABOVE: 0 0.10 INCH OR MORE: 1
MIN 32 OR BELOW: 11 0.50 INCH OR MORE: 0
MIN 0 OR BELOW: 0 1.00 INCH OR MORE: 0
[HDD (BASE 65) ]
TOTAL THIS MO. 410 CLEAR (SCALE 0-3) 10
DPTR FM NORMAL -64 PTCLDY (SCALE 4-7) 4
TOTAL FM JUL 1 7010 CLOUDY (SCALE 8-10) 4
DPTR FM NORMAL -586
[CDD (BASE 65) ]
TOTAL THIS MO. 0
DPTR FM NORMAL 0 [PRESSURE DATA]
TOTAL FM JAN 1 0 HIGHEST SLP M ON M
DPTR FM NORMAL 0 LOWEST SLP 29.67 ON 15
[REMARKS]