319
CXUS54 KSHV 261500
CF6DEQ
PRELIMINARY LOCAL CLIMATOLOGICAL DATA (WS FORM: F-6)

                                          STATION:   DE QUEEN
                                          MONTH:     APRIL
                                          YEAR:      2018
                                          LATITUDE:   34  2 N
                                          LONGITUDE:  94 24 W

  TEMPERATURE IN F:       :PCPN:    SNOW:  WIND      :SUNSHINE: SKY     :PK WND
================================================================================
1   2   3   4   5  6A  6B    7    8   9   10  11  12  13   14  15   16   17  18
                                     12Z  AVG MX 2MIN
DY MAX MIN AVG DEP HDD CDD  WTR  SNW DPTH SPD SPD DIR MIN PSBL S-S WX    SPD DR
================================================================================

 1  72  56  64   7   1   0 0.74  0.0    0  5.1 16 260   M    M   9 1      20 230
 2  71  49  60   3   5   0 0.00  0.0    0  5.5 16 180   M    M   7 1      24 180
 3  81  49  65   7   0   0    T    M    0  9.5 22 240   M    M   6 3      31 340
 4  64  35  50  -8  15   0 0.00  0.0    0  3.4 13  10   M    M   0 8      20  10
 5  60  37  49  -9  16   0    T    M    0  5.3 15 130   M    M   6        20 150
 6  61  53  57  -1   8   0 1.13  0.0    0  6.0 17 300   M    M  10 13     24  60
 7  57  32  45 -14  20   0 0.15    M    0  6.7 17  40   M    M   8 12     24  50
 8  54  30  42 -17  23   0 0.00  0.0    0  4.0 16 110   M    M   7 12     21 100
 9  72  43  58  -1   7   0 0.00  0.0    0  4.5 13 360   M    M   1        17 360
10  71  39  55  -4  10   0 0.00  0.0    0  4.1 14  40   M    M   0 1      19  30
11  78  39  59  -1   6   0 0.00  0.0    0  5.9 17 200   M    M   0 1      24 190
12  82  47  65   5   0   0 0.00  0.0    0  7.4 21 170   M    M   1        29 170
13  77  61  69   9   0   4 1.21  0.0    0  8.3 31 270   M    M   9 13     42 270
14  63  38  51 -10  14   0 0.25    M    0 10.1 22 270   M    M   3 13     28 320
15  56  36  46 -15  19   0 0.00  0.0    0 11.8 23 310   M    M   3        30 280
16  72  30  51 -10  14   0 0.00  0.0    0  3.3 13 200   M    M   0 1      17 260
17  83  43  63   1   2   0 0.00  0.0    0  7.0 21 190   M    M   0 1      29 180
18  80  49  65   3   0   0 0.00  0.0    0  6.7 18 290   M    M   2        25 290
19  68  39  54  -8  11   0 0.00  0.0    0  4.9 15 360   M    M   0        22  20
20  68  40  54  -8  11   0 0.00  0.0    0  8.1 20  90   M    M   0        25  60
21  68  43  56  -7   9   0 0.94  0.0    0  4.6 20 110   M    M   4 1      26 120
22  60  54  57  -6   8   0 0.00  0.0    0  7.4 15 310   M    M  10 1      22 290
23  73  52  63   0   2   0 0.00  0.0    0  6.2 14 310   M    M   7 12     19 320
24  82  48  65   1   0   0 0.00  0.0    0  2.4 12 310   M    M   0 12     17 330
25  66  51  59  -5   6   0 0.14  0.0    0  4.6 14 280   M    M   7 1      19 270
================================================================================
SM 1739 1093       207   4  4.56     0.0 152.8          M      100
================================================================================
AV 69.6 43.7                               6.1 FASTST   M    M   4    MAX(MPH)
                                 MISC ---->  # 31 270               # 42  270
================================================================================
NOTES:
# LAST OF SEVERAL OCCURRENCES

COLUMN 17 PEAK WIND IN M.P.H.

PRELIMINARY LOCAL CLIMATOLOGICAL DATA (WS FORM: F-6) , PAGE 2

                                          STATION:  DE QUEEN
                                          MONTH:    APRIL
                                          YEAR:     2018
                                          LATITUDE:   34  2 N
                                          LONGITUDE:  94 24 W

[TEMPERATURE DATA]      [PRECIPITATION DATA]       SYMBOLS USED IN COLUMN 16

AVERAGE MONTHLY: 56.6   TOTAL FOR MONTH:   4.56    1 = FOG OR MIST
DPTR FM NORMAL:  -3.8   DPTR FM NORMAL:    1.52    2 = FOG REDUCING VISIBILITY
HIGHEST:    83 ON 17    GRTST 24HR  1.21 ON 13-13      TO 1/4 MILE OR LESS
LOWEST:     30 ON 16, 8                            3 = THUNDER
                        SNOW, ICE PELLETS, HAIL    4 = ICE PELLETS
                        TOTAL MONTH:   0.0 INCH    5 = HAIL
                        GRTST 24HR     0.0         6 = FREEZING RAIN OR DRIZZLE
                        GRTST DEPTH:   0           7 = DUSTSTORM OR SANDSTORM:
                                                       VSBY 1/2 MILE OR LESS
                                                   8 = SMOKE OR HAZE
[NO. OF DAYS WITH]      [WEATHER - DAYS WITH]      9 = BLOWING SNOW
                                                   X = TORNADO
MAX 32 OR BELOW:   0    0.01 INCH OR MORE:   7
MAX 90 OR ABOVE:   0    0.10 INCH OR MORE:   7
MIN 32 OR BELOW:   3    0.50 INCH OR MORE:   4
MIN  0 OR BELOW:   0    1.00 INCH OR MORE:   2

[HDD (BASE 65) ]
TOTAL THIS MO.   207    CLEAR  (SCALE 0-3)  13
DPTR FM NORMAL    66    PTCLDY (SCALE 4-7)   7
TOTAL FM JUL 1  2862    CLOUDY (SCALE 8-10)  5
DPTR FM NORMAL  -147

[CDD (BASE 65) ]
TOTAL THIS MO.     4
DPTR FM NORMAL   -24    [PRESSURE DATA]
TOTAL FM JAN 1    18    HIGHEST SLP M ON M
DPTR FM NORMAL   -21    LOWEST  SLP 29.53 ON 13

[REMARKS]
