000
CXUS54 KMAF 221110
CF6E38
PRELIMINARY LOCAL CLIMATOLOGICAL DATA (WS FORM: F-6)
STATION: ALPINE-CASPARIS MUNICIPAL
MONTH: APRIL
YEAR: 2024
LATITUDE: 30 23 N
LONGITUDE: 103 41 W
TEMPERATURE IN F: :PCPN: SNOW: WIND :SUNSHINE: SKY :PK WND
================================================================================
1 2 3 4 5 6A 6B 7 8 9 10 11 12 13 14 15 16 17 18
12Z AVG MX 2MIN
DY MAX MIN AVG DEP HDD CDD WTR SNW DPTH SPD SPD DIR MIN PSBL S-S WX SPD DR
================================================================================
1 78 53 66 M 0 1 M M M 18.9 36 220 M M 1 48 220
2 59 37 48 M 17 0 0.02 M M 5.6 21 20 M M 4 28 300
3 72 32 52 M 13 0 M M M 1.3 10 200 M M 0 M M
4 78 44 61 M 4 0 M M M 8.0 15 190 M M 0 20 240
5 83 49 66 M 0 1 M M M 10.0 21 180 M M 0 30 170
6 82 52 67 M 0 2 M M M 14.7 24 230 M M 0 36 250
7 77 42 60 M 5 0 M M M 6.7 20 240 M M 0 26 250
8 80 35 58 M 7 0 M M M 5.3 18 200 M M 0 25 200
9 66 44 55 M 10 0 M M M 6.9 25 340 M M 2 32 340
10 73 31 52 M 13 0 M M M 5.8 22 310 M M 0 25 340
11 77 38 58 M 7 0 M M M 6.4 14 200 M M 0 20 160
12 80 51 66 M 0 1 M M M 10.4 18 180 M M 0 26 180
13 83 58 71 M 0 6 M M M 6.2 13 220 M M 0 17 190
14 89 58 74 M 0 9 M M M 5.5 15 290 M M 0 22 310
15 90 60 75 M 0 10 M M M 10.6 22 290 M M 1 29 290
16 82 42 62 M 3 0 M M M 7.2 16 260 M M 0 26 260
17 87 51 69 M 0 4 M M M 5.6 15 240 M M 0 20 200
18 91 51 71 M 0 6 M M M 5.8 16 250 M M 0 22 250
19 71 55 63 M 2 0 M M M 5.6 13 70 M M 3 20 70
20 60 47 54 M 11 0 M M M 2.8 12 50 M M 10 20 20
21 51 44 48 M 17 0 M M M 1.4 10 40 M M 10 M M
================================================================================
SM 1609 974 109 40 0.02 M 150.5 M 31
================================================================================
AV 76.6 46.4 7.2 FASTST M M 1 MAX(MPH)
MISC ----> 36 220 48 220
================================================================================
NOTES:
# LAST OF SEVERAL OCCURRENCES
COLUMN 17 PEAK WIND IN M.P.H.
PRELIMINARY LOCAL CLIMATOLOGICAL DATA (WS FORM: F-6) , PAGE 2
STATION: ALPINE-CASPARIS MUNICIPAL
MONTH: APRIL
YEAR: 2024
LATITUDE: 30 23 N
LONGITUDE: 103 41 W
[TEMPERATURE DATA] [PRECIPITATION DATA] SYMBOLS USED IN COLUMN 16
AVERAGE MONTHLY: 61.5 TOTAL FOR MONTH: 0.02 1 = FOG OR MIST
DPTR FM NORMAL: 0.0 DPTR FM NORMAL: 0.02 2 = FOG REDUCING VISIBILITY
HIGHEST: 91 ON 18 GRTST 24HR 0.02 ON 2- 2 TO 1/4 MILE OR LESS
LOWEST: 31 ON 10 3 = THUNDER
SNOW, ICE PELLETS, HAIL 4 = ICE PELLETS
TOTAL MONTH: M 5 = HAIL
GRTST 24HR M ON M 6 = FREEZING RAIN OR DRIZZLE
GRTST DEPTH: M ON M 7 = DUSTSTORM OR SANDSTORM:
VSBY 1/2 MILE OR LESS
8 = SMOKE OR HAZE
[NO. OF DAYS WITH] [WEATHER - DAYS WITH] 9 = BLOWING SNOW
X = TORNADO
MAX 32 OR BELOW: 0 0.01 INCH OR MORE: 1
MAX 90 OR ABOVE: 2 0.10 INCH OR MORE: 0
MIN 32 OR BELOW: 2 0.50 INCH OR MORE: 0
MIN 0 OR BELOW: 0 1.00 INCH OR MORE: 0
[HDD (BASE 65) ]
TOTAL THIS MO. 109 CLEAR (SCALE 0-3) 18
DPTR FM NORMAL M PTCLDY (SCALE 4-7) 1
TOTAL FM JUL 1 2157 CLOUDY (SCALE 8-10) 2
DPTR FM NORMAL M
[CDD (BASE 65) ]
TOTAL THIS MO. 40
DPTR FM NORMAL M [PRESSURE DATA]
TOTAL FM JAN 1 60 HIGHEST SLP M ON M
DPTR FM NORMAL M LOWEST SLP M ON M
[REMARKS]