000
CXUS54 KOUN 230700
CF6GAG
PRELIMINARY LOCAL CLIMATOLOGICAL DATA (WS FORM: F-6)

                                          STATION:   GAGE
                                          MONTH:     APRIL
                                          YEAR:      2018
                                          LATITUDE:   36 17 N
                                          LONGITUDE:  99 46 W

  TEMPERATURE IN F:       :PCPN:    SNOW:  WIND      :SUNSHINE: SKY     :PK WND
================================================================================
1   2   3   4   5  6A  6B    7    8   9   10  11  12  13   14  15   16   17  18
                                     12Z  AVG MX 2MIN
DY MAX MIN AVG DEP HDD CDD  WTR  SNW DPTH SPD SPD DIR MIN PSBL S-S WX    SPD DR
================================================================================

 1  40  30  35 -17  30   0 0.00  0.0    0 12.5 23  60   M    M   3        30  50
 2  72  24  48  -4  17   0 0.00  0.0    0 18.4 33 180   M    M   1        42 180
 3  56  27  42 -11  23   0 0.00  0.0    0 20.9 39 350   M    M   1        50 360
 4  63  19  41 -12  24   0 0.00  0.0    0 15.0 31 190   M    M   0        41 200
 5  76  47  62   9   3   0 0.00  0.0    0 11.1 24 170   M    M   0        31 180
 6  57  23  40 -14  25   0    T    M    0 18.1 30  30   M    M   8 18     38  30
 7  46  18  32 -22  33   0    T    M    M 11.1 24  20   M    M   5 18     30  40
 8  65  34  50  -4  15   0    T    M    0 11.4 28 190   M    M   0        35 190
 9  58  34  46  -9  19   0    T  0.0    0  7.0 22 340   M    M   4        26 340
10  78  30  54  -1  11   0 0.00  0.0    0 13.0 28 240   M    M   3 1      37 200
11  97  55  76  21   0  11 0.00  0.0    0 23.3 35 190   M    M   0        43 200
12 101  61  81  25   0  16 0.00  0.0    0 20.4 37 230   M    M   1        50 230
13  83  35  59   3   6   0 0.00  0.0    0 22.8 37 290   M    M   2        45 300
14  50  27  39 -17  26   0 0.00  0.0    0 24.9 41 320   M    M   5        53 320
15  66  25  46 -10  19   0 0.00  0.0    0 10.7 23 330   M    M   0        30 330
16  85  28  57   0   8   0 0.00  0.0    0 12.4 28 160   M    M   0        36 160
17  99  47  73  16   0   8 0.00  0.0    0 20.7 38 240   M    M   1 8      50 340
18  71  41  56  -2   9   0 0.00  0.0    0 16.9 35 340   M    M   0        45 350
19  69  28  49  -9  16   0 0.00  0.0    0  7.6 15 110   M    M   0        19 110
20  68  45  57  -1   8   0 0.75  0.0    0 14.9 31 150   M    M   7 13     39 150
21  49  45  47 -11  18   0 0.11  0.0    0 10.1 23  90   M    M   9 1      30  90
22  65  44  55  -4  10   0 0.00  0.0    0 11.8 23 350   M    M   7 1      29  20
================================================================================
SM 1514  767       320  35  0.86     0.0 335.0          M       57
================================================================================
AV 68.8 34.9                              15.2 FASTST   M    M   3    MAX(MPH)
                                 MISC ---->  # 41 320               # 53  320
================================================================================
NOTES:
# LAST OF SEVERAL OCCURRENCES

COLUMN 17 PEAK WIND IN M.P.H.

PRELIMINARY LOCAL CLIMATOLOGICAL DATA (WS FORM: F-6) , PAGE 2

                                          STATION:  GAGE
                                          MONTH:    APRIL
                                          YEAR:     2018
                                          LATITUDE:   36 17 N
                                          LONGITUDE:  99 46 W

[TEMPERATURE DATA]      [PRECIPITATION DATA]       SYMBOLS USED IN COLUMN 16

AVERAGE MONTHLY: 51.8   TOTAL FOR MONTH:   0.86    1 = FOG OR MIST
DPTR FM NORMAL:  -3.6   DPTR FM NORMAL:   -0.32    2 = FOG REDUCING VISIBILITY
HIGHEST:   101 ON 12    GRTST 24HR  0.75 ON 20-20      TO 1/4 MILE OR LESS
LOWEST:     18 ON  7                               3 = THUNDER
                        SNOW, ICE PELLETS, HAIL    4 = ICE PELLETS
                        TOTAL MONTH:   0.0 INCH    5 = HAIL
                        GRTST 24HR     0.0         6 = FREEZING RAIN OR DRIZZLE
                        GRTST DEPTH:   0           7 = DUSTSTORM OR SANDSTORM:
                                                       VSBY 1/2 MILE OR LESS
                                                   8 = SMOKE OR HAZE
[NO. OF DAYS WITH]      [WEATHER - DAYS WITH]      9 = BLOWING SNOW
                                                   X = TORNADO
MAX 32 OR BELOW:   0    0.01 INCH OR MORE:   2
MAX 90 OR ABOVE:   3    0.10 INCH OR MORE:   2
MIN 32 OR BELOW:  11    0.50 INCH OR MORE:   1
MIN  0 OR BELOW:   0    1.00 INCH OR MORE:   0

[HDD (BASE 65) ]
TOTAL THIS MO.   320    CLEAR  (SCALE 0-3)  15
DPTR FM NORMAL    92    PTCLDY (SCALE 4-7)   6
TOTAL FM JUL 1  3883    CLOUDY (SCALE 8-10)  1
DPTR FM NORMAL  -370

[CDD (BASE 65) ]
TOTAL THIS MO.    35
DPTR FM NORMAL    16    [PRESSURE DATA]
TOTAL FM JAN 1    44    HIGHEST SLP M ON M
DPTR FM NORMAL    20    LOWEST  SLP 29.39 ON 13

[REMARKS]
