000
CXUS51 KRLX 260727
CF6HTS
PRELIMINARY LOCAL CLIMATOLOGICAL DATA (WS FORM: F-6)

                                          STATION:   HUNTINGTON WV
                                          MONTH:     APRIL
                                          YEAR:      2018
                                          LATITUDE:   38 22 N
                                          LONGITUDE:  82 33 W

  TEMPERATURE IN F:       :PCPN:    SNOW:  WIND      :SUNSHINE: SKY     :PK WND
================================================================================
1   2   3   4   5  6A  6B    7    8   9   10  11  12  13   14  15   16   17  18
                                     12Z  AVG MX 2MIN
DY MAX MIN AVG DEP HDD CDD  WTR  SNW DPTH SPD SPD DIR MIN PSBL S-S WX    SPD DR
================================================================================

 1  56  39  48  -4  17   0 0.52  0.0    0  5.8 16 350   M    M  10 18     22 310
 2  47  36  42 -10  23   0 0.10  0.0    0  5.1 13  10   M    M  10 1      18 310
 3  77  44  61   9   4   0 0.21  0.0    0  8.9 23 240   M    M   3 3      34 220
 4  63  33  48  -5  17   0 0.41  0.0    0 12.5 24 290   M    M   7 1      37 280
 5  52  28  40 -13  25   0 0.00  0.0    0  4.1 12 210   M    M   2        15 190
 6  68  38  53   0  12   0    T  0.0    0  9.1 21 330   M    M   3 1      30 330
 7  42  30  36 -18  29   0 0.10  0.2    T  6.6 16  30   M    M   8 18     22 340
 8  48  23  36 -18  29   0 0.00  0.0    0  4.2 12 360   M    M   1        17 270
 9  46  32  39 -15  26   0 0.12  1.0    1  5.1 10 350   M    M  10 1      14  30
10  48  34  41 -14  24   0 0.00  0.0    0  2.9  8 360   M    M   8        10  10
11  65  33  49  -6  16   0 0.00  0.0    0  4.7 15 250   M    M   2        21 230
12  81  51  66  11   0   1 0.00  0.0    0 11.5 25 240   M    M   2        37 240
13  86  63  75  19   0  10 0.00  0.0    0  9.3 22 180   M    M   0        29 190
14  84  65  75  19   0  10    T  0.0    0  8.0 21 190   M    M   4        30 260
15  67  46  57   1   8   0 0.87  0.0    0  5.3 17 280   M    M   9 1      29 270
16  46  33  40 -16  25   0 0.04    T    0 11.1 25 250   M    M  10 1      36 250
17  57  33  45 -12  20   0 0.00  0.0    0 11.3 22 250   M    M   5        31 230
18  79  36  58   1   7   0 0.14  0.0    0  7.2 25 310   M    M   4 1      36 310
19  55  39  47 -10  18   0    T  0.0    0  9.1 21 300   M    M   7        30 280
20  59  36  48 -10  17   0 0.00  0.0    0  5.6 12  60   M    M   0       178  90
21  68  39  54  -4  11   0 0.00  0.0    0  5.6  9  30   M    M   0         9  30
22  68  48  58   0   7   0 0.00  0.0    0  5.9 10  60   M    M   0        16  50
23  62  51  57  -1   8   0 0.14  0.0    0  7.2 14 130   M    M   3        20 140
24  57  52  55  -4  10   0 0.25  0.0    0  5.9 10  40   M    M   9 1      17  40
25  61  47  54  -5  11   0 0.08  0.0    0  4.9 15 330   M    M   7 12     21 330
================================================================================
SM 1542 1009       364  21  2.98     1.2 176.9          M      124
================================================================================
AV 61.7 40.4                               7.1 FASTST   M    M   5    MAX(MPH)
                                 MISC ---->  # 25 240               #178   90
================================================================================
NOTES:
# LAST OF SEVERAL OCCURRENCES

COLUMN 17 PEAK WIND IN M.P.H.

PRELIMINARY LOCAL CLIMATOLOGICAL DATA (WS FORM: F-6) , PAGE 2

                                          STATION:  HUNTINGTON WV
                                          MONTH:    APRIL
                                          YEAR:     2018
                                          LATITUDE:   38 22 N
                                          LONGITUDE:  82 33 W

[TEMPERATURE DATA]      [PRECIPITATION DATA]       SYMBOLS USED IN COLUMN 16

AVERAGE MONTHLY: 51.0   TOTAL FOR MONTH:   2.98    1 = FOG OR MIST
DPTR FM NORMAL:  -4.5   DPTR FM NORMAL:    0.15    2 = FOG REDUCING VISIBILITY
HIGHEST:    86 ON 13    GRTST 24HR  0.87 ON 15-15      TO 1/4 MILE OR LESS
LOWEST:     23 ON  8                               3 = THUNDER
                        SNOW, ICE PELLETS, HAIL    4 = ICE PELLETS
                        TOTAL MONTH:   1.2 INCHES  5 = HAIL
                        GRTST 24HR   1.0 ON  9- 9  6 = FREEZING RAIN OR DRIZZLE
                        GRTST DEPTH:   1 ON  9     7 = DUSTSTORM OR SANDSTORM:
                                                       VSBY 1/2 MILE OR LESS
                                                   8 = SMOKE OR HAZE
[NO. OF DAYS WITH]      [WEATHER - DAYS WITH]      9 = BLOWING SNOW
                                                   X = TORNADO
MAX 32 OR BELOW:   0    0.01 INCH OR MORE:  12
MAX 90 OR ABOVE:   0    0.10 INCH OR MORE:  10
MIN 32 OR BELOW:   4    0.50 INCH OR MORE:   2
MIN  0 OR BELOW:   0    1.00 INCH OR MORE:   0

[HDD (BASE 65) ]
TOTAL THIS MO.   364    CLEAR  (SCALE 0-3)   9
DPTR FM NORMAL   105    PTCLDY (SCALE 4-7)   9
TOTAL FM JUL 1  4312    CLOUDY (SCALE 8-10)  7
DPTR FM NORMAL   -44

[CDD (BASE 65) ]
TOTAL THIS MO.    21
DPTR FM NORMAL    -3    [PRESSURE DATA]
TOTAL FM JAN 1    28    HIGHEST SLP M ON M
DPTR FM NORMAL    -1    LOWEST  SLP 29.57 ON M

[REMARKS]
