000
CXUS53 KBIS 230803
CF6ISN
PRELIMINARY LOCAL CLIMATOLOGICAL DATA (WS FORM: F-6)

                                          STATION:   WILLISTON ND
                                          MONTH:     MAY
                                          YEAR:      2018
                                          LATITUDE:   48 10 N
                                          LONGITUDE: 103 38 W

  TEMPERATURE IN F:       :PCPN:    SNOW:  WIND      :SUNSHINE: SKY     :PK WND
================================================================================
1   2   3   4   5  6A  6B    7    8   9   10  11  12  13   14  15   16   17  18
                                     12Z  AVG MX 2MIN
DY MAX MIN AVG DEP HDD CDD  WTR  SNW DPTH SPD SPD DIR MIN PSBL S-S WX    SPD DR
================================================================================

 1  55  39  47  -2  18   0 0.00    M    M  2.7 15  20   M    M   8        18  30
 2  64  36  50   0  15   0    T    M    M 10.3 26 300   M    M   6        36 300
 3  74  35  55   5  10   0 0.00    M    M  8.6 26 310   M    M   3        31 320
 4  78  39  59   9   6   0 0.00    M    M  6.3 16 270   M    M   2        22 190
 5  78  49  64  13   1   0 0.00    M    M  7.3 18 340   M    M   3        24 360
 6  80  40  60   9   5   0 0.00    M    M  3.8 15 220   M    M   1        18 160
 7  76  46  61  10   4   0 0.01    M    M  4.7 16 360   M    M   5 8      22 320
 8  76  50  63  11   2   0 0.04    M    M  6.4 17 250   M    M   M        27 270
 9  68  41  55   3  10   0 0.00    M    M 12.7 23 360   M    M   2        32  10
10  50  40  45  -7  20   0 0.08    M    M 11.1 22 120   M    M   6        27 130
11  52  43  48  -5  17   0 0.00    M    M  7.6 18 140   M    M  10        23 150
12  66  39  53   0  12   0    T    M    M  5.6 15 220   M    M   5        19 170
13  76  36  56   3   9   0 0.00    M    M  7.5 14 250   M    M   0        18 250
14  79  47  63   9   2   0 0.00    M    M  6.7 21  20   M    M   1        26  60
15  83  50  67  13   0   2 0.00    M    M 10.2 23 200   M    M   0        29 210
16  88  49  69  15   0   4    T    M    M  9.8 29 100   M    M   1 3      40  90
17  76  50  63   9   2   0 0.17    M    M 14.1 30 120   M    M   3 3      40 120
18  58  43  51  -4  14   0    T    M    M 12.6 22  30   M    M   7 1      30  30
19  67  34  51  -4  14   0 0.00    M    M  4.5 17 100   M    M   0        21  90
20  73  31  52  -3  13   0 0.00    M    M  9.0 21 160   M    M   0        29 150
21  80  50  65   9   0   0 0.00    M    M  7.3 16 180   M    M   0        21 200
22  82  48  65   9   0   0    T    M    M  4.9 17  40   M    M   4        24  30
================================================================================
SM 1579  935       174   6  0.30    M    173.7          M       67
================================================================================
AV 71.8 42.5                               7.9 FASTST   M    M   3    MAX(MPH)
                                 MISC ---->  # 30 120               # 40   90
================================================================================
NOTES:
# LAST OF SEVERAL OCCURRENCES

COLUMN 17 PEAK WIND IN M.P.H.

PRELIMINARY LOCAL CLIMATOLOGICAL DATA (WS FORM: F-6) , PAGE 2

                                          STATION:  WILLISTON ND
                                          MONTH:    MAY
                                          YEAR:     2018
                                          LATITUDE:   48 10 N
                                          LONGITUDE: 103 38 W

[TEMPERATURE DATA]      [PRECIPITATION DATA]       SYMBOLS USED IN COLUMN 16

AVERAGE MONTHLY: 57.1   TOTAL FOR MONTH:   0.30    1 = FOG OR MIST
DPTR FM NORMAL:   4.4   DPTR FM NORMAL:   -0.96    2 = FOG REDUCING VISIBILITY
HIGHEST:    88 ON 16    GRTST 24HR  0.17 ON 17-17      TO 1/4 MILE OR LESS
LOWEST:     31 ON 20                               3 = THUNDER
                        SNOW, ICE PELLETS, HAIL    4 = ICE PELLETS
                        TOTAL MONTH:    M          5 = HAIL
                        GRTST 24HR    M  ON   M    6 = FREEZING RAIN OR DRIZZLE
                        GRTST DEPTH:  M  ON   M    7 = DUSTSTORM OR SANDSTORM:
                                                       VSBY 1/2 MILE OR LESS
                                                   8 = SMOKE OR HAZE
[NO. OF DAYS WITH]      [WEATHER - DAYS WITH]      9 = BLOWING SNOW
                                                   X = TORNADO
MAX 32 OR BELOW:   0    0.01 INCH OR MORE:   4
MAX 90 OR ABOVE:   0    0.10 INCH OR MORE:   1
MIN 32 OR BELOW:   1    0.50 INCH OR MORE:   0
MIN  0 OR BELOW:   0    1.00 INCH OR MORE:   0

[HDD (BASE 65) ]
TOTAL THIS MO.   174    CLEAR  (SCALE 0-3)  12
DPTR FM NORMAL  -102    PTCLDY (SCALE 4-7)   7
TOTAL FM JUL 1  9162    CLOUDY (SCALE 8-10)  2
DPTR FM NORMAL   361

[CDD (BASE 65) ]
TOTAL THIS MO.     6
DPTR FM NORMAL     6    [PRESSURE DATA]
TOTAL FM JAN 1     6    HIGHEST SLP  0.00 ON  8
DPTR FM NORMAL     5    LOWEST  SLP 29.74 ON 17

[REMARKS]
