000
CXUS52 KMLB 291254
CF6LEE
PRELIMINARY LOCAL CLIMATOLOGICAL DATA (WS FORM: F-6)
STATION: LEESBURG
MONTH: MARCH
YEAR: 2024
LATITUDE: 28 49 N
LONGITUDE: 81 49 W
TEMPERATURE IN F: :PCPN: SNOW: WIND :SUNSHINE: SKY :PK WND
================================================================================
1 2 3 4 5 6A 6B 7 8 9 10 11 12 13 14 15 16 17 18
12Z AVG MX 2MIN
DY MAX MIN AVG DEP HDD CDD WTR SNW DPTH SPD SPD DIR MIN PSBL S-S WX SPD DR
================================================================================
1 81 62 72 7 0 7 0.00 0.0 0 6.1 15 150 M M 7 1 23 150
2 81 65 73 8 0 8 0.54 0.0 0 4.7 14 160 M M 2 13 19 150
3 80 62 71 6 0 6 0.46 0.0 0 4.9 17 220 M M 4 13 29 280
4 80 61 71 6 0 6 0.00 0.0 0 6.6 13 70 M M 6 1 18 70
5 78 65 72 7 0 7 0.00 0.0 0 7.0 12 130 M M 6 19 110
6 80 67 74 9 0 9 0.07 0.0 0 8.8 25 120 M M 3 1 40 140
7 82 62 72 7 0 7 0.00 0.0 0 5.0 14 70 M M 3 19 70
8 85 64 75 9 0 10 0.00 0.0 0 5.7 13 110 M M 4 12 18 60
9 88 72 80 14 0 15 0.01 0.0 0 10.1 22 220 M M 4 1 35 230
10 78 60 69 3 0 4 1.13 0.0 0 8.3 14 310 M M 4 13 23 250
11 73 52 63 -3 2 0 0.00 0.0 0 7.3 14 30 M M 0 20 20
12 79 51 65 -1 0 0 0.00 0.0 0 4.1 9 90 M M 0 14 290
13 80 58 69 3 0 4 0.00 0.0 0 3.1 12 290 M M 1 1 18 300
14 84 58 71 5 0 6 0.00 0.0 0 3.2 12 90 M M 0 17 100
15 86 67 77 11 0 12 0.00 0.0 0 4.9 10 200 M M 0 14 200
16 83 66 75 9 0 10 0.00 0.0 0 5.4 12 210 M M 4 1 19 280
17 83 68 76 9 0 11 0.00 0.0 0 5.9 14 290 M M 4 1 24 290
18 81 65 73 6 0 8 0.10 0.0 0 8.3 20 260 M M 3 13 32 250
19 67 49 58 -9 7 0 0.00 0.0 0 9.6 21 330 M M 0 30 340
20 73 47 60 -7 5 0 0.00 0.0 0 4.8 9 290 M M 0 16 220
21 79 50 65 -2 0 0 0.00 0.0 0 6.3 15 100 M M 1 21 140
22 73 64 69 2 0 4 1.14 0.0 0 10.6 23 120 M M 8 18 33 120
23 80 61 71 3 0 6 T 0.0 0 8.1 16 270 M M 5 1 26 290
24 72 58 65 -3 0 0 0.00 0.0 0 12.5 23 40 M M 7 32 40
25 80 55 68 0 0 3 0.00 0.0 0 10.7 22 100 M M 7 30 120
26 83 63 73 5 0 8 0.00 0.0 0 9.0 22 130 M M 3 33 110
27 77 67 72 4 0 7 0.04 0.0 0 6.8 17 280 M M 3 13 29 280
28 79 58 69 1 0 4 0.28 0.0 0 7.1 17 340 M M 5 1 26 350
================================================================================
SM 2225 1697 14 162 3.77 0.0 194.9 M 94
================================================================================
AV 79.5 60.6 7.0 FASTST M M 3 MAX(MPH)
MISC ----> 25 120 40 140
================================================================================
NOTES:
# LAST OF SEVERAL OCCURRENCES
COLUMN 17 PEAK WIND IN M.P.H.
PRELIMINARY LOCAL CLIMATOLOGICAL DATA (WS FORM: F-6) , PAGE 2
STATION: LEESBURG
MONTH: MARCH
YEAR: 2024
LATITUDE: 28 49 N
LONGITUDE: 81 49 W
[TEMPERATURE DATA] [PRECIPITATION DATA] SYMBOLS USED IN COLUMN 16
AVERAGE MONTHLY: 70.0 TOTAL FOR MONTH: 3.77 1 = FOG OR MIST
DPTR FM NORMAL: 3.6 DPTR FM NORMAL: 0.87 2 = FOG REDUCING VISIBILITY
HIGHEST: 88 ON 9 GRTST 24HR 1.14 ON 22-22 TO 1/4 MILE OR LESS
LOWEST: 47 ON 20 3 = THUNDER
SNOW, ICE PELLETS, HAIL 4 = ICE PELLETS
TOTAL MONTH: 0.0 INCH 5 = HAIL
GRTST 24HR 0.0 6 = FREEZING RAIN OR DRIZZLE
GRTST DEPTH: 0 7 = DUSTSTORM OR SANDSTORM:
VSBY 1/2 MILE OR LESS
8 = SMOKE OR HAZE
[NO. OF DAYS WITH] [WEATHER - DAYS WITH] 9 = BLOWING SNOW
X = TORNADO
MAX 32 OR BELOW: 0 0.01 INCH OR MORE: 9
MAX 90 OR ABOVE: 0 0.10 INCH OR MORE: 6
MIN 32 OR BELOW: 0 0.50 INCH OR MORE: 3
MIN 0 OR BELOW: 0 1.00 INCH OR MORE: 2
[HDD (BASE 65) ]
TOTAL THIS MO. 14 CLEAR (SCALE 0-3) 11
DPTR FM NORMAL -47 PTCLDY (SCALE 4-7) 17
TOTAL FM JUL 1 522 CLOUDY (SCALE 8-10) 0
DPTR FM NORMAL -93
[CDD (BASE 65) ]
TOTAL THIS MO. 162
DPTR FM NORMAL 63 [PRESSURE DATA]
TOTAL FM JAN 1 235 HIGHEST SLP M ON M
DPTR FM NORMAL 38 LOWEST SLP 29.67 ON 23
[REMARKS]