000
CXUS51 KILN 250947
CF6LHQ
PRELIMINARY LOCAL CLIMATOLOGICAL DATA (WS FORM: F-6)
STATION: LANCASTER ASOS
MONTH: APRIL
YEAR: 2024
LATITUDE: 39 45 N
LONGITUDE: 82 40 W
TEMPERATURE IN F: :PCPN: SNOW: WIND :SUNSHINE: SKY :PK WND
================================================================================
1 2 3 4 5 6A 6B 7 8 9 10 11 12 13 14 15 16 17 18
12Z AVG MX 2MIN
DY MAX MIN AVG DEP HDD CDD WTR SNW DPTH SPD SPD DIR MIN PSBL S-S WX SPD DR
================================================================================
1 67 50 59 12 6 0 0.22 M M 5.5 14 350 M M 9 13 18 140
2 71 56 64 17 1 0 2.24 M M 8.4 20 330 M M 9 13 33 320
3 60 38 49 1 16 0 0.02 M M 13.1 29 250 M M 9 37 240
4 52 35 44 -4 21 0 0.11 M M 11.4 28 310 M M 9 1 25 300
5 47 35 41 -7 24 0 0.00 M M 9.7 20 320 M M 9 1 26 310
6 55 30 43 -6 22 0 0.00 M M 5.4 18 10 M M 5 23 360
7 64 28 46 -3 19 0 T M M 5.1 14 110 M M 2 19 60
8 75 51 63 13 2 0 T M M 6.6 15 260 M M 4 21 220
9 71 55 63 13 2 0 0.02 M M 8.1 20 220 M M 7 26 210
10 64 57 61 11 4 0 0.18 M M 5.9 13 130 M M 10 1 17 150
11 67 51 59 8 6 0 0.91 M M 7.1 22 280 M M 10 13 32 290
12 57 49 53 2 12 0 0.14 M M 16.2 24 290 M M 9 1 45 290
13 63 43 53 2 12 0 0.00 M M 11.0 17 270 M M 0 31 300
14 80 41 61 9 4 0 0.00 M M 12.2 28 230 M M 1 38 250
15 79 53 66 14 0 1 0.00 M M 5.4 15 300 M M 3 22 280
16 84 45 65 13 0 0 0.00 M M 4.2 10 150 M M 1 19 230
17 79 56 68 15 0 3 0.70 M M 11.1 28 200 M M 6 13 40 210
18 73 51 62 9 3 0 0.00 M M 4.6 13 290 M M 1 17 290
19 67 49 58 4 7 0 T M M 9.2 20 310 M M 6 26 290
20 57 38 48 -6 17 0 0.00 M M 9.9 20 290 M M 3 32 260
21 51 34 43 -11 22 0 0.00 M M 5.0 14 310 M M 4 20 320
22 61 30 46 -9 19 0 0.00 M M 2.5 13 240 M M 0 17 250
23 67 40 54 -1 11 0 0.18 M M 9.1 23 260 M M 3 1 32 240
24 59 42 51 -4 14 0 0.00 M M 10.0 18 310 M M 6 1 22 300
================================================================================
SM 1570 1057 244 4 4.72 M 196.7 M 126
================================================================================
AV 65.4 44.0 8.2 FASTST M M 5 MAX(MPH)
MISC ----> 29 250 45 290
================================================================================
NOTES:
# LAST OF SEVERAL OCCURRENCES
COLUMN 17 PEAK WIND IN M.P.H.
PRELIMINARY LOCAL CLIMATOLOGICAL DATA (WS FORM: F-6) , PAGE 2
STATION: LANCASTER ASOS
MONTH: APRIL
YEAR: 2024
LATITUDE: 39 45 N
LONGITUDE: 82 40 W
[TEMPERATURE DATA] [PRECIPITATION DATA] SYMBOLS USED IN COLUMN 16
AVERAGE MONTHLY: 54.7 TOTAL FOR MONTH: 4.72 1 = FOG OR MIST
DPTR FM NORMAL: 3.6 DPTR FM NORMAL: 1.56 2 = FOG REDUCING VISIBILITY
HIGHEST: 84 ON 16 GRTST 24HR 2.24 ON 2- 2 TO 1/4 MILE OR LESS
LOWEST: 28 ON 7 3 = THUNDER
SNOW, ICE PELLETS, HAIL 4 = ICE PELLETS
TOTAL MONTH: M 5 = HAIL
GRTST 24HR M ON M 6 = FREEZING RAIN OR DRIZZLE
GRTST DEPTH: M ON M 7 = DUSTSTORM OR SANDSTORM:
VSBY 1/2 MILE OR LESS
8 = SMOKE OR HAZE
[NO. OF DAYS WITH] [WEATHER - DAYS WITH] 9 = BLOWING SNOW
X = TORNADO
MAX 32 OR BELOW: 0 0.01 INCH OR MORE: 10
MAX 90 OR ABOVE: 0 0.10 INCH OR MORE: 8
MIN 32 OR BELOW: 3 0.50 INCH OR MORE: 3
MIN 0 OR BELOW: 0 1.00 INCH OR MORE: 1
[HDD (BASE 65) ]
TOTAL THIS MO. 244 CLEAR (SCALE 0-3) 8
DPTR FM NORMAL -95 PTCLDY (SCALE 4-7) 8
TOTAL FM JUL 1 4295 CLOUDY (SCALE 8-10) 8
DPTR FM NORMAL -950
[CDD (BASE 65) ]
TOTAL THIS MO. 4
DPTR FM NORMAL 4 [PRESSURE DATA]
TOTAL FM JAN 1 4 HIGHEST SLP M ON M
DPTR FM NORMAL 3 LOWEST SLP 29.95 ON 9
[REMARKS]