000
CXUS55 KBOU 220900
CF6LIC
PRELIMINARY LOCAL CLIMATOLOGICAL DATA (WS FORM: F-6)

                                          STATION:   LIMON CO
                                          MONTH:     MAY
                                          YEAR:      2018
                                          LATITUDE:   39 10 N
                                          LONGITUDE: 103 42 W

  TEMPERATURE IN F:       :PCPN:    SNOW:  WIND      :SUNSHINE: SKY     :PK WND
================================================================================
1   2   3   4   5  6A  6B    7    8   9   10  11  12  13   14  15   16   17  18
                                     12Z  AVG MX 2MIN
DY MAX MIN AVG DEP HDD CDD  WTR  SNW DPTH SPD SPD DIR MIN PSBL S-S WX    SPD DR
================================================================================

 1  72  42  57   M   8   0 0.00    M    M 12.5 29 360   M    M   5        38 180
 2  63  43  53   M  12   0 0.72    M    M 11.4 28 320   M    M   6 13     38 310
 3  49  39  44   M  21   0 0.32    M    M 14.1 30 340   M    M   6 13     40 330
 4  66  35  51   M  14   0 0.00    M    M  5.3 15 320   M    M   0        20  10
 5  75  35  55   M  10   0 0.00    M    M  8.0 20 300   M    M   1        29 340
 6  78  40  59   M   6   0 0.00    M    M  7.4 18 150   M    M   0        26 140
 7  80  41  61   M   4   0 0.00    M    M  6.3 16 150   M    M   0        20  90
 8  77  48  63   M   2   0 0.00    M    M 12.8 25  10   M    M   0        36  10
 9  82  39  61   M   4   0 0.00    M    M  7.2 21 220   M    M   1        28 220
10  87  40  64   M   1   0    T    M    M 15.1 30 350   M    M   0 3      40 350
11  74  48  61   M   4   0 0.00    M    M 15.6 32 320   M    M   6 1      40 320
12  68  49  59   M   6   0 0.00    M    M  9.5 18 100   M    M   8 1      25 110
13  76  48  62   M   3   0 0.00    M    M 11.4 26  90   M    M   6 1      33 100
14  71  47  59   M   6   0 0.13    M    M  9.4 37 350   M    M   7 13     50 360
15  74  42  58   M   7   0 0.72    M    M  8.8 32 280   M    M   4 13     46 290
16  78  46  62   M   3   0 0.00    M    M  9.1 18 150   M    M   0        26 120
17  85  50  68   M   0   3 0.00    M    M 16.7 32 150   M    M   1 1      44 150
18  64  50  57   M   8   0 0.06    M    M 12.4 24 310   M    M   6 123    33 310
19  54  40  47   M  18   0 0.01    M    M 17.7 29 350   M    M   9 18     39 350
20  63  39  51   M  14   0 0.00    M    M  7.2 16 150   M    M   8 1      23 120
21  81  42  62   M   3   0 0.00    M    M 10.2 28 220   M    M   0        40 160
================================================================================
SM 1517  903       154   3  1.96    M    228.1          M       74
================================================================================
AV 72.2 43.0                              10.9 FASTST   M    M   4    MAX(MPH)
                                 MISC ---->  # 37 350               # 50  360
================================================================================
NOTES:
# LAST OF SEVERAL OCCURRENCES

COLUMN 17 PEAK WIND IN M.P.H.

PRELIMINARY LOCAL CLIMATOLOGICAL DATA (WS FORM: F-6) , PAGE 2

                                          STATION:  LIMON CO
                                          MONTH:    MAY
                                          YEAR:     2018
                                          LATITUDE:   39 10 N
                                          LONGITUDE: 103 42 W

[TEMPERATURE DATA]      [PRECIPITATION DATA]       SYMBOLS USED IN COLUMN 16

AVERAGE MONTHLY: 57.6   TOTAL FOR MONTH:   1.96    1 = FOG OR MIST
DPTR FM NORMAL:     M   DPTR FM NORMAL:       M    2 = FOG REDUCING VISIBILITY
HIGHEST:    87 ON 10    GRTST 24HR  0.72 ON 15-15      TO 1/4 MILE OR LESS
LOWEST:     35 ON  5, 4                            3 = THUNDER
                        SNOW, ICE PELLETS, HAIL    4 = ICE PELLETS
                        TOTAL MONTH:    M          5 = HAIL
                        GRTST 24HR    M  ON   M    6 = FREEZING RAIN OR DRIZZLE
                        GRTST DEPTH:  M  ON   M    7 = DUSTSTORM OR SANDSTORM:
                                                       VSBY 1/2 MILE OR LESS
                                                   8 = SMOKE OR HAZE
[NO. OF DAYS WITH]      [WEATHER - DAYS WITH]      9 = BLOWING SNOW
                                                   X = TORNADO
MAX 32 OR BELOW:   0    0.01 INCH OR MORE:   6
MAX 90 OR ABOVE:   0    0.10 INCH OR MORE:   4
MIN 32 OR BELOW:   0    0.50 INCH OR MORE:   2
MIN  0 OR BELOW:   0    1.00 INCH OR MORE:   0

[HDD (BASE 65) ]
TOTAL THIS MO.   154    CLEAR  (SCALE 0-3)  10
DPTR FM NORMAL     M    PTCLDY (SCALE 4-7)  10
TOTAL FM JUL 1  6416    CLOUDY (SCALE 8-10)  1
DPTR FM NORMAL     M

[CDD (BASE 65) ]
TOTAL THIS MO.     3
DPTR FM NORMAL     M    [PRESSURE DATA]
TOTAL FM JAN 1     3    HIGHEST SLP M ON M
DPTR FM NORMAL     M    LOWEST  SLP 29.46 ON 11

[REMARKS]
