000
CXUS54 KMEG 240637
CF6MEM
PRELIMINARY LOCAL CLIMATOLOGICAL DATA (WS FORM: F-6)

                                          STATION:   MEMPHIS
                                          MONTH:     APRIL
                                          YEAR:      2018
                                          LATITUDE:   35  3 N
                                          LONGITUDE:  89 59 W

  TEMPERATURE IN F:       :PCPN:    SNOW:  WIND      :SUNSHINE: SKY     :PK WND
================================================================================
1   2   3   4   5  6A  6B    7    8   9   10  11  12  13   14  15   16   17  18
                                     12Z  AVG MX 2MIN
DY MAX MIN AVG DEP HDD CDD  WTR  SNW DPTH SPD SPD DIR MIN PSBL S-S WX    SPD DR
================================================================================

 1  71  45  58  -1   7   0    T  0.0    0  7.1 16 360   M    M   8        20 360
 2  69  44  57  -2   8   0    T  0.0    0  6.6 25 170   M    M  10        34 170
 3  78  47  63   4   2   0 0.06  0.0    0 17.2 31 210   M    M   9 3      42 210
 4  53  37  45 -15  20   0 0.00  0.0    0 11.3 21 350   M    M   1        27 340
 5  62  37  50 -10  15   0 0.04  0.0    0  6.4 16 190   M    M   5        20 110
 6  56  47  52  -8  13   0 0.65  0.0    0  8.4 23  30   M    M  10 138    27  30
 7  47  33  40 -20  25   0    T  0.0    0 12.9 25  10   M    M   8        32  30
 8  52  30  41 -20  24   0 0.00  0.0    0  7.7 17  60   M    M   5        24  70
 9  63  39  51 -10  14   0 0.00  0.0    0  7.0 18  30   M    M   4        22  30
10  60  44  52  -9  13   0 0.00  0.0    0  8.5 18 320   M    M   2        25 320
11  72  40  56  -6   9   0 0.00  0.0    0  8.0 18 200   M    M   7        25 180
12  80  53  67   5   0   2 0.00  0.0    0 16.6 28 180   M    M   5        38 190
13  79  65  72  10   0   7    T  0.0    0 17.3 30 170   M    M   9        43 170
14  72  47  60  -2   5   0 3.02  0.0    0 10.9 24 120   M    M  10 13     36 180
15  47  37  42 -21  23   0 0.00  0.0    0 12.7 22 300   M    M   7        30 290
16  55  35  45 -18  20   0 0.00  0.0    0  9.8 21 300   M    M   2        26 310
17  77  43  60  -3   5   0 0.00  0.0    0 11.9 24 190   M    M   1        34 240
18  79  57  68   4   0   3 0.00  0.0    0 15.3 24 350   M    M   4        34 200
19  57  42  50 -14  15   0 0.00  0.0    0 12.8 24 340   M    M   3        31 360
20  71  40  56  -8   9   0 0.00  0.0    0  8.5 17  80   M    M   2        30  80
21  75  47  61  -4   4   0 0.01  0.0    0  8.6 20 120   M    M   7        25 110
22  69  58  64  -1   1   0 1.59  0.0    0  8.7 18 160   M    M   9 13     23 160
23  61  53  57  -8   8   0 0.42  0.0    0  6.9 14 270   M    M   9 1      19 230
================================================================================
SM 1505 1020       240  12  5.79     0.0 241.1          M      137
================================================================================
AV 65.4 44.4                              10.5 FASTST   M    M   6    MAX(MPH)
                                 MISC ---->  # 31 210               # 43  170
================================================================================
NOTES:
# LAST OF SEVERAL OCCURRENCES

COLUMN 17 PEAK WIND IN M.P.H.

PRELIMINARY LOCAL CLIMATOLOGICAL DATA (WS FORM: F-6) , PAGE 2

                                          STATION:  MEMPHIS
                                          MONTH:    APRIL
                                          YEAR:     2018
                                          LATITUDE:   35  3 N
                                          LONGITUDE:  89 59 W

[TEMPERATURE DATA]      [PRECIPITATION DATA]       SYMBOLS USED IN COLUMN 16

AVERAGE MONTHLY: 54.9   TOTAL FOR MONTH:   5.79    1 = FOG OR MIST
DPTR FM NORMAL:  -7.0   DPTR FM NORMAL:    1.59    2 = FOG REDUCING VISIBILITY
HIGHEST:    80 ON 12    GRTST 24HR  3.02 ON 14-14      TO 1/4 MILE OR LESS
LOWEST:     30 ON  8                               3 = THUNDER
                        SNOW, ICE PELLETS, HAIL    4 = ICE PELLETS
                        TOTAL MONTH:   0.0 INCH    5 = HAIL
                        GRTST 24HR     0.0         6 = FREEZING RAIN OR DRIZZLE
                        GRTST DEPTH:   0           7 = DUSTSTORM OR SANDSTORM:
                                                       VSBY 1/2 MILE OR LESS
                                                   8 = SMOKE OR HAZE
[NO. OF DAYS WITH]      [WEATHER - DAYS WITH]      9 = BLOWING SNOW
                                                   X = TORNADO
MAX 32 OR BELOW:   0    0.01 INCH OR MORE:   7
MAX 90 OR ABOVE:   0    0.10 INCH OR MORE:   4
MIN 32 OR BELOW:   1    0.50 INCH OR MORE:   3
MIN  0 OR BELOW:   0    1.00 INCH OR MORE:   2

[HDD (BASE 65) ]
TOTAL THIS MO.   240    CLEAR  (SCALE 0-3)   6
DPTR FM NORMAL   119    PTCLDY (SCALE 4-7)  10
TOTAL FM JUL 1  2992    CLOUDY (SCALE 8-10)  7
DPTR FM NORMAL    63

[CDD (BASE 65) ]
TOTAL THIS MO.    12
DPTR FM NORMAL   -39    [PRESSURE DATA]
TOTAL FM JAN 1    30    HIGHEST SLP M ON M
DPTR FM NORMAL   -41    LOWEST  SLP 29.65 ON 13

[REMARKS]
