000
CXUS53 KMPX 250700
CF6MKT
PRELIMINARY LOCAL CLIMATOLOGICAL DATA (WS FORM: F-6)

                                          STATION:   MANKATO MN
                                          MONTH:     APRIL
                                          YEAR:      2018
                                          LATITUDE:   44 13 N
                                          LONGITUDE:  93 55 W

  TEMPERATURE IN F:       :PCPN:    SNOW:  WIND      :SUNSHINE: SKY     :PK WND
================================================================================
1   2   3   4   5  6A  6B    7    8   9   10  11  12  13   14  15   16   17  18
                                     12Z  AVG MX 2MIN
DY MAX MIN AVG DEP HDD CDD  WTR  SNW DPTH SPD SPD DIR MIN PSBL S-S WX    SPD DR
================================================================================

 1  33  14  24 -15  41   0 0.00    M    M 10.5 16 260   M    M   0        24 310
 2  34  24  29 -11  36   0    M    M    M 10.1 17 150   M    M   6 1      23 120
 3  31  13  22 -18  43   0    M    M    M 16.1 27 320   M    M  10 1      32 340
 4  30   6  18 -23  47   0    M    M    M  8.9 17 310   M    M   3         M  M
 5  39  13  26 -15  39   0    M    M    M  9.0 25 310   M    M   3 1      32 310
 6  25  13  19 -23  46   0    M    M    M 22.0 31 320   M    M   1        40 300
 7  33  13  23 -19  42   0 0.00    M    M  9.8 16 320   M    M   1        21 310
 8  31  18  25 -18  40   0    M    M    M 10.1 15 140   M    M   6 1      18 180
 9  35  16  26 -17  39   0    M    M    M  7.9 12 320   M    M   6 12      M  M
10  43  28  36  -8  29   0    M    M    M  8.4 13 190   M    M   8 1       M  M
11  44  31  38  -6  27   0    T    M    M  8.7 16 100   M    M   3 1       M  M
12  49  31  40  -5  25   0 0.00    M    M  8.8 17  40   M    M   2         M  M
13  39  33  36  -9  29   0    M    M    M 22.9 31  50   M    M  10 13     46  60
14  33  21  27 -19  38   0    M    M    M 22.6 31  60   M    M  10 123    43  60
15  31  21  26 -20  39   0    M    M    M 19.0 24 360   M    M  10 1      33  20
16  34  18  26 -21  39   0    M    M    M 13.1 22 340   M    M   5 18     24 320
17  38  19  29 -18  36   0 0.00    M    M  7.0  9  70   M    M   0         M  M
18  34  25  30 -18  35   0    M    M    M  8.9 16  10   M    M   6 1       M  M
19  47  21  34 -14  31   0 0.00  0.0    0  3.8 10 330   M    M   0         M  M
20  44  22  33 -15  32   0 0.00    M    M  4.6  8 170   M    M   0         M  M
21  51  34  43  -6  22   0 0.00    M    M  4.4  7  90   M    M   6 8       M  M
22  59  35  47  -2  18   0 0.00    M    M  5.9 12 130   M    M   1         M  M
23  67  38  53   3  12   0 0.00    M    M  4.3  9 140   M    M   0         M  M
24   M   M   M   M   M   M    M    M    M   M   M   M   M    M   M         M  M
================================================================================
SM  904  507       785   0    T      0.0 246.8          M       97
================================================================================
AV 39.3 22.0                              10.7 FASTST   M    M   4    MAX(MPH)
                                 MISC ---->  # 31 320               # 46   60
================================================================================
NOTES:
# LAST OF SEVERAL OCCURRENCES

COLUMN 17 PEAK WIND IN M.P.H.

PRELIMINARY LOCAL CLIMATOLOGICAL DATA (WS FORM: F-6) , PAGE 2

                                          STATION:  MANKATO MN
                                          MONTH:    APRIL
                                          YEAR:     2018
                                          LATITUDE:   44 13 N
                                          LONGITUDE:  93 55 W

[TEMPERATURE DATA]      [PRECIPITATION DATA]       SYMBOLS USED IN COLUMN 16

AVERAGE MONTHLY: 30.7   TOTAL FOR MONTH:      T    1 = FOG OR MIST
DPTR FM NORMAL: -14.2   DPTR FM NORMAL:   -2.37    2 = FOG REDUCING VISIBILITY
HIGHEST:    67 ON 23    GRTST 24HR    T  ON 11-11      TO 1/4 MILE OR LESS
LOWEST:      6 ON  4                               3 = THUNDER
                        SNOW, ICE PELLETS, HAIL    4 = ICE PELLETS
                        TOTAL MONTH:   0.0 INCH    5 = HAIL
                        GRTST 24HR     0.0         6 = FREEZING RAIN OR DRIZZLE
                        GRTST DEPTH:   0           7 = DUSTSTORM OR SANDSTORM:
                                                       VSBY 1/2 MILE OR LESS
                                                   8 = SMOKE OR HAZE
[NO. OF DAYS WITH]      [WEATHER - DAYS WITH]      9 = BLOWING SNOW
                                                   X = TORNADO
MAX 32 OR BELOW:   5    0.01 INCH OR MORE:   0
MAX 90 OR ABOVE:   0    0.10 INCH OR MORE:   0
MIN 32 OR BELOW:  19    0.50 INCH OR MORE:   0
MIN  0 OR BELOW:   0    1.00 INCH OR MORE:   0

[HDD (BASE 65) ]
TOTAL THIS MO.   785    CLEAR  (SCALE 0-3)  10
DPTR FM NORMAL   300    PTCLDY (SCALE 4-7)   9
TOTAL FM JUL 1  7646    CLOUDY (SCALE 8-10)  4
DPTR FM NORMAL   207

[CDD (BASE 65) ]
TOTAL THIS MO.     0
DPTR FM NORMAL     0    [PRESSURE DATA]
TOTAL FM JAN 1     0    HIGHEST SLP M ON M
DPTR FM NORMAL     0    LOWEST  SLP M ON M

[REMARKS]
