000
CXUS54 KTSA 240840
CF6MLC
PRELIMINARY LOCAL CLIMATOLOGICAL DATA (WS FORM: F-6)

                                          STATION:   MCALESTER OKLAHOMA
                                          MONTH:     MAY
                                          YEAR:      2018
                                          LATITUDE:   34 52 N
                                          LONGITUDE:  95 47 W

  TEMPERATURE IN F:       :PCPN:    SNOW:  WIND      :SUNSHINE: SKY     :PK WND
================================================================================
1   2   3   4   5  6A  6B    7    8   9   10  11  12  13   14  15   16   17  18
                                     12Z  AVG MX 2MIN
DY MAX MIN AVG DEP HDD CDD  WTR  SNW DPTH SPD SPD DIR MIN PSBL S-S WX    SPD DR
================================================================================

 1  78  65  72   6   0   7 0.00  0.0    0 10.1 18 190   M    M   9        28 190
 2  81  66  74   8   0   9 0.38  0.0    0 10.0 20 270   M    M   9 13     26 170
 3  73  64  69   3   0   4 1.26  0.0    0  9.2 28 220   M    M   6 13     35 220
 4  71  52  62  -4   3   0 0.08  0.0    0  4.8 15 340   M    M   5 13     20 200
 5  81  50  66   0   0   1 0.00  0.0    0  3.0 13  20   M    M   3 12     19  20
 6  86  51  69   2   0   4 0.00  0.0    0  5.6 17 210   M    M   2        22 210
 7  90  60  75   8   0  10 0.00  0.0    0  3.9  8 220   M    M   1        12 190
 8  89  68  79  12   0  14 0.00  0.0    0  8.7 14 180   M    M   2        28 190
 9  88  69  79  11   0  14    T  0.0    0 11.6 21 220   M    M   1 3      31 210
10  83  65  74   6   0   9 0.00  0.0    0  9.1 21 210   M    M   1        36 200
11  84  67  76   8   0  11 0.00  0.0    0 11.5 22 200   M    M   1        33 210
12  85  69  77   9   0  12 0.00  0.0    0  8.7 17 190   M    M   3        28 210
13  87  70  79  10   0  14 0.00  0.0    0  7.2 16 200   M    M   2        23 210
14  88  72  80  11   0  15 0.00  0.0    0  6.9 16 210   M    M   1        23 200
15  85  62  74   5   0   9 1.07  0.0    0  6.3 24 320   M    M   4 13     29 320
16  80  59  70   1   0   5    T  0.0    0  4.3 14 360   M    M   5        17 350
17  86  55  71   1   0   6 0.00  0.0    0  1.8 10 340   M    M   2 1      14 350
18  88  64  76   6   0  11 0.00  0.0    0  4.7 12 130   M    M   1        18 130
19  86  73  80  10   0  15    T  0.0    0  6.9 16 170   M    M   2 13     26 180
20  83  65  74   4   0   9 0.10  0.0    0  5.1 16 210   M    M   2 13     23 210
21  85  64  75   4   0  10 0.00  0.0    0  2.8  9  10   M    M   5 1      13  70
22  87  64  76   5   0  11 0.00  0.0    0  2.8 13 110   M    M   3 13     19 120
23  89  65  77   6   0  12 0.00  0.0    0  3.3 12 120   M    M   2        18 130
================================================================================
SM 1933 1459         3 212  2.89     0.0 148.3          M       72
================================================================================
AV 84.0 63.4                               6.4 FASTST   M    M   3    MAX(MPH)
                                 MISC ---->  # 28 220               # 36  200
================================================================================
NOTES:
# LAST OF SEVERAL OCCURRENCES

COLUMN 17 PEAK WIND IN M.P.H.

PRELIMINARY LOCAL CLIMATOLOGICAL DATA (WS FORM: F-6) , PAGE 2

                                          STATION:  MCALESTER OKLAHOMA
                                          MONTH:    MAY
                                          YEAR:     2018
                                          LATITUDE:   34 52 N
                                          LONGITUDE:  95 47 W

[TEMPERATURE DATA]      [PRECIPITATION DATA]       SYMBOLS USED IN COLUMN 16

AVERAGE MONTHLY: 73.7   TOTAL FOR MONTH:   2.89    1 = FOG OR MIST
DPTR FM NORMAL:   5.4   DPTR FM NORMAL:   -0.95    2 = FOG REDUCING VISIBILITY
HIGHEST:    90 ON  7    GRTST 24HR  1.26 ON  3- 3      TO 1/4 MILE OR LESS
LOWEST:     50 ON  5                               3 = THUNDER
                        SNOW, ICE PELLETS, HAIL    4 = ICE PELLETS
                        TOTAL MONTH:   0.0 INCH    5 = HAIL
                        GRTST 24HR     0.0         6 = FREEZING RAIN OR DRIZZLE
                        GRTST DEPTH:   0           7 = DUSTSTORM OR SANDSTORM:
                                                       VSBY 1/2 MILE OR LESS
                                                   8 = SMOKE OR HAZE
[NO. OF DAYS WITH]      [WEATHER - DAYS WITH]      9 = BLOWING SNOW
                                                   X = TORNADO
MAX 32 OR BELOW:   0    0.01 INCH OR MORE:   5
MAX 90 OR ABOVE:   1    0.10 INCH OR MORE:   4
MIN 32 OR BELOW:   0    0.50 INCH OR MORE:   2
MIN  0 OR BELOW:   0    1.00 INCH OR MORE:   2

[HDD (BASE 65) ]
TOTAL THIS MO.     3    CLEAR  (SCALE 0-3)  15
DPTR FM NORMAL   -29    PTCLDY (SCALE 4-7)   6
TOTAL FM JUL 1  3160    CLOUDY (SCALE 8-10)  2
DPTR FM NORMAL   -27

[CDD (BASE 65) ]
TOTAL THIS MO.   212
DPTR FM NORMAL   104    [PRESSURE DATA]
TOTAL FM JAN 1   246    HIGHEST SLP M ON M
DPTR FM NORMAL    64    LOWEST  SLP 29.70 ON M

[REMARKS]
