000
CXUS51 KCAR 230600
CF6MLT
PRELIMINARY LOCAL CLIMATOLOGICAL DATA (WS FORM: F-6)

                                          STATION:   MILLINOCKET ME
                                          MONTH:     MAY
                                          YEAR:      2018
                                          LATITUDE:   45 39 N
                                          LONGITUDE:  68 41 W

  TEMPERATURE IN F:       :PCPN:    SNOW:  WIND      :SUNSHINE: SKY     :PK WND
================================================================================
1   2   3   4   5  6A  6B    7    8   9   10  11  12  13   14  15   16   17  18
                                     12Z  AVG MX 2MIN
DY MAX MIN AVG DEP HDD CDD  WTR  SNW DPTH SPD SPD DIR MIN PSBL S-S WX    SPD DR
================================================================================

 1  60  42  51   3  14   0 0.00    M    M  2.6 12 300   M    M   6        16 300
 2  83  46  65  16   0   0    T    M    M  5.9 17 260   M    M   5        28 270
 3  64  48  56   7   9   0 0.57    M    M  4.4 16 120   M    M  10 1      22 130
 4  62  47  55   5  10   0 0.80    M    M  4.4 20 300   M    M  10 1238   26 310
 5  67  47  57   7   8   0    T    M    M  9.6 30 310   M    M   5        49 310
 6  72  44  58   8   7   0 0.02    M    M  3.2 12 360   M    M   5        18  10
 7  62  37  50  -1  15   0 0.00    M    M  6.1 15 300   M    M   3        22  40
 8  74  31  53   2  12   0 0.00    M    M  4.4 12 160   M    M   0        21 170
 9  78  40  59   8   6   0 0.00    M    M  2.8  8  20   M    M   0         M  M
10  71  39  55   3  10   0 0.00    M    M  4.7 15 150   M    M   1        27 120
11  55  37  46  -6  19   0    T    M    M 13.6 25 310   M    M   1        38 310
12  64  28  46  -6  19   0 0.00    M    M  3.6 17 320   M    M   0        21 300
13  71  32  52   0  13   0 0.00    M    M  4.1 14 190   M    M   0        22 190
14  74  43  59   6   6   0 0.00    M    M  6.5 14 180   M    M   2        23 170
15  62  41  52  -1  13   0 0.08    M    M  3.1 14 360   M    M   6 12     19 360
16  65  32  49  -4  16   0 0.00    M    M  6.4 13 170   M    M   0        22 190
17  68  42  55   1  10   0 0.00    M    M  5.0 17 310   M    M   6        23 310
18  64  32  48  -6  17   0 0.00    M    M  3.9 14  30   M    M   0        19  30
19  69  33  51  -3  14   0 0.25    M    M  5.1 14 180   M    M   2 1      25 170
20  68  47  58   3   7   0 0.04    M    M  4.5 21 310   M    M   6 1      30 320
21  75  41  58   3   7   0 0.00    M    M  7.0 22 320   M    M   1        36 320
22  75  39  57   2   8   0    T    M    M  3.3 12 210   M    M   2        20 190
================================================================================
SM 1503  868       240   0  1.76    M    114.2          M       71
================================================================================
AV 68.3 39.5                               5.2 FASTST   M    M   3    MAX(MPH)
                                 MISC ---->  # 30 310               # 49  310
================================================================================
NOTES:
# LAST OF SEVERAL OCCURRENCES

COLUMN 17 PEAK WIND IN M.P.H.

PRELIMINARY LOCAL CLIMATOLOGICAL DATA (WS FORM: F-6) , PAGE 2

                                          STATION:  MILLINOCKET ME
                                          MONTH:    MAY
                                          YEAR:     2018
                                          LATITUDE:   45 39 N
                                          LONGITUDE:  68 41 W

[TEMPERATURE DATA]      [PRECIPITATION DATA]       SYMBOLS USED IN COLUMN 16

AVERAGE MONTHLY: 53.9   TOTAL FOR MONTH:   1.76    1 = FOG OR MIST
DPTR FM NORMAL:   1.9   DPTR FM NORMAL:   -0.51    2 = FOG REDUCING VISIBILITY
HIGHEST:    83 ON  2    GRTST 24HR  0.80 ON  4- 4      TO 1/4 MILE OR LESS
LOWEST:     28 ON 12                               3 = THUNDER
                        SNOW, ICE PELLETS, HAIL    4 = ICE PELLETS
                        TOTAL MONTH:    M          5 = HAIL
                        GRTST 24HR    M  ON   M    6 = FREEZING RAIN OR DRIZZLE
                        GRTST DEPTH:  M  ON   M    7 = DUSTSTORM OR SANDSTORM:
                                                       VSBY 1/2 MILE OR LESS
                                                   8 = SMOKE OR HAZE
[NO. OF DAYS WITH]      [WEATHER - DAYS WITH]      9 = BLOWING SNOW
                                                   X = TORNADO
MAX 32 OR BELOW:   0    0.01 INCH OR MORE:   6
MAX 90 OR ABOVE:   0    0.10 INCH OR MORE:   3
MIN 32 OR BELOW:   5    0.50 INCH OR MORE:   2
MIN  0 OR BELOW:   0    1.00 INCH OR MORE:   0

[HDD (BASE 65) ]
TOTAL THIS MO.   240    CLEAR  (SCALE 0-3)  13
DPTR FM NORMAL   -50    PTCLDY (SCALE 4-7)   7
TOTAL FM JUL 1  7857    CLOUDY (SCALE 8-10)  2
DPTR FM NORMAL  -354

[CDD (BASE 65) ]
TOTAL THIS MO.     0
DPTR FM NORMAL     0    [PRESSURE DATA]
TOTAL FM JAN 1     0    HIGHEST SLP M ON M
DPTR FM NORMAL     0    LOWEST  SLP 29.29 ON  5

[REMARKS]
