000
CXUS51 KBTV 200700
CF6MSS
PRELIMINARY LOCAL CLIMATOLOGICAL DATA (WS FORM: F-6)

                                          STATION:   MASSENA NY
                                          MONTH:     MAY
                                          YEAR:      2018
                                          LATITUDE:   44 55 N
                                          LONGITUDE:  74 51 W

  TEMPERATURE IN F:       :PCPN:    SNOW:  WIND      :SUNSHINE: SKY     :PK WND
================================================================================
1   2   3   4   5  6A  6B    7    8   9   10  11  12  13   14  15   16   17  18
                                     12Z  AVG MX 2MIN
DY MAX MIN AVG DEP HDD CDD  WTR  SNW DPTH SPD SPD DIR MIN PSBL S-S WX    SPD DR
================================================================================

 1  65  33  49  -1  16   0    T    M    0  8.1 16 220   M    M   4 12     23 220
 2  80  58  69  18   0   4    T  0.0    0 14.2 36 230   M    M   5        48 250
 3  68  53  61  10   4   0 0.23  0.0    0  5.9 17 220   M    M   9 1      23 210
 4  70  48  59   8   6   0 0.37    M    0 11.0 33 210   M    M   8 13     64 240
 5  72  42  57   5   8   0 0.00  0.0    0 13.9 26 200   M    M   4        37 220
 6  68  49  59   7   6   0    T    M    0  7.9 16  20   M    M   2        20  60
 7  61  37  49  -3  16   0 0.00  0.0    0  6.2 17  40   M    M   1        22  40
 8  73  36  55   2  10   0 0.00  0.0    0  5.4 12 230   M    M   0        20 240
 9  81  40  61   8   4   0 0.00  0.0    0  4.1  9  40   M    M   0         M  M
10  74  49  62   9   3   0    T    M    0 15.5 35 230   M    M   7        44 210
11  55  35  45  -9  20   0 0.00  0.0    0  8.0 18 350   M    M   2        28 340
12  66  34  50  -4  15   0 0.00  0.0    0  2.5 13 310   M    M   0        17 310
13  74  36  55   1  10   0 0.00  0.0    0  4.1 15 340   M    M   0        20 330
14  77  48  63   8   2   0 0.00  0.0    0 12.4 23 230   M    M   0        29 240
15  68  46  57   2   8   0 0.29    M    0  7.1 15 300   M    M   4 1      21 330
16  76  40  58   3   7   0 0.00  0.0    0  9.5 21 220   M    M   0        26 220
17  70  49  60   4   5   0 0.00  0.0    0  8.0 16 300   M    M   2        22 330
18  64  39  52  -4  13   0 0.00  0.0    0  9.8 20  40   M    M   0        24  20
19  65  45  55  -1  10   0 0.08    M    0  5.8 13 160   M    M   5 1      16 160
================================================================================
SM 1327  817       163   4  0.97     0.0 159.4          M       53
================================================================================
AV 69.8 43.0                               8.4 FASTST   M    M   3    MAX(MPH)
                                 MISC ---->  # 36 230               # 64  240
================================================================================
NOTES:
# LAST OF SEVERAL OCCURRENCES

COLUMN 17 PEAK WIND IN M.P.H.

PRELIMINARY LOCAL CLIMATOLOGICAL DATA (WS FORM: F-6) , PAGE 2

                                          STATION:  MASSENA NY
                                          MONTH:    MAY
                                          YEAR:     2018
                                          LATITUDE:   44 55 N
                                          LONGITUDE:  74 51 W

[TEMPERATURE DATA]      [PRECIPITATION DATA]       SYMBOLS USED IN COLUMN 16

AVERAGE MONTHLY: 56.4   TOTAL FOR MONTH:   0.97    1 = FOG OR MIST
DPTR FM NORMAL:   3.1   DPTR FM NORMAL:   -0.86    2 = FOG REDUCING VISIBILITY
HIGHEST:    81 ON  9    GRTST 24HR  0.39 ON 30- 1      TO 1/4 MILE OR LESS
LOWEST:     33 ON  1                               3 = THUNDER
                        SNOW, ICE PELLETS, HAIL    4 = ICE PELLETS
                        TOTAL MONTH:   0.0 INCH    5 = HAIL
                        GRTST 24HR     0.0         6 = FREEZING RAIN OR DRIZZLE
                        GRTST DEPTH:   0           7 = DUSTSTORM OR SANDSTORM:
                                                       VSBY 1/2 MILE OR LESS
                                                   8 = SMOKE OR HAZE
[NO. OF DAYS WITH]      [WEATHER - DAYS WITH]      9 = BLOWING SNOW
                                                   X = TORNADO
MAX 32 OR BELOW:   0    0.01 INCH OR MORE:   4
MAX 90 OR ABOVE:   0    0.10 INCH OR MORE:   3
MIN 32 OR BELOW:   0    0.50 INCH OR MORE:   0
MIN  0 OR BELOW:   0    1.00 INCH OR MORE:   0

[HDD (BASE 65) ]
TOTAL THIS MO.   163    CLEAR  (SCALE 0-3)  11
DPTR FM NORMAL   -64    PTCLDY (SCALE 4-7)   6
TOTAL FM JUL 1  7251    CLOUDY (SCALE 8-10)  2
DPTR FM NORMAL  -758

[CDD (BASE 65) ]
TOTAL THIS MO.     4
DPTR FM NORMAL     4    [PRESSURE DATA]
TOTAL FM JAN 1     4    HIGHEST SLP M ON M
DPTR FM NORMAL     3    LOWEST  SLP 29.65 ON 10

[REMARKS]
