000
CXUS55 KGJT 251000
CF6MTJ
PRELIMINARY LOCAL CLIMATOLOGICAL DATA (WS FORM: F-6)

                                          STATION:   MONTROSE CO
                                          MONTH:     MAY
                                          YEAR:      2018
                                          LATITUDE:   38 30 N
                                          LONGITUDE: 107 53 W

  TEMPERATURE IN F:       :PCPN:    SNOW:  WIND      :SUNSHINE: SKY     :PK WND
================================================================================
1   2   3   4   5  6A  6B    7    8   9   10  11  12  13   14  15   16   17  18
                                     12Z  AVG MX 2MIN
DY MAX MIN AVG DEP HDD CDD  WTR  SNW DPTH SPD SPD DIR MIN PSBL S-S WX    SPD DR
================================================================================

 1  63  43  53   0  12   0 0.00    M    M  9.6 25 240   M    M   6        32 230
 2  55  38  47  -7  18   0 0.14    M    M  5.3 25 240   M    M   8 3      32 240
 3  56  36  46  -8  19   0    T    M    M  4.7 16 330   M    M   8        20 330
 4  69  34  52  -2  13   0 0.00    M    M  6.2 14 140   M    M   0        16 130
 5  76  38  57   2   8   0 0.00    M    M  7.9 14 120   M    M   0        17 330
 6  82  44  63   8   2   0 0.00    M    M  6.9 17 250   M    M   0        23 260
 7  81  50  66  11   0   1 0.00    M    M  7.5 17 280   M    M   0        23 280
 8  82  44  63   7   2   0 0.00    M    M  9.8 21 350   M    M   0        25 350
 9  84  47  66  10   0   1 0.00    M    M  8.5 17 290   M    M   0        21 310
10  86  52  69  13   0   4 0.00    M    M 14.6 31 240   M    M   0 8      39 270
11  78  53  66   9   0   1 0.00    M    M 14.2 30 200   M    M   0        39 230
12  82  64  73  16   0   8 0.00    M    M 18.6 35 210   M    M   0 8      45 210
13  77  49  63   6   2   0 0.00    M    M 11.8 30 240   M    M   1        37 240
14  78  41  60   2   5   0 0.00    M    M  9.6 25 250   M    M   0        32 240
15  80  40  60   2   5   0 0.00    M    M  9.7 25 260   M    M   0        31 260
16  83  44  64   6   1   0 0.00    M    M  8.5 20 320   M    M   0        30 310
17  83  50  67   8   0   2 0.00    M    M  9.4 26 250   M    M   0        35 240
18  78  45  62   3   3   0 0.00    M    M  8.0 32 150   M    M   0 8      39 160
19  76  43  60   1   5   0    T    M    M  9.8 29 320   M    M   1 3      35 310
20  72  42  57  -3   8   0 0.00    M    M 11.8 40 160   M    M   1 8      52 160
21  81  41  61   1   4   0 0.00    M    M  9.1 24 160   M    M   0        32 170
22  74  45  60   0   5   0 0.01    M    M  7.8 25 320   M    M   3 3      35 190
23  80  39  60  -1   5   0 0.00    M    M  8.9 23 260   M    M   1        35 260
24  82  45  64   3   1   0 0.00    M    M  8.7 14 120   M    M   0        16 360
================================================================================
SM 1838 1067       118  17  0.15    M    226.9          M       29
================================================================================
AV 76.6 44.5                               9.5 FASTST   M    M   1    MAX(MPH)
                                 MISC ---->  # 40 160               # 52  160
================================================================================
NOTES:
# LAST OF SEVERAL OCCURRENCES

COLUMN 17 PEAK WIND IN M.P.H.

PRELIMINARY LOCAL CLIMATOLOGICAL DATA (WS FORM: F-6) , PAGE 2

                                          STATION:  MONTROSE CO
                                          MONTH:    MAY
                                          YEAR:     2018
                                          LATITUDE:   38 30 N
                                          LONGITUDE: 107 53 W

[TEMPERATURE DATA]      [PRECIPITATION DATA]       SYMBOLS USED IN COLUMN 16

AVERAGE MONTHLY: 60.5   TOTAL FOR MONTH:   0.15    1 = FOG OR MIST
DPTR FM NORMAL:   3.4   DPTR FM NORMAL:   -0.79    2 = FOG REDUCING VISIBILITY
HIGHEST:    86 ON 10    GRTST 24HR  0.14 ON  2- 2      TO 1/4 MILE OR LESS
LOWEST:     34 ON  4                               3 = THUNDER
                        SNOW, ICE PELLETS, HAIL    4 = ICE PELLETS
                        TOTAL MONTH:    M          5 = HAIL
                        GRTST 24HR    M  ON   M    6 = FREEZING RAIN OR DRIZZLE
                        GRTST DEPTH:  M  ON   M    7 = DUSTSTORM OR SANDSTORM:
                                                       VSBY 1/2 MILE OR LESS
                                                   8 = SMOKE OR HAZE
[NO. OF DAYS WITH]      [WEATHER - DAYS WITH]      9 = BLOWING SNOW
                                                   X = TORNADO
MAX 32 OR BELOW:   0    0.01 INCH OR MORE:   2
MAX 90 OR ABOVE:   0    0.10 INCH OR MORE:   1
MIN 32 OR BELOW:   0    0.50 INCH OR MORE:   0
MIN  0 OR BELOW:   0    1.00 INCH OR MORE:   0

[HDD (BASE 65) ]
TOTAL THIS MO.   118    CLEAR  (SCALE 0-3)  21
DPTR FM NORMAL   -79    PTCLDY (SCALE 4-7)   3
TOTAL FM JUL 1  5395    CLOUDY (SCALE 8-10)  0
DPTR FM NORMAL  -740

[CDD (BASE 65) ]
TOTAL THIS MO.    17
DPTR FM NORMAL    11    [PRESSURE DATA]
TOTAL FM JAN 1    17    HIGHEST SLP M ON M
DPTR FM NORMAL    11    LOWEST  SLP 29.42 ON 11

[REMARKS]
