385
CXUS55 KCAE 211400
CF6OGB
PRELIMINARY LOCAL CLIMATOLOGICAL DATA (WS FORM: F-6)

                                          STATION:   ORANGEBURG AIRPORT SC
                                          MONTH:     APRIL
                                          YEAR:      2018
                                          LATITUDE:   33 27 N
                                          LONGITUDE:  80 51 W

  TEMPERATURE IN F:       :PCPN:    SNOW:  WIND      :SUNSHINE: SKY     :PK WND
================================================================================
1   2   3   4   5  6A  6B    7    8   9   10  11  12  13   14  15   16   17  18
                                     12Z  AVG MX 2MIN
DY MAX MIN AVG DEP HDD CDD  WTR  SNW DPTH SPD SPD DIR MIN PSBL S-S WX    SPD DR
================================================================================

 1  78  42  60   0   5   0 0.00    M    M  3.4 12 230   M    M   0        15 200
 2  81  50  66   5   0   1 0.00    M    M  6.7 16 230   M    M   0 12     22 240
 3  86  56  71  10   0   6 0.00    M    M  8.3 23 220   M    M   3 12     28 230
 4  75  52  64   3   1   0    T    M    M 11.1 24 250   M    M   2        30 250
 5  67  42  55  -6  10   0 0.00    M    M  4.6 13  80   M    M   0        17  50
 6  78  39  59  -2   6   0 0.00    M    M  7.7 21 210   M    M   0 1      29 230
 7  67  44  56  -6   9   0 0.89    M    M  9.3 26  40   M    M   5 1      33  40
 8  58  39  49 -13  16   0 0.07    M    M  8.0 21  30   M    M   5 1      29  10
 9  53  46  50 -12  15   0 0.10    M    M  4.6 13  50   M    M  10 1      20  50
10  65  46  56  -6   9   0    T    M    M  5.4 17  30   M    M   5        23  20
11  69  41  55  -7  10   0 0.00    M    M  2.7 12 140   M    M   3 1      16 140
12  75  44  60  -3   5   0 0.00    M    M  4.3 14 180   M    M   0 1      18 220
13  80  49  65   2   0   0 0.00    M    M  7.3 18 180   M    M   1 1      23 220
14  83  57  70   7   0   5 0.00    M    M  7.2 17 210   M    M   3 1      25 210
15  81  56  69   6   0   4 1.10  0.0    0 14.3 37 240   M    M   9 13     52 240
16  57  44  51 -13  14   0 0.00    M    M 16.7 28 270   M    M   3        38 270
17  73  37  55  -9  10   0 0.00    M    M 10.0 24 260   M    M   0        32 230
18  85  50  68   4   0   3 0.00    M    M 11.2 26 240   M    M   0        33 230
19  82  54  68   4   0   3 0.00    M    M 15.0 28 280   M    M   1        35 290
20  69  44  57  -7   8   0 0.00    M    M  7.0 21  30   M    M   0        27  30
================================================================================
SM 1462  932       118  22  2.16     0.0 164.8          M       50
================================================================================
AV 73.1 46.6                               8.2 FASTST   M    M   3    MAX(MPH)
                                 MISC ---->  # 37 240               # 52  240
================================================================================
NOTES:
# LAST OF SEVERAL OCCURRENCES

COLUMN 17 PEAK WIND IN M.P.H.

PRELIMINARY LOCAL CLIMATOLOGICAL DATA (WS FORM: F-6) , PAGE 2

                                          STATION:  ORANGEBURG AIRPORT SC
                                          MONTH:    APRIL
                                          YEAR:     2018
                                          LATITUDE:   33 27 N
                                          LONGITUDE:  80 51 W

[TEMPERATURE DATA]      [PRECIPITATION DATA]       SYMBOLS USED IN COLUMN 16

AVERAGE MONTHLY: 59.9   TOTAL FOR MONTH:   2.16    1 = FOG OR MIST
DPTR FM NORMAL:  -2.5   DPTR FM NORMAL:    0.10    2 = FOG REDUCING VISIBILITY
HIGHEST:    86 ON  3    GRTST 24HR  1.10 ON 15-15      TO 1/4 MILE OR LESS
LOWEST:     37 ON 17                               3 = THUNDER
                        SNOW, ICE PELLETS, HAIL    4 = ICE PELLETS
                        TOTAL MONTH:   0.0 INCH    5 = HAIL
                        GRTST 24HR     0.0         6 = FREEZING RAIN OR DRIZZLE
                        GRTST DEPTH:   0           7 = DUSTSTORM OR SANDSTORM:
                                                       VSBY 1/2 MILE OR LESS
                                                   8 = SMOKE OR HAZE
[NO. OF DAYS WITH]      [WEATHER - DAYS WITH]      9 = BLOWING SNOW
                                                   X = TORNADO
MAX 32 OR BELOW:   0    0.01 INCH OR MORE:   4
MAX 90 OR ABOVE:   0    0.10 INCH OR MORE:   3
MIN 32 OR BELOW:   0    0.50 INCH OR MORE:   2
MIN  0 OR BELOW:   0    1.00 INCH OR MORE:   1

[HDD (BASE 65) ]
TOTAL THIS MO.   118    CLEAR  (SCALE 0-3)  14
DPTR FM NORMAL    30    PTCLDY (SCALE 4-7)   4
TOTAL FM JUL 1  2164    CLOUDY (SCALE 8-10)  2
DPTR FM NORMAL  -133

[CDD (BASE 65) ]
TOTAL THIS MO.    22
DPTR FM NORMAL   -13    [PRESSURE DATA]
TOTAL FM JAN 1    90    HIGHEST SLP M ON M
DPTR FM NORMAL    35    LOWEST  SLP 29.62 ON 15

[REMARKS]
