000
CXUS56 KPDT 261832
CF6PDT
PRELIMINARY LOCAL CLIMATOLOGICAL DATA (WS FORM: F-6)

                                          STATION:   PENDLETON OR
                                          MONTH:     MAY
                                          YEAR:      2018
                                          LATITUDE:   45 40 N
                                          LONGITUDE: 118 51 W

  TEMPERATURE IN F:       :PCPN:    SNOW:  WIND      :SUNSHINE: SKY     :PK WND
================================================================================
1   2   3   4   5  6A  6B    7    8   9   10  11  12  13   14  15   16   17  18
                                     12Z  AVG MX 2MIN
DY MAX MIN AVG DEP HDD CDD  WTR  SNW DPTH SPD SPD DIR MIN PSBL S-S WX    SPD DR
================================================================================

 1  66  44  55   1  10   0 0.00  0.0    0  5.9 14 270   M    M   4        17 250
 2  72  40  56   2   9   0 0.00  0.0    0  6.1 14 150   M    M   0        16 290
 3  81  46  64  10   1   0 0.00  0.0    0  6.5 12 220   M    M   0        16 250
 4  80  49  65  10   0   0 0.00  0.0    0  7.9 16 290   M    M   0 18     19 310
 5  76  51  64   9   1   0    T  0.0    0  6.0 13  70   M    M   1        15  60
 6  67  49  58   3   7   0 0.06  0.0    0  5.3 26  60   M    M   4        31  50
 7  79  54  67  12   0   2    T  0.0    0  6.4 13  70   M    M   4        16 330
 8  84  49  67  11   0   2 0.28  0.0    0 11.0 51 260   M    M   1 13     62 270
 9  70  52  61   5   4   0 0.02  0.0    0 11.2 22 280   M    M   6        26 280
10  68  48  58   2   7   0 0.01  0.0    0 16.6 30 260   M    M   6        36 330
11  64  44  54  -3  11   0 0.21  0.0    0  7.9 22 270   M    M   7 1      29 260
12  77  42  60   3   5   0 0.00  0.0    0  7.1 22 350   M    M   2 1      27 350
13  82  48  65   8   0   0 0.00  0.0    0  7.4 17 360   M    M   0        21 360
14  87  48  68  11   0   3 0.00  0.0    0  7.3 14 150   M    M   0        17  50
15  90  51  71  13   0   6 0.00  0.0    0  6.9 17 160   M    M   0        22 150
16  75  59  67   9   0   2    T  0.0    0  7.9 15 200   M    M   6        18 270
17  80  49  65   7   0   0 0.02  0.0    0  8.4 21 290   M    M   3        29 290
18  74  49  62   4   3   0 0.00  0.0    0  7.1 17 360   M    M   5        22  10
19  75  48  62   3   3   0 0.00  0.0    0  5.2 13  20   M    M   5        17  20
20  74  54  64   5   1   0 0.05  0.0    0  6.0 14  20   M    M   8 1      17  30
21  79  54  67   8   0   2 0.00  0.0    0  5.6 10 150   M    M   4        14  80
22  86  53  70  11   0   5 0.00  0.0    0  7.1 16  10   M    M   0        23  10
23  88  57  73  13   0   8 0.00  0.0    0  8.4 24 240   M    M   1        29 240
24  88  61  75  15   0  10 0.00  0.0    0  8.9 21 230   M    M   4        26 230
25  81  54  68   8   0   3    T  0.0    0 10.0 25 260   M    M   2        31 270
================================================================================
SM 1943 1253        62  43  0.65     0.0 194.1          M       73
================================================================================
AV 77.7 50.1                               7.8 FASTST   M    M   3    MAX(MPH)
                                 MISC ---->  # 51 260               # 62  270
================================================================================
NOTES:
# LAST OF SEVERAL OCCURRENCES

COLUMN 17 PEAK WIND IN M.P.H.

PRELIMINARY LOCAL CLIMATOLOGICAL DATA (WS FORM: F-6) , PAGE 2

                                          STATION:  PENDLETON OR
                                          MONTH:    MAY
                                          YEAR:     2018
                                          LATITUDE:   45 40 N
                                          LONGITUDE: 118 51 W

[TEMPERATURE DATA]      [PRECIPITATION DATA]       SYMBOLS USED IN COLUMN 16

AVERAGE MONTHLY: 63.9   TOTAL FOR MONTH:   0.65    1 = FOG OR MIST
DPTR FM NORMAL:   6.9   DPTR FM NORMAL:   -0.41    2 = FOG REDUCING VISIBILITY
HIGHEST:    90 ON 15    GRTST 24HR  0.28 ON  8- 8      TO 1/4 MILE OR LESS
LOWEST:     40 ON  2                               3 = THUNDER
                        SNOW, ICE PELLETS, HAIL    4 = ICE PELLETS
                        TOTAL MONTH:   0.0 INCH    5 = HAIL
                        GRTST 24HR     0.0         6 = FREEZING RAIN OR DRIZZLE
                        GRTST DEPTH:   0           7 = DUSTSTORM OR SANDSTORM:
                                                       VSBY 1/2 MILE OR LESS
                                                   8 = SMOKE OR HAZE
[NO. OF DAYS WITH]      [WEATHER - DAYS WITH]      9 = BLOWING SNOW
                                                   X = TORNADO
MAX 32 OR BELOW:   0    0.01 INCH OR MORE:   7
MAX 90 OR ABOVE:   1    0.10 INCH OR MORE:   2
MIN 32 OR BELOW:   0    0.50 INCH OR MORE:   0
MIN  0 OR BELOW:   0    1.00 INCH OR MORE:   0

[HDD (BASE 65) ]
TOTAL THIS MO.    62    CLEAR  (SCALE 0-3)  13
DPTR FM NORMAL  -152    PTCLDY (SCALE 4-7)  12
TOTAL FM JUL 1  4884    CLOUDY (SCALE 8-10)  0
DPTR FM NORMAL  -277

[CDD (BASE 65) ]
TOTAL THIS MO.    43
DPTR FM NORMAL    27    [PRESSURE DATA]
TOTAL FM JAN 1    43    HIGHEST SLP 30.13 ON  4
DPTR FM NORMAL    26    LOWEST  SLP 29.66 ON 23

[REMARKS]
