000
CXUS53 KILX 262300
CF6PIA
PRELIMINARY LOCAL CLIMATOLOGICAL DATA (WS FORM: F-6)

                                          STATION:   PEORIA IL
                                          MONTH:     MAY
                                          YEAR:      2018
                                          LATITUDE:   40 40 N
                                          LONGITUDE:  89 41 W

  TEMPERATURE IN F:       :PCPN:    SNOW:  WIND      :SUNSHINE: SKY     :PK WND
================================================================================
1   2   3   4   5  6A  6B    7    8   9   10  11  12  13   14  15   16   17  18
                                     12Z  AVG MX 2MIN
DY MAX MIN AVG DEP HDD CDD  WTR  SNW DPTH SPD SPD DIR MIN PSBL S-S WX    SPD DR
================================================================================

 1  86  54  70  12   0   5 0.00  0.0    0 15.0 25 210   M    M   0        36 170
 2  87  67  77  19   0  12 0.04  0.0    0 13.6 26 230   M    M   1 3      37 240
 3  73  64  69  11   0   4 0.30  0.0    0 10.8 21 220   M    M   7 13     30 200
 4  76  60  68   9   0   3 0.14  0.0    0  9.8 23 300   M    M   4 13     39 280
 5  82  50  66   7   0   1 0.00  0.0    0  3.0 13 300   M    M   1        22 280
 6  83  56  70  11   0   5    T  0.0    0  7.4 17  80   M    M   3        24  30
 7  80  49  65   5   0   0 0.00  0.0    0  3.5 13 110   M    M   0        19 120
 8  82  53  68   8   0   3 0.00  0.0    0  8.0 17 140   M    M   0        24 170
 9  85  61  73  13   0   8 0.10  0.0    0 14.9 32 220   M    M   4 13     42 220
10  84  55  70   9   0   5 0.00  0.0    0  5.1 20  70   M    M   1        26  80
11  86  58  72  11   0   7 0.00  0.0    0 10.8 21  90   M    M   1        29  70
12  64  52  58  -3   7   0 0.25  0.0    0  8.4 24  70   M    M   6 138    32  80
13  77  52  65   3   0   0    T  0.0    0  6.4 20 330   M    M   5 138    34 330
14  90  62  76  14   0  11 0.00  0.0    0  8.0 23 220   M    M   1 18     31 220
15  75  59  67   5   0   2 0.02  0.0    0  6.9 15  70   M    M   6 18     22  80
16  83  54  69   7   0   4 0.00  0.0    0  7.5 16  70   M    M   0        27  70
17  87  57  72   9   0   7 0.00  0.0    0 10.5 20  80   M    M   0        32  70
18  78  61  70   7   0   5 0.05  0.0    0  9.8 18  70   M    M   5        22  80
19  85  61  73  10   0   8 0.00  0.0    0  4.5 12 220   M    M   4 18     16 270
20  77  59  68   4   0   3    T  0.0    0  8.9 20  70   M    M   2 18     26  70
21  79  55  67   3   0   2 1.24  0.0    0  6.8 15 240   M    M   9 13     22 280
22  79  62  71   7   0   6 0.00  0.0    0  4.3 12 280   M    M   4 18     17 290
23  84  59  72   8   0   7 0.00  0.0    0  4.5  9  70   M    M   0 1      13  40
24  89  63  76  11   0  11 0.00  0.0    0  4.3 13 190   M    M   0 8      18 190
25  88  65  77  12   0  12 0.28  0.0    0  4.9 22 270   M    M   1 138    32 270
================================================================================
SM 2039 1448         7 131  2.42     0.0 197.6          M       65
================================================================================
AV 81.6 57.9                               7.9 FASTST   M    M   3    MAX(MPH)
                                 MISC ---->  # 32 220               # 42  220
================================================================================
NOTES:
# LAST OF SEVERAL OCCURRENCES

COLUMN 17 PEAK WIND IN M.P.H.

PRELIMINARY LOCAL CLIMATOLOGICAL DATA (WS FORM: F-6) , PAGE 2

                                          STATION:  PEORIA IL
                                          MONTH:    MAY
                                          YEAR:     2018
                                          LATITUDE:   40 40 N
                                          LONGITUDE:  89 41 W

[TEMPERATURE DATA]      [PRECIPITATION DATA]       SYMBOLS USED IN COLUMN 16

AVERAGE MONTHLY: 69.7   TOTAL FOR MONTH:   2.42    1 = FOG OR MIST
DPTR FM NORMAL:   8.3   DPTR FM NORMAL:   -1.13    2 = FOG REDUCING VISIBILITY
HIGHEST:    90 ON 14    GRTST 24HR  1.24 ON 21-21      TO 1/4 MILE OR LESS
LOWEST:     49 ON  7                               3 = THUNDER
                        SNOW, ICE PELLETS, HAIL    4 = ICE PELLETS
                        TOTAL MONTH:   0.0 INCH    5 = HAIL
                        GRTST 24HR     0.0         6 = FREEZING RAIN OR DRIZZLE
                        GRTST DEPTH:   0           7 = DUSTSTORM OR SANDSTORM:
                                                       VSBY 1/2 MILE OR LESS
                                                   8 = SMOKE OR HAZE
[NO. OF DAYS WITH]      [WEATHER - DAYS WITH]      9 = BLOWING SNOW
                                                   X = TORNADO
MAX 32 OR BELOW:   0    0.01 INCH OR MORE:   9
MAX 90 OR ABOVE:   1    0.10 INCH OR MORE:   6
MIN 32 OR BELOW:   0    0.50 INCH OR MORE:   1
MIN  0 OR BELOW:   0    1.00 INCH OR MORE:   1

[HDD (BASE 65) ]
TOTAL THIS MO.     7    CLEAR  (SCALE 0-3)  15
DPTR FM NORMAL  -126    PTCLDY (SCALE 4-7)   9
TOTAL FM JUL 1  5769    CLOUDY (SCALE 8-10)  1
DPTR FM NORMAL   -29

[CDD (BASE 65) ]
TOTAL THIS MO.   131
DPTR FM NORMAL    86    [PRESSURE DATA]
TOTAL FM JAN 1   133    HIGHEST SLP M ON M
DPTR FM NORMAL    74    LOWEST  SLP 29.65 ON  9

[REMARKS]
