000
CXUS54 KMAF 251110
CF6PRS
PRELIMINARY LOCAL CLIMATOLOGICAL DATA (WS FORM: F-6)
STATION: PRESIDIO LELY
MONTH: APRIL
YEAR: 2024
LATITUDE: 29 38 N
LONGITUDE: 104 22 W
TEMPERATURE IN F: :PCPN: SNOW: WIND :SUNSHINE: SKY :PK WND
================================================================================
1 2 3 4 5 6A 6B 7 8 9 10 11 12 13 14 15 16 17 18
12Z AVG MX 2MIN
DY MAX MIN AVG DEP HDD CDD WTR SNW DPTH SPD SPD DIR MIN PSBL S-S WX SPD DR
================================================================================
1 85 63 74 M 0 9 M M M 17.4 35 280 M M 1 51 290
2 72 48 60 M 5 0 M M M 10.0 18 300 M M 3 29 300
3 76 43 60 M 5 0 M M M 5.2 9 350 M M 0 M M
4 84 50 67 M 0 2 M M M 5.9 10 80 M M 0 M M
5 92 57 75 M 0 10 M M M 7.8 16 180 M M 0 28 150
6 89 62 76 M 0 11 M M M 12.8 21 300 M M 0 33 200
7 80 49 65 M 0 0 M M M 5.9 18 260 M M 0 26 260
8 86 53 70 M 0 5 M M M 5.0 14 240 M M 0 17 240
9 80 53 67 M 0 2 M M M 11.3 28 290 M M 0 38 290
10 82 44 63 M 2 0 M M M 6.1 17 300 M M 0 23 270
11 86 54 70 M 0 5 M M M 8.9 16 50 M M 0 22 50
12 85 64 75 M 0 10 M M M 8.4 13 80 M M 0 21 80
13 90 65 78 M 0 13 M M M 5.9 13 360 M M 0 M M
14 97 65 81 M 0 16 M M M 4.1 10 290 M M 0 17 240
15 97 69 83 M 0 18 M M M 7.2 21 290 M M 0 28 290
16 85 57 71 M 0 6 M M M 6.0 21 290 M M 0 30 290
17 92 60 76 M 0 11 M M M 5.7 10 360 M M 0 M M
18 96 58 77 M 0 12 M M M 5.4 13 360 M M 0 18 240
19 91 69 80 M 0 15 M M M 13.9 23 40 M M 0 31 60
20 85 56 71 M 0 6 M M M 12.2 23 20 M M 3 31 20
21 75 56 66 M 0 1 M M M 13.9 22 40 M M 6 31 50
22 87 61 74 M 0 9 M M M 9.1 18 50 M M 4 26 50
23 96 64 80 M 0 15 M M M 6.9 16 40 M M 0 23 40
24 97 67 82 M 0 17 M M M 5.3 16 40 M M 0 22 40
================================================================================
SM 2085 1387 12 193 M M 200.3 M 17
================================================================================
AV 86.9 57.8 8.3 FASTST M M 1 MAX(MPH)
MISC ----> 35 280 51 290
================================================================================
NOTES:
# LAST OF SEVERAL OCCURRENCES
COLUMN 17 PEAK WIND IN M.P.H.
PRELIMINARY LOCAL CLIMATOLOGICAL DATA (WS FORM: F-6) , PAGE 2
STATION: PRESIDIO LELY
MONTH: APRIL
YEAR: 2024
LATITUDE: 29 38 N
LONGITUDE: 104 22 W
[TEMPERATURE DATA] [PRECIPITATION DATA] SYMBOLS USED IN COLUMN 16
AVERAGE MONTHLY: 72.3 TOTAL FOR MONTH: M 1 = FOG OR MIST
DPTR FM NORMAL: 0.0 DPTR FM NORMAL: M 2 = FOG REDUCING VISIBILITY
HIGHEST: 97 ON 24,15 GRTST 24HR M ON M TO 1/4 MILE OR LESS
LOWEST: 43 ON 3 3 = THUNDER
SNOW, ICE PELLETS, HAIL 4 = ICE PELLETS
TOTAL MONTH: M 5 = HAIL
GRTST 24HR M ON M 6 = FREEZING RAIN OR DRIZZLE
GRTST DEPTH: M ON M 7 = DUSTSTORM OR SANDSTORM:
VSBY 1/2 MILE OR LESS
8 = SMOKE OR HAZE
[NO. OF DAYS WITH] [WEATHER - DAYS WITH] 9 = BLOWING SNOW
X = TORNADO
MAX 32 OR BELOW: 0 0.01 INCH OR MORE: 0
MAX 90 OR ABOVE: 9 0.10 INCH OR MORE: 0
MIN 32 OR BELOW: 0 0.50 INCH OR MORE: 0
MIN 0 OR BELOW: 0 1.00 INCH OR MORE: 0
[HDD (BASE 65) ]
TOTAL THIS MO. 12 CLEAR (SCALE 0-3) 22
DPTR FM NORMAL M PTCLDY (SCALE 4-7) 2
TOTAL FM JUL 1 1204 CLOUDY (SCALE 8-10) 0
DPTR FM NORMAL M
[CDD (BASE 65) ]
TOTAL THIS MO. 193
DPTR FM NORMAL M [PRESSURE DATA]
TOTAL FM JAN 1 288 HIGHEST SLP M ON M
DPTR FM NORMAL M LOWEST SLP M ON M
[REMARKS]