000
CXUS53 KMKX 240645
CF6RAC
PRELIMINARY LOCAL CLIMATOLOGICAL DATA (WS FORM: F-6)

                                          STATION:   RACINE WI
                                          MONTH:     APRIL
                                          YEAR:      2018
                                          LATITUDE:   42 45 N
                                          LONGITUDE:  87 49 W

  TEMPERATURE IN F:       :PCPN:    SNOW:  WIND      :SUNSHINE: SKY     :PK WND
================================================================================
1   2   3   4   5  6A  6B    7    8   9   10  11  12  13   14  15   16   17  18
                                     12Z  AVG MX 2MIN
DY MAX MIN AVG DEP HDD CDD  WTR  SNW DPTH SPD SPD DIR MIN PSBL S-S WX    SPD DR
================================================================================

 1  36  21  29 -11  36   0 0.00  0.0    0  8.4 16 240   M    M   0        27 220
 2  38  21  30 -10  35   0 0.00  0.0    0  7.9 17 120   M    M   2        22 140
 3  38  30  34  -7  31   0 0.20    M    0 13.6 23  20   M    M  10 18     34 330
 4  34  24  29 -12  36   0    T    M    0 12.6 24 300   M    M   5 1      36 330
 5  42  20  31 -11  34   0    T    M    0  7.7 17 220   M    M   4 18     23 230
 6  36  23  30 -12  35   0    T    M    0 12.0 28 310   M    M   4 18     40 310
 7  36  18  27 -15  38   0 0.00  0.0    0  7.9 17 300   M    M   0 8      25 300
 8  38  20  29 -13  36   0 0.00  0.0    0  7.3 15 100   M    M   3        20  60
 9  38  29  34  -9  31   0 0.03    M    0  6.0 12  50   M    M   9 18     18 360
10  46  27  37  -6  28   0 0.00  0.0    0  7.7 16 230   M    M   5        24 280
11  58  38  48   5  17   0 0.25    M    0 10.0 16 100   M    M   5 18     26 260
12  67  38  53   9  12   0 0.05    M    0 13.5 23  40   M    M   4 18     34 260
13  44  37  41  -3  24   0 0.12    M    0 17.9 35  40   M    M   9 1      46  30
14  37  31  34 -10  31   0 0.61    M    0 24.4 32  70   M    M  10 16     47  70
15  33  28  31 -14  34   0 0.28    M    0 16.1 30  50   M    M  10 16     41  60
16  34  26  30 -15  35   0 0.05    M    M 11.5 17 300   M    M  10 1      27 310
17  38  27  33 -12  32   0 0.00  0.0    0  8.1 20 340   M    M   6        28 300
18  36  30  33 -13  32   0 0.23    M    0 12.1 22  20   M    M  10 128    32  10
19  49  31  40  -6  25   0 0.00  0.0    0  9.1 18  20   M    M   0 1      26  30
20  53  29  41  -5  24   0 0.00  0.0    0  5.0 12 130   M    M   0 8      15 140
21  54  30  42  -5  23   0 0.00  0.0    0  2.2  8 170   M    M   3        10 100
22  56  33  45  -2  20   0 0.00  0.0    0  6.1 15  30   M    M   1        21  20
23  58  35  47   0  18   0 0.00  0.0    0 10.2 17  10   M    M   0        25  20
================================================================================
SM  999  646       667   0  1.82     0.0 237.3          M      110
================================================================================
AV 43.4 28.1                              10.3 FASTST   M    M   5    MAX(MPH)
                                 MISC ---->  # 35  40               # 47   70
================================================================================
NOTES:
# LAST OF SEVERAL OCCURRENCES

COLUMN 17 PEAK WIND IN M.P.H.

PRELIMINARY LOCAL CLIMATOLOGICAL DATA (WS FORM: F-6) , PAGE 2

                                          STATION:  RACINE WI
                                          MONTH:    APRIL
                                          YEAR:     2018
                                          LATITUDE:   42 45 N
                                          LONGITUDE:  87 49 W

[TEMPERATURE DATA]      [PRECIPITATION DATA]       SYMBOLS USED IN COLUMN 16

AVERAGE MONTHLY: 35.8   TOTAL FOR MONTH:   1.82    1 = FOG OR MIST
DPTR FM NORMAL:  -7.9   DPTR FM NORMAL:   -0.76    2 = FOG REDUCING VISIBILITY
HIGHEST:    67 ON 12    GRTST 24HR  0.61 ON 14-14      TO 1/4 MILE OR LESS
LOWEST:     18 ON  7                               3 = THUNDER
                        SNOW, ICE PELLETS, HAIL    4 = ICE PELLETS
                        TOTAL MONTH:   0.0 INCH    5 = HAIL
                        GRTST 24HR     0.0         6 = FREEZING RAIN OR DRIZZLE
                        GRTST DEPTH:   0           7 = DUSTSTORM OR SANDSTORM:
                                                       VSBY 1/2 MILE OR LESS
                                                   8 = SMOKE OR HAZE
[NO. OF DAYS WITH]      [WEATHER - DAYS WITH]      9 = BLOWING SNOW
                                                   X = TORNADO
MAX 32 OR BELOW:   0    0.01 INCH OR MORE:   9
MAX 90 OR ABOVE:   0    0.10 INCH OR MORE:   6
MIN 32 OR BELOW:  18    0.50 INCH OR MORE:   1
MIN  0 OR BELOW:   0    1.00 INCH OR MORE:   0

[HDD (BASE 65) ]
TOTAL THIS MO.   667    CLEAR  (SCALE 0-3)   8
DPTR FM NORMAL   176    PTCLDY (SCALE 4-7)   8
TOTAL FM JUL 1  6398    CLOUDY (SCALE 8-10)  7
DPTR FM NORMAL    32

[CDD (BASE 65) ]
TOTAL THIS MO.     0
DPTR FM NORMAL     0    [PRESSURE DATA]
TOTAL FM JAN 1     0    HIGHEST SLP M ON M
DPTR FM NORMAL     0    LOWEST  SLP 29.54 ON 12

[REMARKS]
