000
CXUS56 KSGX 241045
CF6RAL
PRELIMINARY LOCAL CLIMATOLOGICAL DATA (WS FORM: F-6)
STATION: RIVERSIDE MUNI AIRPORT CA
MONTH: APRIL
YEAR: 2024
LATITUDE: 33 57 N
LONGITUDE: 117 27 W
TEMPERATURE IN F: :PCPN: SNOW: WIND :SUNSHINE: SKY :PK WND
================================================================================
1 2 3 4 5 6A 6B 7 8 9 10 11 12 13 14 15 16 17 18
12Z AVG MX 2MIN
DY MAX MIN AVG DEP HDD CDD WTR SNW DPTH SPD SPD DIR MIN PSBL S-S WX SPD DR
================================================================================
1 72 41 57 -4 8 0 0.00 M M 5.5 21 270 M M 1 1 26 270
2 80 45 63 2 2 0 0.00 M M 5.7 18 260 M M 0 26 250
3 78 49 64 3 1 0 0.00 M M 6.7 18 250 M M 0 26 240
4 64 47 56 -6 9 0 T M M 6.6 21 240 M M 8 1 32 270
5 59 42 51 -11 14 0 0.05 M M 9.0 26 230 M M 7 13 36 240
6 66 40 53 -9 12 0 0.00 M M 3.9 14 270 M M 0 18 260
7 69 40 55 -7 10 0 0.00 M M 5.3 17 270 M M 0 25 280
8 76 42 59 -3 6 0 0.00 M M 4.4 16 270 M M 0 32 30
9 82 46 64 2 1 0 0.00 M M 7.8 20 250 M M 0 28 270
10 83 49 66 4 0 1 0.00 M M 5.4 17 270 M M 0 24 270
11 89 51 70 8 0 5 0.00 M M 4.4 17 270 M M 0 24 250
12 67 51 59 -3 6 0 0.00 M M 6.9 20 270 M M 7 18 27 260
13 66 47 57 -5 8 0 0.06 M M 6.5 25 270 M M 9 1 33 270
14 62 42 52 -11 13 0 0.03 M M 3.6 17 240 M M 6 1 22 240
15 69 46 58 -5 7 0 0.00 M M 3.5 10 260 M M 3 16 270
16 84 48 66 3 0 1 0.00 M M 4.6 20 260 M M 0 26 270
17 83 50 67 4 0 2 0.00 M M 4.4 18 270 M M 0 24 270
18 78 52 65 2 0 0 0.00 M M 4.8 16 270 M M 0 26 270
19 72 51 62 -1 3 0 0.00 M M 4.2 14 270 M M 5 18 19 270
20 75 51 63 -1 2 0 0.00 M M 2.9 12 280 M M 5 18 15 270
21 84 52 68 4 0 3 0.00 M M 5.6 18 270 M M 0 18 24 260
22 77 55 66 2 0 1 0.00 M M 6.3 17 270 M M 7 18 25 280
23 71 51 61 -3 4 0 0.00 M M 6.5 16 250 M M 6 1 22 260
================================================================================
SM 1706 1088 106 13 0.14 M 124.5 M 64
================================================================================
AV 74.2 47.3 5.4 FASTST M M 3 MAX(MPH)
MISC ----> 26 230 36 240
================================================================================
NOTES:
# LAST OF SEVERAL OCCURRENCES
COLUMN 17 PEAK WIND IN M.P.H.
PRELIMINARY LOCAL CLIMATOLOGICAL DATA (WS FORM: F-6) , PAGE 2
STATION: RIVERSIDE MUNI AIRPORT CA
MONTH: APRIL
YEAR: 2024
LATITUDE: 33 57 N
LONGITUDE: 117 27 W
[TEMPERATURE DATA] [PRECIPITATION DATA] SYMBOLS USED IN COLUMN 16
AVERAGE MONTHLY: 60.7 TOTAL FOR MONTH: 0.14 1 = FOG OR MIST
DPTR FM NORMAL: -1.7 DPTR FM NORMAL: -0.36 2 = FOG REDUCING VISIBILITY
HIGHEST: 89 ON 11 GRTST 24HR 0.11 ON 31- 1 TO 1/4 MILE OR LESS
LOWEST: 40 ON 7, 6 3 = THUNDER
SNOW, ICE PELLETS, HAIL 4 = ICE PELLETS
TOTAL MONTH: M 5 = HAIL
GRTST 24HR M ON M 6 = FREEZING RAIN OR DRIZZLE
GRTST DEPTH: M ON M 7 = DUSTSTORM OR SANDSTORM:
VSBY 1/2 MILE OR LESS
8 = SMOKE OR HAZE
[NO. OF DAYS WITH] [WEATHER - DAYS WITH] 9 = BLOWING SNOW
X = TORNADO
MAX 32 OR BELOW: 0 0.01 INCH OR MORE: 3
MAX 90 OR ABOVE: 0 0.10 INCH OR MORE: 0
MIN 32 OR BELOW: 0 0.50 INCH OR MORE: 0
MIN 0 OR BELOW: 0 1.00 INCH OR MORE: 0
[HDD (BASE 65) ]
TOTAL THIS MO. 106 CLEAR (SCALE 0-3) 14
DPTR FM NORMAL 17 PTCLDY (SCALE 4-7) 7
TOTAL FM JUL 1 1217 CLOUDY (SCALE 8-10) 2
DPTR FM NORMAL -114
[CDD (BASE 65) ]
TOTAL THIS MO. 13
DPTR FM NORMAL -20 [PRESSURE DATA]
TOTAL FM JAN 1 16 HIGHEST SLP M ON M
DPTR FM NORMAL -48 LOWEST SLP 29.74 ON 11
[REMARKS]