000
CXUS51 KAKQ 260633
CF6RIC
PRELIMINARY LOCAL CLIMATOLOGICAL DATA (WS FORM: F-6)

                                          STATION:   RICHMOND VA
                                          MONTH:     MAY
                                          YEAR:      2018
                                          LATITUDE:   37 30 N
                                          LONGITUDE:  77 20 W

  TEMPERATURE IN F:       :PCPN:    SNOW:  WIND      :SUNSHINE: SKY     :PK WND
================================================================================
1   2   3   4   5  6A  6B    7    8   9   10  11  12  13   14  15   16   17  18
                                     12Z  AVG MX 2MIN
DY MAX MIN AVG DEP HDD CDD  WTR  SNW DPTH SPD SPD DIR MIN PSBL S-S WX    SPD DR
================================================================================

 1  84  42  63   1   2   0 0.00  0.0    0  3.0 13 300   M    M   0        18 300
 2  91  52  72   9   0   7 0.00  0.0    0  8.9 21 220   M    M   1        28 230
 3  90  60  75  12   0  10 0.00  0.0    0 11.5 22 220   M    M   5        27 220
 4  89  62  76  13   0  11 0.00  0.0    0 11.8 24 220   M    M   5        27 220
 5  76  60  68   4   0   3    T  0.0    0  6.7 14  40   M    M   9        17  50
 6  79  56  68   4   0   3 0.00  0.0    0  6.1 16 340   M    M   9        19 350
 7  73  54  64   0   1   0 0.00  0.0    0  7.5 15  70   M    M   6 1      20  70
 8  77  51  64   0   1   0 0.00  0.0    0  8.2 17  40   M    M   2 1      23  40
 9  80  51  66   2   0   1 0.00  0.0    0  6.6 12  20   M    M   3 12     18 360
10  87  56  72   7   0   7 0.36  0.0    0  9.6 38 290   M    M   5 13     50 290
11  88  57  73   8   0   8    T  0.0    0  5.2 15 270   M    M   3 18     18 280
12  93  66  80  15   0  15 0.00  0.0    0  8.6 18 190   M    M   5        24 200
13  87  64  76  10   0  11 0.00  0.0    0  7.6 17 360   M    M   4        23 360
14  91  63  77  11   0  12 0.23  0.0    0  5.5 40 340   M    M   6 138    49 340
15  90  64  77  11   0  12    T  0.0    0 11.9 22 200   M    M   7        30 200
16  81  69  75   9   0  10 1.04  0.0    0  5.8 22 280   M    M   9 13     28 270
17  78  68  73   6   0   8 2.67  0.0    0  6.5 14 130   M    M  10 1      17 140
18  81  64  73   6   0   8 3.86  0.0    0  9.2 18  70   M    M   9 13     24  70
19  77  65  71   4   0   6 0.68  0.0    0 10.1 20 200   M    M   9 1      24 190
20  88  71  80  13   0  15 0.00  0.0    0 10.3 20 190   M    M   8        26 200
21  81  66  74   6   0   9 0.00  0.0    0  6.8 15 140   M    M   8        22 100
22  85  65  75   7   0  10 1.38  0.0    0  6.8 12 170   M    M   9 13      M  M
23  86  68  77   9   0  12 0.03  0.0    0  7.5 14  10   M    M   5 1      18  10
24  85  62  74   5   0   9 0.00  0.0    0  5.6 14  20   M    M   3        17  30
25  85  63  74   5   0   9 0.00  0.0    0  7.0 17 200   M    M   3        22 220
================================================================================
SM 2102 1519         4 196 10.25     0.0 194.3          M      143
================================================================================
AV 84.1 60.8                               7.8 FASTST   M    M   6    MAX(MPH)
                                 MISC ---->  # 40 340               # 50  290
================================================================================
NOTES:
# LAST OF SEVERAL OCCURRENCES

COLUMN 17 PEAK WIND IN M.P.H.

PRELIMINARY LOCAL CLIMATOLOGICAL DATA (WS FORM: F-6) , PAGE 2

                                          STATION:  RICHMOND VA
                                          MONTH:    MAY
                                          YEAR:     2018
                                          LATITUDE:   37 30 N
                                          LONGITUDE:  77 20 W

[TEMPERATURE DATA]      [PRECIPITATION DATA]       SYMBOLS USED IN COLUMN 16

AVERAGE MONTHLY: 72.4   TOTAL FOR MONTH:  10.25    1 = FOG OR MIST
DPTR FM NORMAL:   6.8   DPTR FM NORMAL:    7.25    2 = FOG REDUCING VISIBILITY
HIGHEST:    93 ON 12    GRTST 24HR  3.86 ON 18-18      TO 1/4 MILE OR LESS
LOWEST:     42 ON  1                               3 = THUNDER
                        SNOW, ICE PELLETS, HAIL    4 = ICE PELLETS
                        TOTAL MONTH:   0.0 INCH    5 = HAIL
                        GRTST 24HR     0.0         6 = FREEZING RAIN OR DRIZZLE
                        GRTST DEPTH:   0           7 = DUSTSTORM OR SANDSTORM:
                                                       VSBY 1/2 MILE OR LESS
                                                   8 = SMOKE OR HAZE
[NO. OF DAYS WITH]      [WEATHER - DAYS WITH]      9 = BLOWING SNOW
                                                   X = TORNADO
MAX 32 OR BELOW:   0    0.01 INCH OR MORE:   8
MAX 90 OR ABOVE:   5    0.10 INCH OR MORE:   7
MIN 32 OR BELOW:   0    0.50 INCH OR MORE:   5
MIN  0 OR BELOW:   0    1.00 INCH OR MORE:   4

[HDD (BASE 65) ]
TOTAL THIS MO.     4    CLEAR  (SCALE 0-3)   4
DPTR FM NORMAL   -64    PTCLDY (SCALE 4-7)  12
TOTAL FM JUL 1  3711    CLOUDY (SCALE 8-10)  9
DPTR FM NORMAL   -49

[CDD (BASE 65) ]
TOTAL THIS MO.   196
DPTR FM NORMAL   115    [PRESSURE DATA]
TOTAL FM JAN 1   224    HIGHEST SLP M ON M
DPTR FM NORMAL   101    LOWEST  SLP 29.81 ON  6

[REMARKS]
