000
CXUS51 KBUF 271205
CF6ROC
PRELIMINARY LOCAL CLIMATOLOGICAL DATA (WS FORM: F-6)

                                          STATION:   ROCHESTER NY
                                          MONTH:     MAY
                                          YEAR:      2018
                                          LATITUDE:   43  7 N
                                          LONGITUDE:  77 40 W

  TEMPERATURE IN F:       :PCPN:    SNOW:  WIND      :SUNSHINE: SKY     :PK WND
================================================================================
1   2   3   4   5  6A  6B    7    8   9   10  11  12  13   14  15   16   17  18
                                     12Z  AVG MX 2MIN
DY MAX MIN AVG DEP HDD CDD  WTR  SNW DPTH SPD SPD DIR MIN PSBL S-S WX    SPD DR
================================================================================

 1  80  39  60   8   5   0 0.00  0.0    0 10.9 28 270   M    M   3        33 270
 2  85  57  71  19   0   6    T  0.0    0 15.8 36 260   M    M   5        45 260
 3  76  62  69  16   0   4 0.10  0.0    0 12.4 29 280   M    M   9 1      37 250
 4  83  50  67  14   0   2 0.34  0.0    0 16.1 46 260   M    M   7 13     57 250
 5  76  47  62   8   3   0 0.00  0.0    0 10.4 25 250   M    M   5        33 270
 6  69  52  61   7   4   0    T  0.0    0  6.0 18  60   M    M   8        23  60
 7  63  45  54   0  11   0    T  0.0    0  6.9 17  40   M    M   5        23  30
 8  75  42  59   5   6   0 0.00  0.0    0  4.4 17  30   M    M   2        19  30
 9  82  50  66  11   0   1 0.00  0.0    0  6.2 21 190   M    M   5        28 200
10  75  50  63   8   2   0 0.03  0.0    0 14.5 30 270   M    M   8        39 260
11  56  42  49  -6  16   0 0.00  0.0    0  7.3 22  40   M    M   8        25  40
12  59  46  53  -3  12   0 0.03  0.0    0  5.8 14  30   M    M   8        16  50
13  70  43  57   1   8   0 0.00  0.0    0  6.1 14 140   M    M   6        18 200
14  76  52  64   8   1   0 0.00  0.0    0  8.5 18 300   M    M   7        23 290
15  69  54  62   5   3   0 0.34  0.0    0  5.8 25 350   M    M   8 13     30 360
16  78  50  64   7   1   0 0.00  0.0    0  4.3 15  30   M    M   7 12     19  30
17  78  57  68  11   0   3 0.00    M    M  8.7 21  60   M    M   6        26  50
18  63  49  56  -2   9   0 0.00  0.0    0 12.1 21  70   M    M   6        27  60
19  74  54  64   6   1   0 0.25  0.0    0 11.5 21 210   M    M   8 1      25 200
20  70  54  62   4   3   0 0.05  0.0    0  8.8 18 320   M    M   8 1      25 320
21  76  46  61   3   4   0 0.00  0.0    0  4.2 12  40   M    M   5 8      15  40
22  74  56  65   6   0   0 0.56  0.0    0  6.5 21 250   M    M  10 1      27 260
23  76  53  65   6   0   0 0.00  0.0    0  9.4 20 290   M    M   6 1      25 280
24  83  49  66   7   0   1 0.00  0.0    0  7.7 16 270   M    M   1        21 280
25  84  55  70  10   0   5 0.00  0.0    0 11.1 21 260   M    M   4        28 250
26  85  62  74  14   0   9 0.00  0.0    0  7.1 17  40   M    M   6 8      20  30
================================================================================
SM 1935 1316        89  31  1.70     0.0 228.5          M      161
================================================================================
AV 74.4 50.6                               8.8 FASTST   M    M   6    MAX(MPH)
                                 MISC ---->  # 46 260               # 57  250
================================================================================
NOTES:
# LAST OF SEVERAL OCCURRENCES

COLUMN 17 PEAK WIND IN M.P.H.

PRELIMINARY LOCAL CLIMATOLOGICAL DATA (WS FORM: F-6) , PAGE 2

                                          STATION:  ROCHESTER NY
                                          MONTH:    MAY
                                          YEAR:     2018
                                          LATITUDE:   43  7 N
                                          LONGITUDE:  77 40 W

[TEMPERATURE DATA]      [PRECIPITATION DATA]       SYMBOLS USED IN COLUMN 16

AVERAGE MONTHLY: 62.5   TOTAL FOR MONTH:   1.70    1 = FOG OR MIST
DPTR FM NORMAL:   6.4   DPTR FM NORMAL:   -0.71    2 = FOG REDUCING VISIBILITY
HIGHEST:    85 ON 26, 2 GRTST 24HR  0.56 ON 22-22      TO 1/4 MILE OR LESS
LOWEST:     39 ON  1                               3 = THUNDER
                        SNOW, ICE PELLETS, HAIL    4 = ICE PELLETS
                        TOTAL MONTH:   0.0 INCH    5 = HAIL
                        GRTST 24HR     0.0         6 = FREEZING RAIN OR DRIZZLE
                        GRTST DEPTH:   0           7 = DUSTSTORM OR SANDSTORM:
                                                       VSBY 1/2 MILE OR LESS
                                                   8 = SMOKE OR HAZE
[NO. OF DAYS WITH]      [WEATHER - DAYS WITH]      9 = BLOWING SNOW
                                                   X = TORNADO
MAX 32 OR BELOW:   0    0.01 INCH OR MORE:   8
MAX 90 OR ABOVE:   0    0.10 INCH OR MORE:   5
MIN 32 OR BELOW:   0    0.50 INCH OR MORE:   1
MIN  0 OR BELOW:   0    1.00 INCH OR MORE:   0

[HDD (BASE 65) ]
TOTAL THIS MO.    89    CLEAR  (SCALE 0-3)   3
DPTR FM NORMAL  -159    PTCLDY (SCALE 4-7)  19
TOTAL FM JUL 1  6215    CLOUDY (SCALE 8-10)  4
DPTR FM NORMAL  -336

[CDD (BASE 65) ]
TOTAL THIS MO.    31
DPTR FM NORMAL    14    [PRESSURE DATA]
TOTAL FM JAN 1    31    HIGHEST SLP M ON M
DPTR FM NORMAL    10    LOWEST  SLP 29.60 ON  4

[REMARKS]
