000
CXUS54 KTSA 281052
CF6RVS
PRELIMINARY LOCAL CLIMATOLOGICAL DATA (WS FORM: F-6)
STATION: TULSA-RIVERSIDE OKLAHOMA
MONTH: MARCH
YEAR: 2024
LATITUDE: 36 2 N
LONGITUDE: 95 59 W
TEMPERATURE IN F: :PCPN: SNOW: WIND :SUNSHINE: SKY :PK WND
================================================================================
1 2 3 4 5 6A 6B 7 8 9 10 11 12 13 14 15 16 17 18
12Z AVG MX 2MIN
DY MAX MIN AVG DEP HDD CDD WTR SNW DPTH SPD SPD DIR MIN PSBL S-S WX SPD DR
================================================================================
1 60 36 48 1 17 0 0.00 0.0 M 5.9 15 180 M M 4 22 170
2 81 39 60 12 5 0 0.00 0.0 M 11.4 23 180 M M 0 31 180
3 80 60 70 22 0 5 0.00 0.0 M 12.0 23 200 M M 0 34 180
4 80 54 67 19 0 2 0.00 0.0 M 10.0 25 200 M M 3 37 170
5 67 45 56 7 9 0 0.00 0.0 M 10.0 18 40 M M 1 25 40
6 68 49 59 10 6 0 0.00 0.0 M 4.4 14 30 M M 5 18 30
7 75 56 66 17 0 1 0.16 0.0 M 9.1 22 180 M M 4 13 34 180
8 60 39 50 0 15 0 0.70 0.0 M 8.6 17 10 M M 8 18 30 10
9 56 37 47 -3 18 0 T 0.0 M 6.9 18 10 M M 3 1 27 10
10 67 31 49 -1 16 0 0.00 0.0 M 3.0 13 200 M M 0 18 180
11 71 36 54 3 11 0 0.00 0.0 M 7.9 20 180 M M 0 31 190
12 77 44 61 10 4 0 0.00 0.0 M 10.4 25 190 M M 0 8 36 200
13 79 51 65 14 0 0 0.00 0.0 M 9.6 22 170 M M 2 13 36 160
14 80 65 73 21 0 8 0.29 0.0 M 7.8 18 200 M M 3 13 28 200
15 63 54 59 7 6 0 0.00 0.0 M 10.0 12 10 M M 3 25 10
16 63 63 63 11 2 0 0.00 0.0 M 0.0 M M M M 0 M M
17 63 48 56 3 9 0 M M M 10.9 16 20 M M 0 27 10
18 50 36 43 -10 22 0 M M M 8.8 14 360 M M 1 22 360
19 73 36 55 1 10 0 M M M 10.1 16 200 M M 0 27 220
20 75 46 61 7 4 0 M M M 6.2 15 220 M M 2 23 220
21 64 50 57 3 8 0 M M M 6.1 12 170 M M 9 M M
22 68 52 60 6 5 0 M 0.0 M 8.7 16 10 M M 7 29 360
23 61 54 58 3 7 0 M 0.0 M 5.9 9 170 M M 0 M M
24 63 50 57 2 8 0 M 0.0 M 13.3 17 160 M M 7 33 160
25 63 39 51 -4 14 0 M M M 10.4 13 160 M M 3 32 160
26 52 33 43 -13 22 0 0.00 0.0 M 5.8 14 280 M M 3 27 290
27 55 32 44 -12 21 0 0.00 0.0 M 4.6 10 190 M M 2 8 15 20
================================================================================
SM 1814 1235 239 16 1.15 0.0 217.8 M 70
================================================================================
AV 67.2 45.7 8.1 FASTST M M 3 MAX(MPH)
MISC ----> # 25 200 37 170
================================================================================
NOTES:
# LAST OF SEVERAL OCCURRENCES
COLUMN 17 PEAK WIND IN M.P.H.
PRELIMINARY LOCAL CLIMATOLOGICAL DATA (WS FORM: F-6) , PAGE 2
STATION: TULSA-RIVERSIDE OKLAHOMA
MONTH: MARCH
YEAR: 2024
LATITUDE: 36 2 N
LONGITUDE: 95 59 W
[TEMPERATURE DATA] [PRECIPITATION DATA] SYMBOLS USED IN COLUMN 16
AVERAGE MONTHLY: 56.5 TOTAL FOR MONTH: 1.15 1 = FOG OR MIST
DPTR FM NORMAL: 4.8 DPTR FM NORMAL: -1.61 2 = FOG REDUCING VISIBILITY
HIGHEST: 81 ON 2 GRTST 24HR 0.70 ON 8- 8 TO 1/4 MILE OR LESS
LOWEST: 31 ON 10 3 = THUNDER
SNOW, ICE PELLETS, HAIL 4 = ICE PELLETS
TOTAL MONTH: 0.0 INCH 5 = HAIL
GRTST 24HR 0.0 6 = FREEZING RAIN OR DRIZZLE
GRTST DEPTH: M ON M 7 = DUSTSTORM OR SANDSTORM:
VSBY 1/2 MILE OR LESS
8 = SMOKE OR HAZE
[NO. OF DAYS WITH] [WEATHER - DAYS WITH] 9 = BLOWING SNOW
X = TORNADO
MAX 32 OR BELOW: 0 0.01 INCH OR MORE: 3
MAX 90 OR ABOVE: 0 0.10 INCH OR MORE: 3
MIN 32 OR BELOW: 2 0.50 INCH OR MORE: 1
MIN 0 OR BELOW: 0 1.00 INCH OR MORE: 0
[HDD (BASE 65) ]
TOTAL THIS MO. 239 CLEAR (SCALE 0-3) 18
DPTR FM NORMAL -131 PTCLDY (SCALE 4-7) 8
TOTAL FM JUL 1 2820 CLOUDY (SCALE 8-10) 1
DPTR FM NORMAL -313
[CDD (BASE 65) ]
TOTAL THIS MO. 16
DPTR FM NORMAL 7 [PRESSURE DATA]
TOTAL FM JAN 1 16 HIGHEST SLP M ON M
DPTR FM NORMAL 5 LOWEST SLP 29.62 ON 13
[REMARKS]