000
CXUS53 KIWX 190810
CF6SBN
PRELIMINARY LOCAL CLIMATOLOGICAL DATA (WS FORM: F-6)
STATION: SOUTH BEND
MONTH: APRIL
YEAR: 2024
LATITUDE: 41 42 N
LONGITUDE: 86 19 W
TEMPERATURE IN F: :PCPN: SNOW: WIND :SUNSHINE: SKY :PK WND
================================================================================
1 2 3 4 5 6A 6B 7 8 9 10 11 12 13 14 15 16 17 18
12Z AVG MX 2MIN
DY MAX MIN AVG DEP HDD CDD WTR SNW DPTH SPD SPD DIR MIN PSBL S-S WX SPD DR
================================================================================
1 53 44 49 7 16 0 1.16 0.0 0 10.7 21 100 M M 10 138 30 80
2 59 37 48 5 17 0 0.10 0.0 0 14.3 26 250 M M 10 1 40 240
3 40 35 38 -5 27 0 0.24 T 0 13.3 23 210 M M 10 1 33 220
4 43 36 40 -4 25 0 0.03 0.0 0 12.5 21 300 M M 10 1 28 290
5 49 31 40 -4 25 0 T 0.0 0 10.4 21 350 M M 6 30 350
6 57 26 42 -2 23 0 0.00 0.0 0 4.9 14 350 M M 0 20 340
7 59 34 47 2 18 0 0.20 0.0 0 12.3 32 130 M M 5 38 46 120
8 74 44 59 14 6 0 0.00 0.0 0 10.1 25 220 M M 1 35 210
9 71 46 59 13 6 0 0.00 0.0 0 9.5 22 270 M M 0 30 260
10 68 38 53 7 12 0 T 0.0 0 4.3 20 110 M M 2 8 25 110
11 54 46 50 4 15 0 0.74 0.0 0 12.5 22 340 M M 10 1 30 350
12 61 42 52 5 13 0 0.01 0.0 0 14.4 33 320 M M 8 1 44 330
13 67 36 52 5 13 0 0.00 0.0 0 9.5 17 280 M M 0 26 280
14 76 50 63 15 2 0 0.00 0.0 0 12.1 22 320 M M 0 32 280
15 75 49 62 14 3 0 0.00 0.0 0 6.8 17 350 M M 0 23 20
16 79 51 65 17 0 0 0.15 0.0 0 14.0 26 120 M M 2 35 100
17 73 54 64 15 1 0 0.15 0.0 M 15.6 33 250 M M 9 13 45 240
18 64 44 54 5 11 0 0.55 0.0 0 8.0 21 360 M M 5 13 26 10
================================================================================
SM 1122 743 233 0 3.33 T 195.2 M 88
================================================================================
AV 62.3 41.3 10.8 FASTST M M 5 MAX(MPH)
MISC ----> # 33 320 46 120
================================================================================
NOTES:
# LAST OF SEVERAL OCCURRENCES
COLUMN 17 PEAK WIND IN M.P.H.
PRELIMINARY LOCAL CLIMATOLOGICAL DATA (WS FORM: F-6) , PAGE 2
STATION: SOUTH BEND
MONTH: APRIL
YEAR: 2024
LATITUDE: 41 42 N
LONGITUDE: 86 19 W
[TEMPERATURE DATA] [PRECIPITATION DATA] SYMBOLS USED IN COLUMN 16
AVERAGE MONTHLY: 51.8 TOTAL FOR MONTH: 3.33 1 = FOG OR MIST
DPTR FM NORMAL: 6.0 DPTR FM NORMAL: 1.36 2 = FOG REDUCING VISIBILITY
HIGHEST: 79 ON 16 GRTST 24HR 1.50 ON 31- 1 TO 1/4 MILE OR LESS
LOWEST: 26 ON 6 3 = THUNDER
SNOW, ICE PELLETS, HAIL 4 = ICE PELLETS
TOTAL MONTH: T 5 = HAIL
GRTST 24HR T ON 3- 3 6 = FREEZING RAIN OR DRIZZLE
GRTST DEPTH: 0 7 = DUSTSTORM OR SANDSTORM:
VSBY 1/2 MILE OR LESS
8 = SMOKE OR HAZE
[NO. OF DAYS WITH] [WEATHER - DAYS WITH] 9 = BLOWING SNOW
X = TORNADO
MAX 32 OR BELOW: 0 0.01 INCH OR MORE: 10
MAX 90 OR ABOVE: 0 0.10 INCH OR MORE: 8
MIN 32 OR BELOW: 2 0.50 INCH OR MORE: 3
MIN 0 OR BELOW: 0 1.00 INCH OR MORE: 1
[HDD (BASE 65) ]
TOTAL THIS MO. 233 CLEAR (SCALE 0-3) 8
DPTR FM NORMAL -116 PTCLDY (SCALE 4-7) 3
TOTAL FM JUL 1 4712 CLOUDY (SCALE 8-10) 7
DPTR FM NORMAL -1250
[CDD (BASE 65) ]
TOTAL THIS MO. 0
DPTR FM NORMAL 0 [PRESSURE DATA]
TOTAL FM JAN 1 0 HIGHEST SLP M ON M
DPTR FM NORMAL -2 LOWEST SLP 29.22 ON 2
[REMARKS]