000
CXAK56 PAFC 201453 RRB
CF6SNP

PRELIMINARY LOCAL CLIMATOLOGICAL DATA (WS FORM: F-6)

                                          STATION:   SAINT PAUL ISLAND
                                          MONTH:     APRIL
                                          YEAR:      2018
                                          LATITUDE:   57  9 N
                                          LONGITUDE: 170 13 W

  TEMPERATURE IN F:       :PCPN:    SNOW:  WIND      :SUNSHINE: SKY     :PK WND
================================================================================
1   2   3   4   5  6A  6B    7    8   9   10  11  12  13   14  15   16   17  18
                                     12Z  AVG MX 2MIN
DY MAX MIN AVG DEP HDD CDD  WTR  SNW DPTH SPD SPD DIR MIN PSBL S-S WX    SPD DR
================================================================================

 1  42  32  37  11  28   0 0.00  0.0    0 24.2 32  80   M    M   1 1      38  80
 2  41  32  37  11  28   0 0.00  0.0    0 22.1 30  70   M    M   5 1      36  60
 3  42  29  36  10  29   0 0.00  0.0    0 15.8 25  90   M    M   5        25  80
 4  33  25  29   3  36   0    T    M    0 16.6 25  30   M    M   9        31  40
 5  31  23  27   0  38   0 0.05    M    M  6.5 15 320   M    M   9 1       M  M
 6  34  21  28   1  37   0 0.18    M    M 12.8 29 100   M    M   9 12     37 110
 7  34  28  31   4  34   0    T    M    M 21.1 32  80   M    M  10        39  80
 8  35  28  32   5  33   0 0.00  0.0    M 12.6 28 140   M    M  10        32 150
 9  41  33  37   9  28   0 0.13    T    0 14.6 25 130   M    M   7 1      35 140
10  44  26  35   7  30   0 0.00  0.0    0  8.7 18 260   M    M   4 1      22 280
11  42  27  35   7  30   0 0.01  0.0    0  7.0 15 350   M    M   8 1      21 340
12  43  30  37   9  28   0    T  0.0    0 12.4 20 330   M    M   9        24 320
13  42  30  36   8  29   0 0.01    T    T  7.6 20 140   M    M   9 1      24 130
14  41  37  39  10  26   0 0.40  0.0    0 21.1 30 150   M    M  10 12     39 150
15  43  33  38   9  27   0 0.10    T    0 26.0 38 230   M    M   7 1      60 230
16  40  33  37   8  28   0 0.07    T    0 21.1 35 130   M    M  10 1      48 140
17  42  36  39   9  26   0 0.09  0.0    0 15.2 36 140   M    M  10 1      45 130
18  41  35  38   8  27   0 0.02  0.0    0 15.3 25  50   M    M  10 1      30  60
19  42  32  37   7  28   0 0.01    M    0 10.5 17  10   M    M  10 1      20  10
================================================================================
SM  753  570       570   0  1.07    T    291.2          M      152
================================================================================
AV 39.6 30.0                              15.3 FASTST   M    M   8    MAX(MPH)
                                 MISC ---->  # 38 230               # 60  230
================================================================================
NOTES:
# LAST OF SEVERAL OCCURRENCES

COLUMN 17 PEAK WIND IN M.P.H.

PRELIMINARY LOCAL CLIMATOLOGICAL DATA (WS FORM: F-6) , PAGE 2

                                          STATION:  SAINT PAUL ISLAND
                                          MONTH:    APRIL
                                          YEAR:     2018
                                          LATITUDE:   57  9 N
                                          LONGITUDE: 170 13 W

[TEMPERATURE DATA]      [PRECIPITATION DATA]       SYMBOLS USED IN COLUMN 16

AVERAGE MONTHLY: 34.8   TOTAL FOR MONTH:   1.07    1 = FOG OR MIST
DPTR FM NORMAL:   7.0   DPTR FM NORMAL:    0.39    2 = FOG REDUCING VISIBILITY
HIGHEST:    44 ON 10    GRTST 24HR  0.40 ON 14-14      TO 1/4 MILE OR LESS
LOWEST:     21 ON  6                               3 = THUNDER
                        SNOW, ICE PELLETS, HAIL    4 = ICE PELLETS
                        TOTAL MONTH:    T          5 = HAIL
                        GRTST 24HR    T  ON 16-16  6 = FREEZING RAIN OR DRIZZLE
                        GRTST DEPTH:   T           7 = DUSTSTORM OR SANDSTORM:
                                                       VSBY 1/2 MILE OR LESS
                                                   8 = SMOKE OR HAZE
[NO. OF DAYS WITH]      [WEATHER - DAYS WITH]      9 = BLOWING SNOW
                                                   X = TORNADO
MAX 32 OR BELOW:   1    0.01 INCH OR MORE:  11
MAX 90 OR ABOVE:   0    0.10 INCH OR MORE:   4
MIN 32 OR BELOW:  13    0.50 INCH OR MORE:   0
MIN  0 OR BELOW:   0    1.00 INCH OR MORE:   0

[HDD (BASE 65) ]
TOTAL THIS MO.   570    CLEAR  (SCALE 0-3)   1
DPTR FM NORMAL  -134    PTCLDY (SCALE 4-7)   6
TOTAL FM JUL 1  7540    CLOUDY (SCALE 8-10) 12
DPTR FM NORMAL -1326

[CDD (BASE 65) ]
TOTAL THIS MO.     0
DPTR FM NORMAL     0    [PRESSURE DATA]
TOTAL FM JAN 1     0    HIGHEST SLP M ON M
DPTR FM NORMAL     0    LOWEST  SLP 28.76 ON 17

[REMARKS]
