000
CXUS51 KILN 240541
CF6VTA
PRELIMINARY LOCAL CLIMATOLOGICAL DATA (WS FORM: F-6)
STATION: NEWARK
MONTH: APRIL
YEAR: 2024
LATITUDE: 40 1 N
LONGITUDE: 82 28 W
TEMPERATURE IN F: :PCPN: SNOW: WIND :SUNSHINE: SKY :PK WND
================================================================================
1 2 3 4 5 6A 6B 7 8 9 10 11 12 13 14 15 16 17 18
12Z AVG MX 2MIN
DY MAX MIN AVG DEP HDD CDD WTR SNW DPTH SPD SPD DIR MIN PSBL S-S WX SPD DR
================================================================================
1 63 49 56 8 9 0 1.39 M M 6.0 15 320 M M 9 13 24 20
2 68 54 61 13 4 0 2.27 M M 6.3 24 310 M M 9 13 40 310
3 63 37 50 2 15 0 0.01 M M 12.6 30 250 M M 9 1 41 250
4 50 34 42 -7 23 0 0.19 M M 9.6 22 310 M M M 18 33 310
5 46 37 42 -7 23 0 T M M 8.8 18 310 M M M 32 340
6 54 34 44 -6 21 0 0.00 M M 5.4 16 320 M M M 24 310
7 62 28 45 -5 20 0 T M M 3.1 13 110 M M M 20 70
8 75 48 62 12 3 0 0.02 M M 4.5 14 250 M M M 20 230
9 72 49 61 10 4 0 T M M 7.3 18 220 M M M 26 220
10 64 57 61 10 4 0 0.18 M M 5.6 13 220 M M M 17 21
11 67 51 59 7 6 0 1.16 M M 6.0 26 290 M M M 38 280
12 59 49 54 2 11 0 0.07 M M 17.6 32 290 M M M 48 290
13 64 44 54 2 11 0 0.00 M M 10.5 23 270 M M M 32 260
14 81 40 61 8 4 0 0.00 M M 10.9 30 230 M M M 45 230
15 78 52 65 12 0 0 0.00 M M 3.9 13 310 M M 1 18 360
16 83 44 64 11 1 0 0.00 M M 3.1 12 180 M M 0 16 180
17 80 56 68 14 0 3 1.03 M M 11.2 31 190 M M 6 13 47 200
18 74 53 64 10 1 0 0.00 M M 3.3 17 270 M M 3 24 260
19 64 50 57 3 8 0 0.01 M M 9.5 20 230 M M 6 29 250
20 56 38 47 -8 18 0 0.00 M M 9.9 23 300 M M 4 36 290
21 50 35 43 -12 22 0 0.00 M M 4.7 17 290 M M 6 23 290
22 61 29 45 -11 20 0 0.00 M M 2.2 13 230 M M 0 17 260
23 68 38 53 -3 12 0 0.08 M M 8.4 28 260 M M 4 1 41 260
================================================================================
SM 1502 1006 240 3 6.41 M 170.4 M 57
================================================================================
AV 65.3 43.7 7.4 FASTST M M 5 MAX(MPH)
MISC ----> 32 290 48 290
================================================================================
NOTES:
# LAST OF SEVERAL OCCURRENCES
COLUMN 17 PEAK WIND IN M.P.H.
PRELIMINARY LOCAL CLIMATOLOGICAL DATA (WS FORM: F-6) , PAGE 2
STATION: NEWARK
MONTH: APRIL
YEAR: 2024
LATITUDE: 40 1 N
LONGITUDE: 82 28 W
[TEMPERATURE DATA] [PRECIPITATION DATA] SYMBOLS USED IN COLUMN 16
AVERAGE MONTHLY: 54.5 TOTAL FOR MONTH: 6.41 1 = FOG OR MIST
DPTR FM NORMAL: 2.7 DPTR FM NORMAL: 3.51 2 = FOG REDUCING VISIBILITY
HIGHEST: 83 ON 16 GRTST 24HR 2.27 ON 1- 2 TO 1/4 MILE OR LESS
LOWEST: 28 ON 7 3 = THUNDER
SNOW, ICE PELLETS, HAIL 4 = ICE PELLETS
TOTAL MONTH: M 5 = HAIL
GRTST 24HR M ON M 6 = FREEZING RAIN OR DRIZZLE
GRTST DEPTH: M ON M 7 = DUSTSTORM OR SANDSTORM:
VSBY 1/2 MILE OR LESS
8 = SMOKE OR HAZE
[NO. OF DAYS WITH] [WEATHER - DAYS WITH] 9 = BLOWING SNOW
X = TORNADO
MAX 32 OR BELOW: 0 0.01 INCH OR MORE: 11
MAX 90 OR ABOVE: 0 0.10 INCH OR MORE: 6
MIN 32 OR BELOW: 2 0.50 INCH OR MORE: 4
MIN 0 OR BELOW: 0 1.00 INCH OR MORE: 4
[HDD (BASE 65) ]
TOTAL THIS MO. 240 CLEAR (SCALE 0-3) 3
DPTR FM NORMAL -70 PTCLDY (SCALE 4-7) 6
TOTAL FM JUL 1 2654 CLOUDY (SCALE 8-10) 14
DPTR FM NORMAL -2367
[CDD (BASE 65) ]
TOTAL THIS MO. 3
DPTR FM NORMAL 3 [PRESSURE DATA]
TOTAL FM JAN 1 3 HIGHEST SLP M ON M
DPTR FM NORMAL 2 LOWEST SLP 29.25 ON 11
[REMARKS]