000
CXUS51 KPBZ 012043
CLAPHD
CLIMATE REPORT
NATIONAL WEATHER SERVICE PITTSBURGH PA
343 PM EST MON JAN 01 2024
...................................
...THE NEW PHILADELPHIA OH CLIMATE SUMMARY FOR THE YEAR OF 2023...
CLIMATE NORMAL PERIOD 1991 TO 2020
CLIMATE RECORD PERIOD 1948 TO 2023
WEATHER OBSERVED NORMAL DEPART LAST YEAR`S
VALUE DATE(S) VALUE FROM VALUE DATE(S)
NORMAL
................................................................
TEMPERATURE (F)
RECORD
HIGH 102 07/17/1988
LOW -22 01/19/1994
01/20/1994
HIGHEST 92 06/03 MM MM 95 06/22
LOWEST 8 02/03 MM MM -11 01/27
02/04
AVG. MAXIMUM 64.4 61.9 2.5 62.5
AVG. MINIMUM 43.6 41.6 2.0 41.7
MEAN 54.0 51.8 2.2 52.1
DAYS MAX >= 90 4 13.4 -9.4 10
DAYS MAX <= 32 7 30.4 -23.4 38
DAYS MIN <= 32 100 119.8 -19.8 118
DAYS MIN <= 0 0 3.8 -3.8 8
PRECIPITATION (INCHES)
RECORD
MAXIMUM 56.33 2011
MINIMUM 30.02
TOTALS 41.25 38.67 2.58 39.75
DAILY AVG. 0.11 0.11 0.00 0.11
DAYS >= .01 139 166.0 -27.0 138
DAYS >= .10 82 81.0 1.0 77
DAYS >= .50 27 25.7 1.3 28
DAYS >= 1.00 7 7.3 -0.3 9
DAYS >= %-5.2F 2 1
GREATEST
24 HR. TOTAL 3.80 07/28 TO 07/29
STORM TOTAL 3.55
(MM/DD(HH))
DEGREE DAYS
HEATING TOTAL 4609 5569 -960 5486
SINCE 7/1 1752 2115 -363 MM
COOLING TOTAL 716 779 -63 908
SINCE 1/1 716 780 -64 MM
FREEZE DATES
RECORD
EARLIEST MM
LATEST MM
EARLIEST 10/23
LATEST 04/27
................................................................
WIND (MPH)
AVERAGE WIND SPEED 4.7
HIGHEST WIND SPEED/DIRECTION 38/240 DATE 03/25
HIGHEST GUST SPEED/DIRECTION 60/220 DATE 03/25
AVERAGE RH (PERCENT) 70
WEATHER CONDITIONS. NUMBER OF DAYS WITH
THUNDERSTORM 33 MIXED PRECIP 3
HEAVY RAIN 35 RAIN 66
LIGHT RAIN 147 FREEZING RAIN 0
LT FREEZING RAIN 0 HAIL 0
HEAVY SNOW 0 SNOW 3
LIGHT SNOW 25 SLEET 0
FOG 217 FOG W/VIS <= 1/4 MILE 50
HAZE 60
- INDICATES NEGATIVE NUMBERS.
R INDICATES RECORD WAS SET OR TIED.
MM INDICATES DATA IS MISSING.
T INDICATES TRACE AMOUNT.
$$