000
CDUS41 KBTV 240547
CLI1V4


CLIMATE REPORT
NATIONAL WEATHER SERVICE BURLINGTON VT
146 AM EDT TUE APR 24 2018


...................................

...THE ST. JOHNSBURY VT CLIMATE SUMMARY FOR APRIL 23 2018...

CLIMATE NORMAL PERIOD 1981 TO 2010
CLIMATE RECORD PERIOD 1894 TO 2018


WEATHER ITEM   OBSERVED TIME   RECORD YEAR NORMAL DEPARTURE LAST
                VALUE   (LST)  VALUE       VALUE  FROM      YEAR
                                                  NORMAL
..................................................................
TEMPERATURE (F)
 YESTERDAY
  MAXIMUM         66        MM  83    2007  60      6       65
  MINIMUM         25        MM  18    1933  36    -11       35
  AVERAGE         46                        48     -2       50

PRECIPITATION (IN)
  YESTERDAY        0.00          0.90 2005   0.10  -0.10     0.00
  MONTH TO DATE    2.80                      2.16   0.64     2.69
  SINCE MAR 1      4.71                      4.67   0.04     6.14
  SINCE JAN 1     10.29                      9.35   0.94    11.88

DEGREE DAYS
 HEATING
  YESTERDAY       19                        17      2       15
  MONTH TO DATE  689                       509    180      470
  SINCE MAR 1   1768                      1585    183     1716
  SINCE JUL 1   7285                      7309    -24     6729

 COOLING
  YESTERDAY        0                         0      0        0
  MONTH TO DATE    0                         0      0        0
  SINCE MAR 1      0                         0      0        0
  SINCE JAN 1      0                         0      0        0
..................................................................


WIND (MPH)
  HIGHEST WIND SPEED    MM   HIGHEST WIND DIRECTION    MM
  HIGHEST GUST SPEED    MM   HIGHEST GUST DIRECTION    MM
  AVERAGE WIND SPEED    MM


SKY COVER
  AVERAGE SKY COVER 0.0


WEATHER CONDITIONS
 THE FOLLOWING WEATHER WAS RECORDED YESTERDAY.
  NO SIGNIFICANT WEATHER WAS OBSERVED.


RELATIVE HUMIDITY (PERCENT)
 HIGHEST    92           500 AM
 LOWEST     11           400 PM
 AVERAGE    52

..........................................................


THE ST. JOHNSBURY VT CLIMATE NORMALS FOR TODAY
                         NORMAL    RECORD    YEAR
 MAXIMUM TEMPERATURE (F)   61        81      2001
                                             1942
 MINIMUM TEMPERATURE (F)   36        21      1930


SUNRISE AND SUNSET
APRIL 24 2018.........SUNRISE   549 AM EDT   SUNSET   744 PM EDT
APRIL 25 2018.........SUNRISE   548 AM EDT   SUNSET   745 PM EDT


-  INDICATES NEGATIVE NUMBERS.
R  INDICATES RECORD WAS SET OR TIED.
MM INDICATES DATA IS MISSING.
T  INDICATES TRACE AMOUNT.




$$
