000
CDUS43 KUNR 250832
CLI2WX


CLIMATE REPORT
NATIONAL WEATHER SERVICE RAPID CITY SD
231 AM MDT WED APR 25 2018


...................................

...THE BUFFALO SD CLIMATE SUMMARY FOR APRIL 24 2018...

CLIMATE NORMAL PERIOD 1981 TO 2010
CLIMATE RECORD PERIOD 9999 TO 9999


WEATHER ITEM   OBSERVED TIME   NORMAL DEPARTURE LAST
                VALUE   (LST)  VALUE  FROM      YEAR
                                      NORMAL
......................................................
TEMPERATURE (F)
 YESTERDAY
  MAXIMUM         53    338 PM  59     -6       54
  MINIMUM         34    359 AM  34      0       33
  AVERAGE         44            46     -2       44

PRECIPITATION (IN)
  YESTERDAY        0.01          0.05  -0.04     0.01
  MONTH TO DATE    1.42          1.09   0.33     3.19
  SINCE MAR 1      2.60          1.86   0.74     4.70
  SINCE JAN 1      4.08          2.43   1.65     5.00

DEGREE DAYS
 HEATING
  YESTERDAY       21            19      2       21
  MONTH TO DATE  732           546    186      429
  SINCE MAR 1   1888          1552    336     1269
  SINCE JUL 1   7823          7349    474     6620

 COOLING
  YESTERDAY        0             0      0        0
  MONTH TO DATE    0             0      0        0
  SINCE MAR 1      0             0      0        0
  SINCE JAN 1      0             0      0        0
......................................................


WIND (MPH)
  HIGHEST WIND SPEED    30   HIGHEST WIND DIRECTION     N (10)
  HIGHEST GUST SPEED    36   HIGHEST GUST DIRECTION     N (20)
  AVERAGE WIND SPEED    10.2




RELATIVE HUMIDITY (PERCENT)
 HIGHEST    92           100 AM
 LOWEST     26           500 PM
 AVERAGE    59

..........................................................




SUNRISE AND SUNSET
APRIL 25 2018.........SUNRISE   551 AM MDT   SUNSET   754 PM MDT
APRIL 26 2018.........SUNRISE   550 AM MDT   SUNSET   755 PM MDT


-  INDICATES NEGATIVE NUMBERS.
R  INDICATES RECORD WAS SET OR TIED.
MM INDICATES DATA IS MISSING.
T  INDICATES TRACE AMOUNT.




$$
