000
CDUS43 KABR 240733
CLI8D3


CLIMATE REPORT
NATIONAL WEATHER SERVICE ABERDEEN SD
231 AM CDT THU MAY 24 2018


...................................

...THE SISSETON SD CLIMATE SUMMARY FOR MAY 23 2018...

CLIMATE NORMAL PERIOD 1981 TO 2010
CLIMATE RECORD PERIOD 1900 TO 2018


WEATHER ITEM   OBSERVED TIME   RECORD YEAR NORMAL DEPARTURE LAST
                VALUE   (LST)  VALUE       VALUE  FROM      YEAR
                                                  NORMAL
..................................................................
TEMPERATURE (F)
 YESTERDAY
  MAXIMUM         77    201 PM  89    2006  72      5       58
  MINIMUM         57    242 AM  30    2002  48      9       41
  AVERAGE         67                        60      7       50

PRECIPITATION (IN)
  YESTERDAY        0.24          1.83 1962   0.08   0.16     0.04
  MONTH TO DATE    1.02                      2.02  -1.00     1.09
  SINCE MAR 1      3.30                      5.42  -2.12     2.92
  SINCE JAN 1      4.40                      6.28  -1.88     4.12

DEGREE DAYS
 HEATING
  YESTERDAY        0                         6     -6       15
  MONTH TO DATE  126                       219    -93      189
  SINCE MAR 1   2138                      1919    219     1839
  SINCE JUL 1   8235                      8178     57     7103

 COOLING
  YESTERDAY        2                         1      1        0
  MONTH TO DATE   39                        14     25       16
  SINCE MAR 1     39                        15     24       16
  SINCE JAN 1     39                        15     24       16
..................................................................


WIND (MPH)
  HIGHEST WIND SPEED    29   HIGHEST WIND DIRECTION    SE (150)
  HIGHEST GUST SPEED    37   HIGHEST GUST DIRECTION     S (160)
  AVERAGE WIND SPEED    12.9


SKY COVER
  POSSIBLE SUNSHINE  MM
  AVERAGE SKY COVER 0.0


WEATHER CONDITIONS
 THE FOLLOWING WEATHER WAS RECORDED YESTERDAY.
  NO SIGNIFICANT WEATHER WAS OBSERVED.


RELATIVE HUMIDITY (PERCENT)
 HIGHEST    93           700 AM
 LOWEST     69           200 PM
 AVERAGE    81

..........................................................


THE SISSETON SD CLIMATE NORMALS FOR TODAY
                         NORMAL    RECORD    YEAR
 MAXIMUM TEMPERATURE (F)   72        90      2010
 MINIMUM TEMPERATURE (F)   48        26      2002


SUNRISE AND SUNSET
MAY 24 2018...........SUNRISE   548 AM CDT   SUNSET   903 PM CDT
MAY 25 2018...........SUNRISE   547 AM CDT   SUNSET   904 PM CDT


-  INDICATES NEGATIVE NUMBERS.
R  INDICATES RECORD WAS SET OR TIED.
MM INDICATES DATA IS MISSING.
T  INDICATES TRACE AMOUNT.




$$
