000
CDUS42 KTAE 260634
CLIABY


CLIMATE REPORT
NATIONAL WEATHER SERVICE TALLAHASSEE FL
231 AM EDT THU APR 26 2018


...................................

...THE ALBANY CLIMATE SUMMARY FOR APRIL 25 2018...

CLIMATE NORMAL PERIOD 1981 TO 2010
CLIMATE RECORD PERIOD 1930 TO 2018


WEATHER ITEM   OBSERVED TIME   RECORD YEAR NORMAL DEPARTURE LAST
                VALUE   (LST)  VALUE       VALUE  FROM      YEAR
                                                  NORMAL
..................................................................
TEMPERATURE (F)
 YESTERDAY
  MAXIMUM         78    232 PM  92    1958  82     -4       82
  MINIMUM         55    617 AM  37    1986  56     -1       57
  AVERAGE         67                        69     -2       70

PRECIPITATION (IN)
  YESTERDAY        0.00                      0.09  -0.09     0.00
  MONTH TO DATE    3.81                      3.25   0.56     2.13
  SINCE MAR 1      7.00                      8.30  -1.30     3.35
  SINCE JAN 1     15.11                     17.28  -2.17    15.17

SNOWFALL (IN)
  YESTERDAY        0.0
  MONTH TO DATE    0.0
  SINCE MAR 1      0.0
  SINCE JUL 1      0.1

DEGREE DAYS
 HEATING
  YESTERDAY        0                         1     -1        0
  MONTH TO DATE   61                        62     -1       26
  SINCE MAR 1    295                       271     24      189
  SINCE JUL 1   1541                      1831   -290      992

 COOLING
  YESTERDAY        2                         5     -3        5
  MONTH TO DATE   42                        76    -34      140
  SINCE MAR 1     85                       105    -20      217
  SINCE JAN 1    168                       114     54      255
..................................................................


WIND (MPH)
  HIGHEST WIND SPEED    17   HIGHEST WIND DIRECTION    NW (310)
  HIGHEST GUST SPEED    22   HIGHEST GUST DIRECTION     W (270)
  AVERAGE WIND SPEED     6.9




RELATIVE HUMIDITY (PERCENT)
 HIGHEST   100
 LOWEST     50
 AVERAGE    75

..........................................................


THE ALBANY CLIMATE NORMALS FOR TODAY
                         NORMAL    RECORD    YEAR
 MAXIMUM TEMPERATURE (F)   82        91      1958
 MINIMUM TEMPERATURE (F)   56        39      1968


SUNRISE AND SUNSET
APRIL 26 2018.........SUNRISE   656 AM EDT   SUNSET   813 PM EDT
APRIL 27 2018.........SUNRISE   655 AM EDT   SUNSET   814 PM EDT


-  INDICATES NEGATIVE NUMBERS.
R  INDICATES RECORD WAS SET OR TIED.
MM INDICATES DATA IS MISSING.
T  INDICATES TRACE AMOUNT.




$$
