080
CDUS44 KFWD 220643
CLIACT


CLIMATE REPORT
NATIONAL WEATHER SERVICE FORT WORTH TX
142 AM CDT TUE MAY 22 2018


...................................

...THE WACO CLIMATE SUMMARY FOR MAY 21 2018...

CLIMATE NORMAL PERIOD 1981 TO 2010
CLIMATE RECORD PERIOD 1901 TO 2018


WEATHER ITEM   OBSERVED TIME   RECORD YEAR NORMAL DEPARTURE LAST
                VALUE   (LST)  VALUE       VALUE  FROM      YEAR
                                                  NORMAL
..................................................................
TEMPERATURE (F)
 YESTERDAY
  MAXIMUM         88    342 PM  99    2005  86      2       75
  MINIMUM         65    552 AM  52    2002  65      0       56
                                      1947
  AVERAGE         77                        76      1       66

PRECIPITATION (IN)
  YESTERDAY        0.00          3.08 1905   0.14  -0.14     1.01
  MONTH TO DATE    2.94                      2.87   0.07     1.85
  SINCE MAR 1      5.94                      8.71  -2.77    12.20
  SINCE JAN 1      8.37                     13.46  -5.09    18.36

DEGREE DAYS
 HEATING
  YESTERDAY        0                         0      0        0
  MONTH TO DATE    0                         4     -4        3
  SINCE MAR 1    285                       328    -43      159
  SINCE JUL 1   2088                      2140    -52     1335

 COOLING
  YESTERDAY       12                        11      1        1
  MONTH TO DATE  254                       176     78      171
  SINCE MAR 1    370                       321     49      402
  SINCE JAN 1    390                       330     60      460
..................................................................


WIND (MPH)
  HIGHEST WIND SPEED    18   HIGHEST WIND DIRECTION     S (170)
  HIGHEST GUST SPEED    23   HIGHEST GUST DIRECTION     S (170)
  AVERAGE WIND SPEED     5.8


SKY COVER
  POSSIBLE SUNSHINE  MM
  AVERAGE SKY COVER 0.4


WEATHER CONDITIONS
 THE FOLLOWING WEATHER WAS RECORDED YESTERDAY.
  FOG
  FOG W/VISIBILITY <= 1/4 MILE


RELATIVE HUMIDITY (PERCENT)
 HIGHEST   100           500 AM
 LOWEST     50           400 PM
 AVERAGE    75

..........................................................


THE WACO CLIMATE NORMALS FOR TODAY
                         NORMAL    RECORD    YEAR
 MAXIMUM TEMPERATURE (F)   87        99      2005
 MINIMUM TEMPERATURE (F)   66        47      2001


SUNRISE AND SUNSET
MAY 22 2018...........SUNRISE   628 AM CDT   SUNSET   823 PM CDT
MAY 23 2018...........SUNRISE   628 AM CDT   SUNSET   824 PM CDT


-  INDICATES NEGATIVE NUMBERS.
R  INDICATES RECORD WAS SET OR TIED.
MM INDICATES DATA IS MISSING.
T  INDICATES TRACE AMOUNT.




$$
